{"id":117,"date":"2010-09-15T13:38:25","date_gmt":"2010-09-15T11:38:25","guid":{"rendered":"http:\/\/eksm.de\/?page_id=117"},"modified":"2025-01-21T09:33:24","modified_gmt":"2025-01-21T08:33:24","slug":"behinderteneinrichtungen","status":"publish","type":"page","link":"https:\/\/eksm.de\/blog\/kirchenkreis\/einrichtungen\/behinderteneinrichtungen\/","title":{"rendered":"Behinderten\u2013Einrichtungen"},"content":{"rendered":"\n<p><\/p>\n\n\n\n<h3 class=\"wp-block-heading\">diakoniewert Bad Salzungen-Schmalkalden e. V.<\/h3>\n\n\n\n<h4 class=\"wp-block-heading\">Beratungsstelle Schmalkalden<\/h4>\n\n\n\n<p>Bahnhofstra\u00dfe 44<br>98574 Schmalkalden<br>Tel: 03683-403915<br>mobil: 0179 8807194<br>Fax: 03683-602269 <\/p>\n\n\n\n<p><a href=\"mailto:k.schmidt@diakoniewert.de\"><img loading=\"lazy\" decoding=\"async\" width=\"40\" height=\"20\" class=\"wp-image-1100\" style=\"width: 40px;\" src=\"http:\/\/eksm.de\/blog\/kirchenkreis\/wp-content\/uploads\/2010\/09\/Mail-Button.jpg\" alt=\"\" srcset=\"https:\/\/eksm.de\/blog\/kirchenkreis\/wp-content\/uploads\/2010\/09\/Mail-Button.jpg 343w, https:\/\/eksm.de\/blog\/kirchenkreis\/wp-content\/uploads\/2010\/09\/Mail-Button-300x147.jpg 300w\" sizes=\"auto, (max-width: 40px) 100vw, 40px\" \/><\/a><\/p>\n\n\n\n<h4 class=\"wp-block-heading\">Tagesst\u00e4tte f\u00fcr psychisch kranke \/ seelisch behinderte Menschen<\/h4>\n\n\n\n<p>Bahnhofstra\u00dfe 1<br>98574 Schmalkalden<br><br>Tel.: (0 36 83) 4 07 95 87<br>Fax: (0 36 83) 60 22 63 <\/p>\n\n\n\n<p><a href=\"mailto:u.eberlein@diakoniewert.de\"><img loading=\"lazy\" decoding=\"async\" width=\"40\" height=\"20\" class=\"wp-image-1100\" style=\"width: 40px;\" src=\"http:\/\/eksm.de\/blog\/kirchenkreis\/wp-content\/uploads\/2010\/09\/Mail-Button.jpg\" alt=\"\" srcset=\"https:\/\/eksm.de\/blog\/kirchenkreis\/wp-content\/uploads\/2010\/09\/Mail-Button.jpg 343w, https:\/\/eksm.de\/blog\/kirchenkreis\/wp-content\/uploads\/2010\/09\/Mail-Button-300x147.jpg 300w\" sizes=\"auto, (max-width: 40px) 100vw, 40px\" \/><\/a><\/p>\n\n\n\n<h4 class=\"wp-block-heading\">Werkstatt f\u00fcr psychisch kranke \/ seelisch behinderte Menschen, Fambach<\/h4>\n\n\n\n<p>Neue Wiese 16<br>98597 Fambach<br>Tel: 036848-4040<br>Fax: 036848-404109 <\/p>\n\n\n\n<p><a href=\"mailto:s.heymel@diakoniewert.de\"><img loading=\"lazy\" decoding=\"async\" width=\"40\" height=\"20\" class=\"wp-image-1100\" style=\"width: 40px;\" src=\"http:\/\/eksm.de\/blog\/kirchenkreis\/wp-content\/uploads\/2010\/09\/Mail-Button.jpg\" alt=\"\" srcset=\"https:\/\/eksm.de\/blog\/kirchenkreis\/wp-content\/uploads\/2010\/09\/Mail-Button.jpg 343w, https:\/\/eksm.de\/blog\/kirchenkreis\/wp-content\/uploads\/2010\/09\/Mail-Button-300x147.jpg 300w\" sizes=\"auto, (max-width: 40px) 100vw, 40px\" \/><\/a><\/p>\n\n\n\n<h4 class=\"wp-block-heading\">Werkstatt f\u00fcr psychisch kranke \/ seelisch behinderte Menschen, Trusetal<\/h4>\n\n\n\n<p>Im Beierstal 10<br>98596 Trusetal<\/p>\n\n\n\n<p>Tel.: 036840 840<br>Fax: 036840 8433<\/p>\n\n\n\n<p><a href=\"mailto:d.queck@diakoniewert.de\"><img loading=\"lazy\" decoding=\"async\" width=\"40\" height=\"20\" class=\"wp-image-1100\" style=\"width: 40px;\" src=\"http:\/\/eksm.de\/blog\/kirchenkreis\/wp-content\/uploads\/2010\/09\/Mail-Button.jpg\" alt=\"\" srcset=\"https:\/\/eksm.de\/blog\/kirchenkreis\/wp-content\/uploads\/2010\/09\/Mail-Button.jpg 343w, https:\/\/eksm.de\/blog\/kirchenkreis\/wp-content\/uploads\/2010\/09\/Mail-Button-300x147.jpg 300w\" sizes=\"auto, (max-width: 40px) 100vw, 40px\" \/><\/a><\/p>\n\n\n\n<p>Weitere Informationen finden Sie auf der Seite <a href=\"https:\/\/diakonie.eksm.de\/einrichtungen-in-schmalkalden\/diakonie\/behindertenhilfe\/\" data-type=\"URL\" data-id=\"https:\/\/diakonie.eksm.de\/einrichtungen-in-schmalkalden\/diakonie\/behindertenhilfe\/\" target=\"_blank\" rel=\"noreferrer noopener\">Kompass Schmalkalden \/ Behindertenhilfe<\/a><\/p>\n","protected":false},"excerpt":{"rendered":"<div class=\"mh-excerpt\"><p>diakoniewert Bad Salzungen-Schmalkalden e. V. Beratungsstelle Schmalkalden Bahnhofstra\u00dfe 4498574 SchmalkaldenTel: 03683-403915mobil: 0179 8807194Fax: 03683-602269 Tagesst\u00e4tte f\u00fcr psychisch kranke \/ seelisch behinderte Menschen Bahnhofstra\u00dfe 198574 Schmalkalden Tel.: (0 36 83) 4 07 95 87Fax: (0 36 <a class=\"mh-excerpt-more\" href=\"https:\/\/eksm.de\/blog\/kirchenkreis\/einrichtungen\/behinderteneinrichtungen\/\" title=\"Behinderten\u2013Einrichtungen\">[&#8230; weiterlesen]<\/a><\/p>\n<\/div>","protected":false},"author":2528,"featured_media":0,"parent":17,"menu_order":0,"comment_status":"closed","ping_status":"closed","template":"","meta":{"ngg_post_thumbnail":0,"footnotes":""},"class_list":["post-117","page","type-page","status-publish"],"_links":{"self":[{"href":"https:\/\/eksm.de\/blog\/kirchenkreis\/wp-json\/wp\/v2\/pages\/117","targetHints":{"allow":["GET"]}}],"collection":[{"href":"https:\/\/eksm.de\/blog\/kirchenkreis\/wp-json\/wp\/v2\/pages"}],"about":[{"href":"https:\/\/eksm.de\/blog\/kirchenkreis\/wp-json\/wp\/v2\/types\/page"}],"author":[{"embeddable":true,"href":"https:\/\/eksm.de\/blog\/kirchenkreis\/wp-json\/wp\/v2\/users\/2528"}],"replies":[{"embeddable":true,"href":"https:\/\/eksm.de\/blog\/kirchenkreis\/wp-json\/wp\/v2\/comments?post=117"}],"version-history":[{"count":3,"href":"https:\/\/eksm.de\/blog\/kirchenkreis\/wp-json\/wp\/v2\/pages\/117\/revisions"}],"predecessor-version":[{"id":4895,"href":"https:\/\/eksm.de\/blog\/kirchenkreis\/wp-json\/wp\/v2\/pages\/117\/revisions\/4895"}],"up":[{"embeddable":true,"href":"https:\/\/eksm.de\/blog\/kirchenkreis\/wp-json\/wp\/v2\/pages\/17"}],"wp:attachment":[{"href":"https:\/\/eksm.de\/blog\/kirchenkreis\/wp-json\/wp\/v2\/media?parent=117"}],"curies":[{"name":"wp","href":"https:\/\/api.w.org\/{rel}","templated":true}]}}

<p></p>



<h3 class="wp-block-heading">diakoniewert Bad Salzungen-Schmalkalden e. V.</h3>



<h4 class="wp-block-heading">Beratungsstelle Schmalkalden</h4>



<p>Bahnhofstraße 44<br>98574 Schmalkalden<br>Tel: 03683-403915<br>mobil: 0179 8807194<br>Fax: 03683-602269 </p>



<p><a href="mailto:k.schmidt@diakoniewert.de"><img loading="lazy" decoding="async" width="40" height="20" class="wp-image-1100" style="width: 40px;" src="http://eksm.de/blog/kirchenkreis/wp-content/uploads/2010/09/Mail-Button.jpg" alt="" srcset="https://eksm.de/blog/kirchenkreis/wp-content/uploads/2010/09/Mail-Button.jpg 343w, https://eksm.de/blog/kirchenkreis/wp-content/uploads/2010/09/Mail-Button-300x147.jpg 300w" sizes="auto, (max-width: 40px) 100vw, 40px" /></a></p>



<h4 class="wp-block-heading">Tagesstätte für psychisch kranke / seelisch behinderte Menschen</h4>



<p>Bahnhofstraße 1<br>98574 Schmalkalden<br><br>Tel.: (0 36 83) 4 07 95 87<br>Fax: (0 36 83) 60 22 63 </p>



<p><a href="mailto:u.eberlein@diakoniewert.de"><img loading="lazy" decoding="async" width="40" height="20" class="wp-image-1100" style="width: 40px;" src="http://eksm.de/blog/kirchenkreis/wp-content/uploads/2010/09/Mail-Button.jpg" alt="" srcset="https://eksm.de/blog/kirchenkreis/wp-content/uploads/2010/09/Mail-Button.jpg 343w, https://eksm.de/blog/kirchenkreis/wp-content/uploads/2010/09/Mail-Button-300x147.jpg 300w" sizes="auto, (max-width: 40px) 100vw, 40px" /></a></p>



<h4 class="wp-block-heading">Werkstatt für psychisch kranke / seelisch behinderte Menschen, Fambach</h4>



<p>Neue Wiese 16<br>98597 Fambach<br>Tel: 036848-4040<br>Fax: 036848-404109 </p>



<p><a href="mailto:s.heymel@diakoniewert.de"><img loading="lazy" decoding="async" width="40" height="20" class="wp-image-1100" style="width: 40px;" src="http://eksm.de/blog/kirchenkreis/wp-content/uploads/2010/09/Mail-Button.jpg" alt="" srcset="https://eksm.de/blog/kirchenkreis/wp-content/uploads/2010/09/Mail-Button.jpg 343w, https://eksm.de/blog/kirchenkreis/wp-content/uploads/2010/09/Mail-Button-300x147.jpg 300w" sizes="auto, (max-width: 40px) 100vw, 40px" /></a></p>



<h4 class="wp-block-heading">Werkstatt für psychisch kranke / seelisch behinderte Menschen, Trusetal</h4>



<p>Im Beierstal 10<br>98596 Trusetal</p>



<p>Tel.: 036840 840<br>Fax: 036840 8433</p>



<p><a href="mailto:d.queck@diakoniewert.de"><img loading="lazy" decoding="async" width="40" height="20" class="wp-image-1100" style="width: 40px;" src="http://eksm.de/blog/kirchenkreis/wp-content/uploads/2010/09/Mail-Button.jpg" alt="" srcset="https://eksm.de/blog/kirchenkreis/wp-content/uploads/2010/09/Mail-Button.jpg 343w, https://eksm.de/blog/kirchenkreis/wp-content/uploads/2010/09/Mail-Button-300x147.jpg 300w" sizes="auto, (max-width: 40px) 100vw, 40px" /></a></p>



<p>Weitere Informationen finden Sie auf der Seite <a href="https://diakonie.eksm.de/einrichtungen-in-schmalkalden/diakonie/behindertenhilfe/" data-type="URL" data-id="https://diakonie.eksm.de/einrichtungen-in-schmalkalden/diakonie/behindertenhilfe/" target="_blank" rel="noreferrer noopener">Kompass Schmalkalden / Behindertenhilfe</a></p>

<div class="mh-excerpt"><p>diakoniewert Bad Salzungen-Schmalkalden e. V. Beratungsstelle Schmalkalden Bahnhofstraße 4498574 SchmalkaldenTel: 03683-403915mobil: 0179 8807194Fax: 03683-602269 Tagesstätte für psychisch kranke / seelisch behinderte Menschen Bahnhofstraße 198574 Schmalkalden Tel.: (0 36 83) 4 07 95 87Fax: (0 36 <a class="mh-excerpt-more" href="https://eksm.de/blog/kirchenkreis/einrichtungen/behinderteneinrichtungen/" title="Behinderten–Einrichtungen">[&#8230; weiterlesen]</a></p>
</div>
