{"id":118,"date":"2010-09-15T13:39:50","date_gmt":"2010-09-15T11:39:50","guid":{"rendered":"http:\/\/eksm.de\/?page_id=118"},"modified":"2024-10-07T14:27:28","modified_gmt":"2024-10-07T12:27:28","slug":"diakoniepfarramt","status":"publish","type":"page","link":"https:\/\/eksm.de\/blog\/kirchenkreis\/einrichtungen\/diakoniepfarramt\/","title":{"rendered":"Diakoniepfarramt z.Zt. vakant"},"content":{"rendered":"\n<h3 class=\"wp-block-heading\"><\/h3>\n\n\n\n<p>Vertretung in der Vakanzzeit: Dekan Ralf Gebauer<\/p>\n\n\n\n<p>N\u00e4herstiller Str. 7<br>98574 Schmalkalden<\/p>\n\n\n\n<p>Tel. 03683 60 27 60 &nbsp; &nbsp; &nbsp; &nbsp;<a rel=\"noreferrer noopener\" href=\"mailto:sandra.reinhardt@ekkw.de\" target=\"_blank\"><img loading=\"lazy\" decoding=\"async\" width=\"67\" height=\"33\" class=\"\" src=\"http:\/\/eksm.de\/blog\/kirchenkreis\/wp-content\/uploads\/2010\/09\/Mail-Button.jpg\"><\/a>&nbsp;<\/p>\n\n\n\n<p>Der Diakoniepfarrer\/ Die Diakoniepfarrerin ist die Gesch\u00e4ftsf\u00fchrung des Diakonischen Werkes Schmalkalden, das sich in die Bereiche KASL, Erziehungsberatung, M\u00fcttergenesung und Hospizarbeit aufgliedert, anvertraut.<br>Als VertreterIn des Diakonischen Werkes von Kurhessen-Waldeck in Th\u00fcringen ist sie mit allen wichtigen Verb\u00e4nden und Einrichtungen unserer Region vernetzt und kann auf Anfrage beratend t\u00e4tig werden oder sachkundige Hilfe vermitteln.<\/p>\n\n\n\n<p><strong>Weitere Informationen finden Sie unter<\/strong><br><a href=\"http:\/\/www.diakonie-schmalkalden.de\" target=\"_blank\" rel=\"noreferrer noopener\">www.diakonie-schmalkalden.de<\/a><\/p>\n\n\n\n<p><\/p>\n","protected":false},"excerpt":{"rendered":"<div class=\"mh-excerpt\"><p>Vertretung in der Vakanzzeit: Dekan Ralf Gebauer N\u00e4herstiller Str. 798574 Schmalkalden Tel. 03683 60 27 60 &nbsp; &nbsp; &nbsp; &nbsp;&nbsp; Der Diakoniepfarrer\/ Die Diakoniepfarrerin ist die Gesch\u00e4ftsf\u00fchrung des Diakonischen Werkes Schmalkalden, das sich in die <a class=\"mh-excerpt-more\" href=\"https:\/\/eksm.de\/blog\/kirchenkreis\/einrichtungen\/diakoniepfarramt\/\" title=\"Diakoniepfarramt z.Zt. vakant\">[&#8230; weiterlesen]<\/a><\/p>\n<\/div>","protected":false},"author":2528,"featured_media":0,"parent":17,"menu_order":0,"comment_status":"closed","ping_status":"closed","template":"","meta":{"ngg_post_thumbnail":0,"footnotes":""},"class_list":["post-118","page","type-page","status-publish"],"_links":{"self":[{"href":"https:\/\/eksm.de\/blog\/kirchenkreis\/wp-json\/wp\/v2\/pages\/118","targetHints":{"allow":["GET"]}}],"collection":[{"href":"https:\/\/eksm.de\/blog\/kirchenkreis\/wp-json\/wp\/v2\/pages"}],"about":[{"href":"https:\/\/eksm.de\/blog\/kirchenkreis\/wp-json\/wp\/v2\/types\/page"}],"author":[{"embeddable":true,"href":"https:\/\/eksm.de\/blog\/kirchenkreis\/wp-json\/wp\/v2\/users\/2528"}],"replies":[{"embeddable":true,"href":"https:\/\/eksm.de\/blog\/kirchenkreis\/wp-json\/wp\/v2\/comments?post=118"}],"version-history":[{"count":5,"href":"https:\/\/eksm.de\/blog\/kirchenkreis\/wp-json\/wp\/v2\/pages\/118\/revisions"}],"predecessor-version":[{"id":4929,"href":"https:\/\/eksm.de\/blog\/kirchenkreis\/wp-json\/wp\/v2\/pages\/118\/revisions\/4929"}],"up":[{"embeddable":true,"href":"https:\/\/eksm.de\/blog\/kirchenkreis\/wp-json\/wp\/v2\/pages\/17"}],"wp:attachment":[{"href":"https:\/\/eksm.de\/blog\/kirchenkreis\/wp-json\/wp\/v2\/media?parent=118"}],"curies":[{"name":"wp","href":"https:\/\/api.w.org\/{rel}","templated":true}]}}

<h3 class="wp-block-heading"></h3>



<p>Vertretung in der Vakanzzeit: Dekan Ralf Gebauer</p>



<p>Näherstiller Str. 7<br>98574 Schmalkalden</p>



<p>Tel. 03683 60 27 60 &nbsp; &nbsp; &nbsp; &nbsp;<a rel="noreferrer noopener" href="mailto:sandra.reinhardt@ekkw.de" target="_blank"><img loading="lazy" decoding="async" width="67" height="33" class="" src="http://eksm.de/blog/kirchenkreis/wp-content/uploads/2010/09/Mail-Button.jpg"></a>&nbsp;</p>



<p>Der Diakoniepfarrer/ Die Diakoniepfarrerin ist die Geschäftsführung des Diakonischen Werkes Schmalkalden, das sich in die Bereiche KASL, Erziehungsberatung, Müttergenesung und Hospizarbeit aufgliedert, anvertraut.<br>Als VertreterIn des Diakonischen Werkes von Kurhessen-Waldeck in Thüringen ist sie mit allen wichtigen Verbänden und Einrichtungen unserer Region vernetzt und kann auf Anfrage beratend tätig werden oder sachkundige Hilfe vermitteln.</p>



<p><strong>Weitere Informationen finden Sie unter</strong><br><a href="http://www.diakonie-schmalkalden.de" target="_blank" rel="noreferrer noopener">www.diakonie-schmalkalden.de</a></p>



<p></p>

<div class="mh-excerpt"><p>Vertretung in der Vakanzzeit: Dekan Ralf Gebauer Näherstiller Str. 798574 Schmalkalden Tel. 03683 60 27 60 &nbsp; &nbsp; &nbsp; &nbsp;&nbsp; Der Diakoniepfarrer/ Die Diakoniepfarrerin ist die Geschäftsführung des Diakonischen Werkes Schmalkalden, das sich in die <a class="mh-excerpt-more" href="https://eksm.de/blog/kirchenkreis/einrichtungen/diakoniepfarramt/" title="Diakoniepfarramt z.Zt. vakant">[&#8230; weiterlesen]</a></p>
</div>
