{"id":119,"date":"2010-09-15T13:44:06","date_gmt":"2010-09-15T11:44:06","guid":{"rendered":"http:\/\/eksm.de\/?page_id=119"},"modified":"2022-01-06T20:14:09","modified_gmt":"2022-01-06T19:14:09","slug":"kumenischer-arbeitskreis-eine-welt-e-v","status":"publish","type":"page","link":"https:\/\/eksm.de\/blog\/kirchenkreis\/einrichtungen\/kumenischer-arbeitskreis-eine-welt-e-v\/","title":{"rendered":"Eine Welt\u2026"},"content":{"rendered":"\n<h4 class=\"wp-block-heading\">\u00d6kumenischer Arbeitskreis<\/h4>\n\n\n\n<h4 class=\"wp-block-heading\">&#8222;Eine Welt&#8220; e.V.<img loading=\"lazy\" decoding=\"async\" style=\"display: inline; margin-left: 0px; margin-right: 0px;\" src=\"http:\/\/www.eksm.de\/images\/einric1.GIF\" width=\"232\" height=\"75\" align=\"right\"><\/h4>\n\n\n\n<p>Kirchhof 3<br>98475 Schmalkalden<\/p>\n\n\n\n<h4 class=\"wp-block-heading\">Ansprechpartnerin: Renate M\u00fcller<\/h4>\n\n\n\n<h5 class=\"wp-block-heading\">Tel.:\u00a0 03683 60 62 96\u00a0<\/h5>\n\n\n\n<h5 class=\"wp-block-heading\">Fax:\u00a0 03683 40 76 05<\/h5>\n\n\n\n<h5 class=\"wp-block-heading\"><a href=\"mailto:eineweltverein@web.de\" target=\"_blank\" rel=\"noreferrer noopener\"><img loading=\"lazy\" decoding=\"async\" width=\"40\" height=\"20\" class=\"wp-image-1100\" style=\"width: 40px;\" src=\"http:\/\/eksm.de\/blog\/kirchenkreis\/wp-content\/uploads\/2010\/09\/Mail-Button.jpg\" alt=\"\" srcset=\"https:\/\/eksm.de\/blog\/kirchenkreis\/wp-content\/uploads\/2010\/09\/Mail-Button.jpg 343w, https:\/\/eksm.de\/blog\/kirchenkreis\/wp-content\/uploads\/2010\/09\/Mail-Button-300x147.jpg 300w\" sizes=\"auto, (max-width: 40px) 100vw, 40px\" \/><\/a><\/h5>\n\n\n\n<h6 class=\"wp-block-heading\">&nbsp;<\/h6>\n\n\n\n<h5 class=\"wp-block-heading\"><\/h5>\n\n\n\n<h4 class=\"wp-block-heading\">&#8222;Eine Welt&#8220; e.V.<\/h4>\n\n\n\n<p>Christen verschiedener Gemeinden engagieren <br>sich in diesem Verein und sind miteinander auf dem Weg, sich f\u00fcr Frieden Gerechtigkeit und Bewahrung der Sch\u00f6pfung einzusetzen. <br>Wir f\u00fchlen uns verantwortlich, durch verschiedene Veranstaltungen immer wieder auf die Rechte Benachteiligter aufmerksam zu machen. <br>Deshalb gibt es eine enge Zusammenarbeit mit dem Weltladen in Schmalkalden. <br>Angebote des Vereins:<img loading=\"lazy\" decoding=\"async\" style=\"margin: 0px 0px 0px 10px; display: inline;\" src=\"http:\/\/www.eksm.de\/images\/image002.jpg\" width=\"141\" height=\"136\" align=\"right\" border=\"0\"><\/p>\n\n\n\n<ul class=\"wp-block-list\"><li>Vortr\u00e4ge f\u00fcr Gemeindegruppen und Schulen sowie Interessantes aus aller Welt zum Ausleihen<\/li><li>mobiler Weltladen (Verkaufsstand) <br>f\u00fcr Feste., M\u00e4rkte u.a. <br>Wir freuen uns immer \u00fcber Interessenten <br>Nehmen Sie bitte Kontakt auf!<\/li><\/ul>\n\n\n\n<h4 class=\"wp-block-heading\">\u00d6kumenischer Arbeitskreis<\/h4>\n\n\n\n<p>Besuchen Sie einmal den &#8222;Weltladen&#8220; \u2013 hier finden Sie eine reiche Auswahl&nbsp; fair gehandelter Produkte, wie Lebensmittel, Kunsthandwerk, Musikinstrumente &#8230;.<\/p>\n","protected":false},"excerpt":{"rendered":"<div class=\"mh-excerpt\"><p>\u00d6kumenischer Arbeitskreis &#8222;Eine Welt&#8220; e.V. Kirchhof 398475 Schmalkalden Ansprechpartnerin: Renate M\u00fcller Tel.:\u00a0 03683 60 62 96\u00a0 Fax:\u00a0 03683 40 76 05 &nbsp; &#8222;Eine Welt&#8220; e.V. Christen verschiedener Gemeinden engagieren sich in diesem Verein und sind <a class=\"mh-excerpt-more\" href=\"https:\/\/eksm.de\/blog\/kirchenkreis\/einrichtungen\/kumenischer-arbeitskreis-eine-welt-e-v\/\" title=\"Eine Welt\u2026\">[&#8230; weiterlesen]<\/a><\/p>\n<\/div>","protected":false},"author":1,"featured_media":0,"parent":17,"menu_order":0,"comment_status":"closed","ping_status":"closed","template":"","meta":{"ngg_post_thumbnail":0,"footnotes":""},"class_list":["post-119","page","type-page","status-publish"],"_links":{"self":[{"href":"https:\/\/eksm.de\/blog\/kirchenkreis\/wp-json\/wp\/v2\/pages\/119","targetHints":{"allow":["GET"]}}],"collection":[{"href":"https:\/\/eksm.de\/blog\/kirchenkreis\/wp-json\/wp\/v2\/pages"}],"about":[{"href":"https:\/\/eksm.de\/blog\/kirchenkreis\/wp-json\/wp\/v2\/types\/page"}],"author":[{"embeddable":true,"href":"https:\/\/eksm.de\/blog\/kirchenkreis\/wp-json\/wp\/v2\/users\/1"}],"replies":[{"embeddable":true,"href":"https:\/\/eksm.de\/blog\/kirchenkreis\/wp-json\/wp\/v2\/comments?post=119"}],"version-history":[{"count":3,"href":"https:\/\/eksm.de\/blog\/kirchenkreis\/wp-json\/wp\/v2\/pages\/119\/revisions"}],"predecessor-version":[{"id":158,"href":"https:\/\/eksm.de\/blog\/kirchenkreis\/wp-json\/wp\/v2\/pages\/119\/revisions\/158"}],"up":[{"embeddable":true,"href":"https:\/\/eksm.de\/blog\/kirchenkreis\/wp-json\/wp\/v2\/pages\/17"}],"wp:attachment":[{"href":"https:\/\/eksm.de\/blog\/kirchenkreis\/wp-json\/wp\/v2\/media?parent=119"}],"curies":[{"name":"wp","href":"https:\/\/api.w.org\/{rel}","templated":true}]}}

<h4 class="wp-block-heading">Ökumenischer Arbeitskreis</h4>



<h4 class="wp-block-heading">&#8222;Eine Welt&#8220; e.V.<img loading="lazy" decoding="async" style="display: inline; margin-left: 0px; margin-right: 0px;" src="http://www.eksm.de/images/einric1.GIF" width="232" height="75" align="right"></h4>



<p>Kirchhof 3<br>98475 Schmalkalden</p>



<h4 class="wp-block-heading">Ansprechpartnerin: Renate Müller</h4>



<h5 class="wp-block-heading">Tel.:  03683 60 62 96 </h5>



<h5 class="wp-block-heading">Fax:  03683 40 76 05</h5>



<h5 class="wp-block-heading"><a href="mailto:eineweltverein@web.de" target="_blank" rel="noreferrer noopener"><img loading="lazy" decoding="async" width="40" height="20" class="wp-image-1100" style="width: 40px;" src="http://eksm.de/blog/kirchenkreis/wp-content/uploads/2010/09/Mail-Button.jpg" alt="" srcset="https://eksm.de/blog/kirchenkreis/wp-content/uploads/2010/09/Mail-Button.jpg 343w, https://eksm.de/blog/kirchenkreis/wp-content/uploads/2010/09/Mail-Button-300x147.jpg 300w" sizes="auto, (max-width: 40px) 100vw, 40px" /></a></h5>



<h6 class="wp-block-heading">&nbsp;</h6>



<h5 class="wp-block-heading"></h5>



<h4 class="wp-block-heading">&#8222;Eine Welt&#8220; e.V.</h4>



<p>Christen verschiedener Gemeinden engagieren <br>sich in diesem Verein und sind miteinander auf dem Weg, sich für Frieden Gerechtigkeit und Bewahrung der Schöpfung einzusetzen. <br>Wir fühlen uns verantwortlich, durch verschiedene Veranstaltungen immer wieder auf die Rechte Benachteiligter aufmerksam zu machen. <br>Deshalb gibt es eine enge Zusammenarbeit mit dem Weltladen in Schmalkalden. <br>Angebote des Vereins:<img loading="lazy" decoding="async" style="margin: 0px 0px 0px 10px; display: inline;" src="http://www.eksm.de/images/image002.jpg" width="141" height="136" align="right" border="0"></p>



<ul class="wp-block-list"><li>Vorträge für Gemeindegruppen und Schulen sowie Interessantes aus aller Welt zum Ausleihen</li><li>mobiler Weltladen (Verkaufsstand) <br>für Feste., Märkte u.a. <br>Wir freuen uns immer über Interessenten <br>Nehmen Sie bitte Kontakt auf!</li></ul>



<h4 class="wp-block-heading">Ökumenischer Arbeitskreis</h4>



<p>Besuchen Sie einmal den &#8222;Weltladen&#8220; – hier finden Sie eine reiche Auswahl&nbsp; fair gehandelter Produkte, wie Lebensmittel, Kunsthandwerk, Musikinstrumente &#8230;.</p>

<div class="mh-excerpt"><p>Ökumenischer Arbeitskreis &#8222;Eine Welt&#8220; e.V. Kirchhof 398475 Schmalkalden Ansprechpartnerin: Renate Müller Tel.:  03683 60 62 96  Fax:  03683 40 76 05 &nbsp; &#8222;Eine Welt&#8220; e.V. Christen verschiedener Gemeinden engagieren sich in diesem Verein und sind <a class="mh-excerpt-more" href="https://eksm.de/blog/kirchenkreis/einrichtungen/kumenischer-arbeitskreis-eine-welt-e-v/" title="Eine Welt…">[&#8230; weiterlesen]</a></p>
</div>
