{"id":126,"date":"2010-09-15T14:08:19","date_gmt":"2010-09-15T12:08:19","guid":{"rendered":"http:\/\/eksm.de\/?page_id=126"},"modified":"2025-04-09T12:57:55","modified_gmt":"2025-04-09T10:57:55","slug":"hospizgruppe","status":"publish","type":"page","link":"https:\/\/eksm.de\/blog\/kirchenkreis\/einrichtungen\/hospizgruppe\/","title":{"rendered":"Ambulanter Hospiz- und Palliativ-Beratungsdienst &#8222;Herzenszeit&#8220;"},"content":{"rendered":"\n<h4 class=\"wp-block-heading\">Koordinatorinnen:<br>Theresa Grobe und Saskia Matties<\/h4>\n\n\n\n<p>Auer Gasse 20<br>98574 Schmalkalden<br>Tel. 03683 469 44 57<br>Fax: 03683 469 44 58 <\/p>\n\n\n\n<p><a href=\"mailto:hospiz.dw.schmalkalden@ekkw.de\"><img loading=\"lazy\" decoding=\"async\" width=\"40\" height=\"20\" class=\"wp-image-1100\" style=\"width: 40px;\" src=\"http:\/\/eksm.de\/blog\/kirchenkreis\/wp-content\/uploads\/2010\/09\/Mail-Button.jpg\" alt=\"\" srcset=\"https:\/\/eksm.de\/blog\/kirchenkreis\/wp-content\/uploads\/2010\/09\/Mail-Button.jpg 343w, https:\/\/eksm.de\/blog\/kirchenkreis\/wp-content\/uploads\/2010\/09\/Mail-Button-300x147.jpg 300w\" sizes=\"auto, (max-width: 40px) 100vw, 40px\" \/><\/a>     <a href=\"https:\/\/diakonie.eksm.de\/einrichtungen-in-schmalkalden\/diakonie\/ambulanter-hospizdienst\/\" data-type=\"URL\" data-id=\"https:\/\/diakonie.eksm.de\/einrichtungen-in-schmalkalden\/diakonie\/ambulanter-hospizdienst\/\" target=\"_blank\" rel=\"noreferrer noopener\">Homepage<\/a><\/p>\n\n\n\n<p><\/p>\n\n\n\n<p>Unser Ambulanter Hospizdienst m\u00f6chte Schwerkranken und Sterbenden, sowie ihren Angeh\u00f6rigen und Freunden helfen, das Leben bis zuletzt als sinnvoll und lebenswert zu erfahren.<\/p>\n\n\n\n<p>Wir nehmen uns Zeit:<\/p>\n\n\n\n<ul class=\"wp-block-list\">\n<li>f\u00fcr Besuche<\/li>\n\n\n\n<li>f\u00fcr Gespr\u00e4che, zum Zuh\u00f6ren, Vorlesen, Schweigen\u2026<\/li>\n\n\n\n<li>f\u00fcr Beratung und Informationen<\/li>\n\n\n\n<li>f\u00fcr Begleitung in der Zeit des Abschieds und der Trauer<\/li>\n<\/ul>\n\n\n\n<p>Unsere Angebote sind kostenfrei und stehen allen Menschen offen.<\/p>\n\n\n\n<p>Gern nimmt unsere Koordinatorin Kontakt mit Ihnen auf. In einem ersten Gespr\u00e4ch \u00fcberlegt sie mit Ihnen gemeinsam, wie wir Sie unterst\u00fctzen k\u00f6nnen durch ausgebildete ehrenamtliche Hospizbegleiter.<\/p>\n\n\n\n<p>Bitte rufen Sie an, wenn Sie Fragen haben oder ein Gespr\u00e4ch bzw. Hausbesuch w\u00fcnschen.<\/p>\n","protected":false},"excerpt":{"rendered":"<div class=\"mh-excerpt\"><p>Koordinatorinnen:Theresa Grobe und Saskia Matties Auer Gasse 2098574 SchmalkaldenTel. 03683 469 44 57Fax: 03683 469 44 58 Homepage Unser Ambulanter Hospizdienst m\u00f6chte Schwerkranken und Sterbenden, sowie ihren Angeh\u00f6rigen und Freunden helfen, das Leben bis zuletzt <a class=\"mh-excerpt-more\" href=\"https:\/\/eksm.de\/blog\/kirchenkreis\/einrichtungen\/hospizgruppe\/\" title=\"Ambulanter Hospiz- und Palliativ-Beratungsdienst &#8222;Herzenszeit&#8220;\">[&#8230; weiterlesen]<\/a><\/p>\n<\/div>","protected":false},"author":2528,"featured_media":0,"parent":17,"menu_order":0,"comment_status":"closed","ping_status":"closed","template":"","meta":{"ngg_post_thumbnail":0,"footnotes":""},"class_list":["post-126","page","type-page","status-publish"],"_links":{"self":[{"href":"https:\/\/eksm.de\/blog\/kirchenkreis\/wp-json\/wp\/v2\/pages\/126","targetHints":{"allow":["GET"]}}],"collection":[{"href":"https:\/\/eksm.de\/blog\/kirchenkreis\/wp-json\/wp\/v2\/pages"}],"about":[{"href":"https:\/\/eksm.de\/blog\/kirchenkreis\/wp-json\/wp\/v2\/types\/page"}],"author":[{"embeddable":true,"href":"https:\/\/eksm.de\/blog\/kirchenkreis\/wp-json\/wp\/v2\/users\/2528"}],"replies":[{"embeddable":true,"href":"https:\/\/eksm.de\/blog\/kirchenkreis\/wp-json\/wp\/v2\/comments?post=126"}],"version-history":[{"count":5,"href":"https:\/\/eksm.de\/blog\/kirchenkreis\/wp-json\/wp\/v2\/pages\/126\/revisions"}],"predecessor-version":[{"id":5310,"href":"https:\/\/eksm.de\/blog\/kirchenkreis\/wp-json\/wp\/v2\/pages\/126\/revisions\/5310"}],"up":[{"embeddable":true,"href":"https:\/\/eksm.de\/blog\/kirchenkreis\/wp-json\/wp\/v2\/pages\/17"}],"wp:attachment":[{"href":"https:\/\/eksm.de\/blog\/kirchenkreis\/wp-json\/wp\/v2\/media?parent=126"}],"curies":[{"name":"wp","href":"https:\/\/api.w.org\/{rel}","templated":true}]}}

<h4 class="wp-block-heading">Koordinatorinnen:<br>Theresa Grobe und Saskia Matties</h4>



<p>Auer Gasse 20<br>98574 Schmalkalden<br>Tel. 03683 469 44 57<br>Fax: 03683 469 44 58 </p>



<p><a href="mailto:hospiz.dw.schmalkalden@ekkw.de"><img loading="lazy" decoding="async" width="40" height="20" class="wp-image-1100" style="width: 40px;" src="http://eksm.de/blog/kirchenkreis/wp-content/uploads/2010/09/Mail-Button.jpg" alt="" srcset="https://eksm.de/blog/kirchenkreis/wp-content/uploads/2010/09/Mail-Button.jpg 343w, https://eksm.de/blog/kirchenkreis/wp-content/uploads/2010/09/Mail-Button-300x147.jpg 300w" sizes="auto, (max-width: 40px) 100vw, 40px" /></a>     <a href="https://diakonie.eksm.de/einrichtungen-in-schmalkalden/diakonie/ambulanter-hospizdienst/" data-type="URL" data-id="https://diakonie.eksm.de/einrichtungen-in-schmalkalden/diakonie/ambulanter-hospizdienst/" target="_blank" rel="noreferrer noopener">Homepage</a></p>



<p></p>



<p>Unser Ambulanter Hospizdienst möchte Schwerkranken und Sterbenden, sowie ihren Angehörigen und Freunden helfen, das Leben bis zuletzt als sinnvoll und lebenswert zu erfahren.</p>



<p>Wir nehmen uns Zeit:</p>



<ul class="wp-block-list">
<li>für Besuche</li>



<li>für Gespräche, zum Zuhören, Vorlesen, Schweigen…</li>



<li>für Beratung und Informationen</li>



<li>für Begleitung in der Zeit des Abschieds und der Trauer</li>
</ul>



<p>Unsere Angebote sind kostenfrei und stehen allen Menschen offen.</p>



<p>Gern nimmt unsere Koordinatorin Kontakt mit Ihnen auf. In einem ersten Gespräch überlegt sie mit Ihnen gemeinsam, wie wir Sie unterstützen können durch ausgebildete ehrenamtliche Hospizbegleiter.</p>



<p>Bitte rufen Sie an, wenn Sie Fragen haben oder ein Gespräch bzw. Hausbesuch wünschen.</p>

<div class="mh-excerpt"><p>Koordinatorinnen:Theresa Grobe und Saskia Matties Auer Gasse 2098574 SchmalkaldenTel. 03683 469 44 57Fax: 03683 469 44 58 Homepage Unser Ambulanter Hospizdienst möchte Schwerkranken und Sterbenden, sowie ihren Angehörigen und Freunden helfen, das Leben bis zuletzt <a class="mh-excerpt-more" href="https://eksm.de/blog/kirchenkreis/einrichtungen/hospizgruppe/" title="Ambulanter Hospiz- und Palliativ-Beratungsdienst &#8222;Herzenszeit&#8220;">[&#8230; weiterlesen]</a></p>
</div>
