{"id":127,"date":"2010-09-15T14:12:09","date_gmt":"2010-09-15T12:12:09","guid":{"rendered":"http:\/\/eksm.de\/?page_id=127"},"modified":"2024-09-16T09:59:52","modified_gmt":"2024-09-16T07:59:52","slug":"kindergrten","status":"publish","type":"page","link":"https:\/\/eksm.de\/blog\/kirchenkreis\/einrichtungen\/kindergrten\/","title":{"rendered":"Kinderg&auml;rten"},"content":{"rendered":"<p>Die Arbeit mit Kindern hat in unserem Kirchenkreis eine lange und lebendige Tradition.<br \/>\nDrei evangelische Kinderg\u00e4rten blicken bereits auf eine mehr als hundertj\u00e4hrige Geschichte zur\u00fcck. Als Kinderbewahranstalt (Schmalkalden) bzw. Kinderschulen waren sie wegweisend in ihrer Zeit, um die Kinder in ihrer Eigenart und Einzigartigkeit anzunehmen.<\/p>\n<p>So der Kindergarten Pfaffengasse in Schmalkalden (1877) <a href=\"https:\/\/r-tech24.de\/review\/webhosting-vergleich\/\">r-tech24.de<\/a>, der Kindergarten&nbsp; Steinbach Hallenberg, im Dietrich-Bonhoeffer-Haus (1895) sowie der Evangelische Kindergarten in Barchfeld (1902). Diakonissen aus Frankfurt leisteten hier eine beispielgebende Arbeit.<\/p>\n<p>In der \u201eDDR \u2013 Zeit\u201c war es f\u00fcr die Gemeinden, sowie unserem Kirchenkreis eine echte Herausforderung, diese Einrichtungen zu erhalten, da es keinerlei Zusch\u00fcsse gab, w\u00e4hrend die staatlichen Einrichtungen voll finanziert wurden.<\/p>\n<p>So ist es gelungen, diese Inseln im atheistisch gepr\u00e4gten Umfeld zu erhalten. Die Kinderdiakoninnen wurden meist im Seminar f\u00fcr kirchlichen Dienst in Eisenach ausgebildet.<\/p>\n<p>Nach der \u201eWende\u201c (1990\/91) \u00fcbernahmen weitere&nbsp; Kirchengemeinden Kinderg\u00e4rten in ihre Tr\u00e4gerschaft. So gibt es heute zus\u00e4tzlich zu den drei Erw\u00e4hnten , einen Kindergarten in<\/p>\n<p>Brotterode (Schmalkalder Str.57),<br \/>\nFambach (Schulweg 20),<br \/>\nSchmalkalden \u2013 Kindergarten Sonnenschein (Gothaer.Str.21)<br \/>\nTrusetal (Linsenwiese 21).<\/p>\n<p>Alle Einrichtungen bieten den Eltern eine ganzt\u00e4gige Betreuung an. So k\u00f6nnen die Kinder von klein auf christliche Traditionen kennen lernen und behutsam hineinwachsen. Die Gemeinden begleiten die Kinder in der nachfolgenden Zeit gezielt&nbsp; in einer christlichen Kinder- und Jugendarbeit, die durch den schulischen Religionsunterricht sinnvoll erg\u00e4nzt wird. Hier wurden mit der Christenlehre jahrzehntelang bereits neue Wege erprobt.<\/p>\n<p><a title=\"evangelische Kinderg\u00e4rten\" href=\"http:\/\/eksm.de\/?page_id=78\">Adressen<\/a><\/p>\n","protected":false},"excerpt":{"rendered":"<div class=\"mh-excerpt\"><p>Die Arbeit mit Kindern hat in unserem Kirchenkreis eine lange und lebendige Tradition. Drei evangelische Kinderg\u00e4rten blicken bereits auf eine mehr als hundertj\u00e4hrige Geschichte zur\u00fcck. Als Kinderbewahranstalt (Schmalkalden) bzw. Kinderschulen waren sie wegweisend in ihrer <a class=\"mh-excerpt-more\" href=\"https:\/\/eksm.de\/blog\/kirchenkreis\/einrichtungen\/kindergrten\/\" title=\"Kinderg&auml;rten\">[&#8230; weiterlesen]<\/a><\/p>\n<\/div>","protected":false},"author":1,"featured_media":0,"parent":17,"menu_order":0,"comment_status":"open","ping_status":"open","template":"","meta":{"ngg_post_thumbnail":0,"footnotes":""},"class_list":["post-127","page","type-page","status-publish"],"_links":{"self":[{"href":"https:\/\/eksm.de\/blog\/kirchenkreis\/wp-json\/wp\/v2\/pages\/127","targetHints":{"allow":["GET"]}}],"collection":[{"href":"https:\/\/eksm.de\/blog\/kirchenkreis\/wp-json\/wp\/v2\/pages"}],"about":[{"href":"https:\/\/eksm.de\/blog\/kirchenkreis\/wp-json\/wp\/v2\/types\/page"}],"author":[{"embeddable":true,"href":"https:\/\/eksm.de\/blog\/kirchenkreis\/wp-json\/wp\/v2\/users\/1"}],"replies":[{"embeddable":true,"href":"https:\/\/eksm.de\/blog\/kirchenkreis\/wp-json\/wp\/v2\/comments?post=127"}],"version-history":[{"count":4,"href":"https:\/\/eksm.de\/blog\/kirchenkreis\/wp-json\/wp\/v2\/pages\/127\/revisions"}],"predecessor-version":[{"id":4884,"href":"https:\/\/eksm.de\/blog\/kirchenkreis\/wp-json\/wp\/v2\/pages\/127\/revisions\/4884"}],"up":[{"embeddable":true,"href":"https:\/\/eksm.de\/blog\/kirchenkreis\/wp-json\/wp\/v2\/pages\/17"}],"wp:attachment":[{"href":"https:\/\/eksm.de\/blog\/kirchenkreis\/wp-json\/wp\/v2\/media?parent=127"}],"curies":[{"name":"wp","href":"https:\/\/api.w.org\/{rel}","templated":true}]}}

<p>Die Arbeit mit Kindern hat in unserem Kirchenkreis eine lange und lebendige Tradition.<br />
Drei evangelische Kindergärten blicken bereits auf eine mehr als hundertjährige Geschichte zurück. Als Kinderbewahranstalt (Schmalkalden) bzw. Kinderschulen waren sie wegweisend in ihrer Zeit, um die Kinder in ihrer Eigenart und Einzigartigkeit anzunehmen.</p>
<p>So der Kindergarten Pfaffengasse in Schmalkalden (1877) <a href="https://r-tech24.de/review/webhosting-vergleich/">r-tech24.de</a>, der Kindergarten&nbsp; Steinbach Hallenberg, im Dietrich-Bonhoeffer-Haus (1895) sowie der Evangelische Kindergarten in Barchfeld (1902). Diakonissen aus Frankfurt leisteten hier eine beispielgebende Arbeit.</p>
<p>In der „DDR – Zeit“ war es für die Gemeinden, sowie unserem Kirchenkreis eine echte Herausforderung, diese Einrichtungen zu erhalten, da es keinerlei Zuschüsse gab, während die staatlichen Einrichtungen voll finanziert wurden.</p>
<p>So ist es gelungen, diese Inseln im atheistisch geprägten Umfeld zu erhalten. Die Kinderdiakoninnen wurden meist im Seminar für kirchlichen Dienst in Eisenach ausgebildet.</p>
<p>Nach der „Wende“ (1990/91) übernahmen weitere&nbsp; Kirchengemeinden Kindergärten in ihre Trägerschaft. So gibt es heute zusätzlich zu den drei Erwähnten , einen Kindergarten in</p>
<p>Brotterode (Schmalkalder Str.57),<br />
Fambach (Schulweg 20),<br />
Schmalkalden – Kindergarten Sonnenschein (Gothaer.Str.21)<br />
Trusetal (Linsenwiese 21).</p>
<p>Alle Einrichtungen bieten den Eltern eine ganztägige Betreuung an. So können die Kinder von klein auf christliche Traditionen kennen lernen und behutsam hineinwachsen. Die Gemeinden begleiten die Kinder in der nachfolgenden Zeit gezielt&nbsp; in einer christlichen Kinder- und Jugendarbeit, die durch den schulischen Religionsunterricht sinnvoll ergänzt wird. Hier wurden mit der Christenlehre jahrzehntelang bereits neue Wege erprobt.</p>
<p><a title="evangelische Kindergärten" href="http://eksm.de/?page_id=78">Adressen</a></p>

<div class="mh-excerpt"><p>Die Arbeit mit Kindern hat in unserem Kirchenkreis eine lange und lebendige Tradition. Drei evangelische Kindergärten blicken bereits auf eine mehr als hundertjährige Geschichte zurück. Als Kinderbewahranstalt (Schmalkalden) bzw. Kinderschulen waren sie wegweisend in ihrer <a class="mh-excerpt-more" href="https://eksm.de/blog/kirchenkreis/einrichtungen/kindergrten/" title="Kinderg&auml;rten">[&#8230; weiterlesen]</a></p>
</div>
