{"id":134,"date":"2010-09-15T14:54:02","date_gmt":"2010-09-15T12:54:02","guid":{"rendered":"http:\/\/eksm.de\/?page_id=134"},"modified":"2025-02-13T07:33:18","modified_gmt":"2025-02-13T06:33:18","slug":"pflegedienst","status":"publish","type":"page","link":"https:\/\/eksm.de\/blog\/kirchenkreis\/einrichtungen\/pflegedienst\/","title":{"rendered":"Diakoniestation des Evang. Kirchenkreises Schmalkalden"},"content":{"rendered":"\n<h4 class=\"wp-block-heading\">&nbsp;<\/h4>\n\n\n\n<h2 class=\"wp-block-heading\">Gesch\u00e4ftsf\u00fchrerin Annett Gratz<\/h2>\n\n\n\n<p>Weidebrunner Tor 7<br>98574 Schmalkalden<br><br>Tel.: 03683 40 18 75<br><br><br><a href=\"mailto:diakoniestation-schmalkalden@ekkw.de\"><img loading=\"lazy\" decoding=\"async\" width=\"40\" height=\"20\" class=\"wp-image-1100\" style=\"width: 40px;\" src=\"http:\/\/eksm.de\/blog\/kirchenkreis\/wp-content\/uploads\/2010\/09\/Mail-Button.jpg\" alt=\"\" srcset=\"https:\/\/eksm.de\/blog\/kirchenkreis\/wp-content\/uploads\/2010\/09\/Mail-Button.jpg 343w, https:\/\/eksm.de\/blog\/kirchenkreis\/wp-content\/uploads\/2010\/09\/Mail-Button-300x147.jpg 300w\" sizes=\"auto, (max-width: 40px) 100vw, 40px\" \/><\/a><\/p>\n\n\n\n<p>Umfangreiche Informationen finden Sie auf der Seite der <a href=\"https:\/\/www.diakoniestation-schmalkalden.de\/startseite\/\">Diakoniestation Schmalkalden<\/a>.<\/p>\n\n\n\n<p><\/p>\n\n\n\n<p><\/p>\n\n\n\n<h2 class=\"wp-block-heading\">Pflegebereiche<\/h2>\n\n\n\n<h5 class=\"wp-block-heading\">Schmalkalden<\/h5>\n\n\n\n<p>Weidebrunner Tor 7 <br>98574 Schmalkalden <br>Tel.: 03683 40 29 06 <br>Fax: 03683 40 29 07<br><a href=\"mailto:diakoniestation-schmalkalden@ekkw.de\"><img loading=\"lazy\" decoding=\"async\" width=\"30\" height=\"15\" class=\"wp-image-1100\" style=\"width: 30px;\" src=\"http:\/\/eksm.de\/blog\/kirchenkreis\/wp-content\/uploads\/2010\/09\/Mail-Button.jpg\" alt=\"\" srcset=\"https:\/\/eksm.de\/blog\/kirchenkreis\/wp-content\/uploads\/2010\/09\/Mail-Button.jpg 343w, https:\/\/eksm.de\/blog\/kirchenkreis\/wp-content\/uploads\/2010\/09\/Mail-Button-300x147.jpg 300w\" sizes=\"auto, (max-width: 30px) 100vw, 30px\" \/><\/a><\/p>\n\n\n\n<h5 class=\"wp-block-heading\">Steinbach-Hallenberg<\/h5>\n\n\n\n<p>Hauptstr. 89 <br>98587 Steinbach-Hallenberg <br>Tel.: 036847 54 89 81<br><a href=\"mailto:steinbach-hallenberg.diakoniestation@ekkw.de\"><img loading=\"lazy\" decoding=\"async\" width=\"30\" height=\"15\" class=\"wp-image-1100\" style=\"width: 30px;\" src=\"http:\/\/eksm.de\/blog\/kirchenkreis\/wp-content\/uploads\/2010\/09\/Mail-Button.jpg\" alt=\"\" srcset=\"https:\/\/eksm.de\/blog\/kirchenkreis\/wp-content\/uploads\/2010\/09\/Mail-Button.jpg 343w, https:\/\/eksm.de\/blog\/kirchenkreis\/wp-content\/uploads\/2010\/09\/Mail-Button-300x147.jpg 300w\" sizes=\"auto, (max-width: 30px) 100vw, 30px\" \/><\/a><\/p>\n\n\n\n<h5 class=\"wp-block-heading\">Brotterode<\/h5>\n\n\n\n<p>Bahnhofstra\u00dfe 4 <br>98599 Brotterode-Trusetal<br>Tel.: 036840 32 287 <br>Fax: 036840 31 124 <br><a href=\"mailto:brotterode.diakoniestation@ekkw.de\"><img loading=\"lazy\" decoding=\"async\" width=\"30\" height=\"15\" class=\"wp-image-1100\" style=\"width: 30px;\" src=\"http:\/\/eksm.de\/blog\/kirchenkreis\/wp-content\/uploads\/2010\/09\/Mail-Button.jpg\" alt=\"\" srcset=\"https:\/\/eksm.de\/blog\/kirchenkreis\/wp-content\/uploads\/2010\/09\/Mail-Button.jpg 343w, https:\/\/eksm.de\/blog\/kirchenkreis\/wp-content\/uploads\/2010\/09\/Mail-Button-300x147.jpg 300w\" sizes=\"auto, (max-width: 30px) 100vw, 30px\" \/><\/a><\/p>\n\n\n\n<h5 class=\"wp-block-heading\">Breitungen<\/h5>\n\n\n\n<p>Lange Gasse 2<br>98597 Breitungen <br>Tel.: 0175-5925106<br><a href=\"mailto:breitungen.diakoniestation@ekkw.de\"><img loading=\"lazy\" decoding=\"async\" width=\"30\" height=\"15\" class=\"wp-image-1100\" style=\"width: 30px;\" src=\"http:\/\/eksm.de\/blog\/kirchenkreis\/wp-content\/uploads\/2010\/09\/Mail-Button.jpg\" alt=\"\" srcset=\"https:\/\/eksm.de\/blog\/kirchenkreis\/wp-content\/uploads\/2010\/09\/Mail-Button.jpg 343w, https:\/\/eksm.de\/blog\/kirchenkreis\/wp-content\/uploads\/2010\/09\/Mail-Button-300x147.jpg 300w\" sizes=\"auto, (max-width: 30px) 100vw, 30px\" \/><\/a><\/p>\n\n\n\n<h5 class=\"wp-block-heading\">Trusetal<\/h5>\n\n\n\n<p>Diakoniestation Trusetal &#8222;Zum Heimattal&#8220;<br>An der Sporthalle 3<br>98596 Brotterode-Trusetal<br>Tel.: 036840 40 99 44<br><a href=\"mailto:trusetal.diakoniestation@ekkw.de\"><img loading=\"lazy\" decoding=\"async\" width=\"30\" height=\"15\" class=\"wp-image-1100\" style=\"width: 30px;\" src=\"http:\/\/eksm.de\/blog\/kirchenkreis\/wp-content\/uploads\/2010\/09\/Mail-Button.jpg\" alt=\"\" srcset=\"https:\/\/eksm.de\/blog\/kirchenkreis\/wp-content\/uploads\/2010\/09\/Mail-Button.jpg 343w, https:\/\/eksm.de\/blog\/kirchenkreis\/wp-content\/uploads\/2010\/09\/Mail-Button-300x147.jpg 300w\" sizes=\"auto, (max-width: 30px) 100vw, 30px\" \/><\/a><\/p>\n\n\n\n<p><\/p>\n\n\n\n<h4 class=\"wp-block-heading\">H\u00e4usliche Krankenpflege<\/h4>\n\n\n\n<ul class=\"wp-block-list\">\n<li>Wir bieten Ihnen ganzheitlich geplante Pflege, auch an Wochenenden und Feiertagen<\/li>\n\n\n\n<li>Hilfe bei der K\u00f6rperpflege<\/li>\n\n\n\n<li>Hilfe bei regelm\u00e4\u00dfig wiederkehrenden Verrichtungen des t\u00e4glichen Lebens<\/li>\n\n\n\n<li>Behandlungspflege nach \u00e4rztlicher Verordnung wie Verb\u00e4nde, Spritzen, Sp\u00fclungen, Stomaversorgung und Sondenem\u00e4hrung<\/li>\n\n\n\n<li>H\u00e4usliche Altenpflege bedeutet Hilfe und Betreuung alter Menschen, damit sie so lange wie m\u00f6glich in der eigenen Wohnung bleiben k\u00f6nnen.<\/li>\n<\/ul>\n\n\n\n<h4 class=\"wp-block-heading\">Hauswirtschaftliche Versorgung<\/h4>\n\n\n\n<ul class=\"wp-block-list\">\n<li>Unsere Mitarbeiter helfen Ihnen beim Erledigen Ihrer Hausarbeit, z. B. Einkaufen, Reinigen der Wohnung, auch in famili\u00e4ren Notf\u00e4llen.<\/li>\n\n\n\n<li>Wir begleiten Sie bei Beh\u00f6rdeng\u00e4ngen und Arztbesuchen.<\/li>\n<\/ul>\n\n\n\n<h4 class=\"wp-block-heading\">Wir beraten Angeh\u00f6rige und Patienten<\/h4>\n\n\n\n<ul class=\"wp-block-list\">\n<li>\u00fcber unser Pflegeangebot,<\/li>\n\n\n\n<li>\u00fcber Leistungen der Krankenkasse,<\/li>\n\n\n\n<li>und vermitteln weitergehende Hilfe,<\/li>\n\n\n\n<li>zur Pflegeversicherung,<\/li>\n\n\n\n<li>\u00fcber Finanzierungsm\u00f6glichkeiten.<\/li>\n<\/ul>\n\n\n\n<h4 class=\"wp-block-heading\">Gespr\u00e4chsangebot<\/h4>\n\n\n\n<ul class=\"wp-block-list\">\n<li> Unsere Mitarbeiter sind gerne Ihr Gespr\u00e4chspartner und vermitteln auf Wunsch seelsorgerliche Betreuung. <\/li>\n<\/ul>\n\n\n\n<h4 class=\"wp-block-heading\">zus\u00e4tzliche Angebote:<\/h4>\n\n\n\n<ul class=\"wp-block-list\">\n<li>H\u00e4usliche Behindertenhilfe und -pflege<\/li>\n\n\n\n<li>Unser Mahlzeitendienst versorgt Sie mit einer frisch gekochten warmen Mahlzeit.<\/li>\n<\/ul>\n\n\n\n<p><\/p>\n","protected":false},"excerpt":{"rendered":"<div class=\"mh-excerpt\"><p>&nbsp; Gesch\u00e4ftsf\u00fchrerin Annett Gratz Weidebrunner Tor 798574 Schmalkalden Tel.: 03683 40 18 75 Umfangreiche Informationen finden Sie auf der Seite der Diakoniestation Schmalkalden. Pflegebereiche Schmalkalden Weidebrunner Tor 7 98574 Schmalkalden Tel.: 03683 40 29 06 <a class=\"mh-excerpt-more\" href=\"https:\/\/eksm.de\/blog\/kirchenkreis\/einrichtungen\/pflegedienst\/\" title=\"Diakoniestation des Evang. Kirchenkreises Schmalkalden\">[&#8230; weiterlesen]<\/a><\/p>\n<\/div>","protected":false},"author":2528,"featured_media":0,"parent":17,"menu_order":0,"comment_status":"closed","ping_status":"closed","template":"","meta":{"ngg_post_thumbnail":0,"footnotes":""},"class_list":["post-134","page","type-page","status-publish"],"_links":{"self":[{"href":"https:\/\/eksm.de\/blog\/kirchenkreis\/wp-json\/wp\/v2\/pages\/134","targetHints":{"allow":["GET"]}}],"collection":[{"href":"https:\/\/eksm.de\/blog\/kirchenkreis\/wp-json\/wp\/v2\/pages"}],"about":[{"href":"https:\/\/eksm.de\/blog\/kirchenkreis\/wp-json\/wp\/v2\/types\/page"}],"author":[{"embeddable":true,"href":"https:\/\/eksm.de\/blog\/kirchenkreis\/wp-json\/wp\/v2\/users\/2528"}],"replies":[{"embeddable":true,"href":"https:\/\/eksm.de\/blog\/kirchenkreis\/wp-json\/wp\/v2\/comments?post=134"}],"version-history":[{"count":5,"href":"https:\/\/eksm.de\/blog\/kirchenkreis\/wp-json\/wp\/v2\/pages\/134\/revisions"}],"predecessor-version":[{"id":5176,"href":"https:\/\/eksm.de\/blog\/kirchenkreis\/wp-json\/wp\/v2\/pages\/134\/revisions\/5176"}],"up":[{"embeddable":true,"href":"https:\/\/eksm.de\/blog\/kirchenkreis\/wp-json\/wp\/v2\/pages\/17"}],"wp:attachment":[{"href":"https:\/\/eksm.de\/blog\/kirchenkreis\/wp-json\/wp\/v2\/media?parent=134"}],"curies":[{"name":"wp","href":"https:\/\/api.w.org\/{rel}","templated":true}]}}

<h4 class="wp-block-heading">&nbsp;</h4>



<h2 class="wp-block-heading">Geschäftsführerin Annett Gratz</h2>



<p>Weidebrunner Tor 7<br>98574 Schmalkalden<br><br>Tel.: 03683 40 18 75<br><br><br><a href="mailto:diakoniestation-schmalkalden@ekkw.de"><img loading="lazy" decoding="async" width="40" height="20" class="wp-image-1100" style="width: 40px;" src="http://eksm.de/blog/kirchenkreis/wp-content/uploads/2010/09/Mail-Button.jpg" alt="" srcset="https://eksm.de/blog/kirchenkreis/wp-content/uploads/2010/09/Mail-Button.jpg 343w, https://eksm.de/blog/kirchenkreis/wp-content/uploads/2010/09/Mail-Button-300x147.jpg 300w" sizes="auto, (max-width: 40px) 100vw, 40px" /></a></p>



<p>Umfangreiche Informationen finden Sie auf der Seite der <a href="https://www.diakoniestation-schmalkalden.de/startseite/">Diakoniestation Schmalkalden</a>.</p>



<p></p>



<p></p>



<h2 class="wp-block-heading">Pflegebereiche</h2>



<h5 class="wp-block-heading">Schmalkalden</h5>



<p>Weidebrunner Tor 7 <br>98574 Schmalkalden <br>Tel.: 03683 40 29 06 <br>Fax: 03683 40 29 07<br><a href="mailto:diakoniestation-schmalkalden@ekkw.de"><img loading="lazy" decoding="async" width="30" height="15" class="wp-image-1100" style="width: 30px;" src="http://eksm.de/blog/kirchenkreis/wp-content/uploads/2010/09/Mail-Button.jpg" alt="" srcset="https://eksm.de/blog/kirchenkreis/wp-content/uploads/2010/09/Mail-Button.jpg 343w, https://eksm.de/blog/kirchenkreis/wp-content/uploads/2010/09/Mail-Button-300x147.jpg 300w" sizes="auto, (max-width: 30px) 100vw, 30px" /></a></p>



<h5 class="wp-block-heading">Steinbach-Hallenberg</h5>



<p>Hauptstr. 89 <br>98587 Steinbach-Hallenberg <br>Tel.: 036847 54 89 81<br><a href="mailto:steinbach-hallenberg.diakoniestation@ekkw.de"><img loading="lazy" decoding="async" width="30" height="15" class="wp-image-1100" style="width: 30px;" src="http://eksm.de/blog/kirchenkreis/wp-content/uploads/2010/09/Mail-Button.jpg" alt="" srcset="https://eksm.de/blog/kirchenkreis/wp-content/uploads/2010/09/Mail-Button.jpg 343w, https://eksm.de/blog/kirchenkreis/wp-content/uploads/2010/09/Mail-Button-300x147.jpg 300w" sizes="auto, (max-width: 30px) 100vw, 30px" /></a></p>



<h5 class="wp-block-heading">Brotterode</h5>



<p>Bahnhofstraße 4 <br>98599 Brotterode-Trusetal<br>Tel.: 036840 32 287 <br>Fax: 036840 31 124 <br><a href="mailto:brotterode.diakoniestation@ekkw.de"><img loading="lazy" decoding="async" width="30" height="15" class="wp-image-1100" style="width: 30px;" src="http://eksm.de/blog/kirchenkreis/wp-content/uploads/2010/09/Mail-Button.jpg" alt="" srcset="https://eksm.de/blog/kirchenkreis/wp-content/uploads/2010/09/Mail-Button.jpg 343w, https://eksm.de/blog/kirchenkreis/wp-content/uploads/2010/09/Mail-Button-300x147.jpg 300w" sizes="auto, (max-width: 30px) 100vw, 30px" /></a></p>



<h5 class="wp-block-heading">Breitungen</h5>



<p>Lange Gasse 2<br>98597 Breitungen <br>Tel.: 0175-5925106<br><a href="mailto:breitungen.diakoniestation@ekkw.de"><img loading="lazy" decoding="async" width="30" height="15" class="wp-image-1100" style="width: 30px;" src="http://eksm.de/blog/kirchenkreis/wp-content/uploads/2010/09/Mail-Button.jpg" alt="" srcset="https://eksm.de/blog/kirchenkreis/wp-content/uploads/2010/09/Mail-Button.jpg 343w, https://eksm.de/blog/kirchenkreis/wp-content/uploads/2010/09/Mail-Button-300x147.jpg 300w" sizes="auto, (max-width: 30px) 100vw, 30px" /></a></p>



<h5 class="wp-block-heading">Trusetal</h5>



<p>Diakoniestation Trusetal &#8222;Zum Heimattal&#8220;<br>An der Sporthalle 3<br>98596 Brotterode-Trusetal<br>Tel.: 036840 40 99 44<br><a href="mailto:trusetal.diakoniestation@ekkw.de"><img loading="lazy" decoding="async" width="30" height="15" class="wp-image-1100" style="width: 30px;" src="http://eksm.de/blog/kirchenkreis/wp-content/uploads/2010/09/Mail-Button.jpg" alt="" srcset="https://eksm.de/blog/kirchenkreis/wp-content/uploads/2010/09/Mail-Button.jpg 343w, https://eksm.de/blog/kirchenkreis/wp-content/uploads/2010/09/Mail-Button-300x147.jpg 300w" sizes="auto, (max-width: 30px) 100vw, 30px" /></a></p>



<p></p>



<h4 class="wp-block-heading">Häusliche Krankenpflege</h4>



<ul class="wp-block-list">
<li>Wir bieten Ihnen ganzheitlich geplante Pflege, auch an Wochenenden und Feiertagen</li>



<li>Hilfe bei der Körperpflege</li>



<li>Hilfe bei regelmäßig wiederkehrenden Verrichtungen des täglichen Lebens</li>



<li>Behandlungspflege nach ärztlicher Verordnung wie Verbände, Spritzen, Spülungen, Stomaversorgung und Sondenemährung</li>



<li>Häusliche Altenpflege bedeutet Hilfe und Betreuung alter Menschen, damit sie so lange wie möglich in der eigenen Wohnung bleiben können.</li>
</ul>



<h4 class="wp-block-heading">Hauswirtschaftliche Versorgung</h4>



<ul class="wp-block-list">
<li>Unsere Mitarbeiter helfen Ihnen beim Erledigen Ihrer Hausarbeit, z. B. Einkaufen, Reinigen der Wohnung, auch in familiären Notfällen.</li>



<li>Wir begleiten Sie bei Behördengängen und Arztbesuchen.</li>
</ul>



<h4 class="wp-block-heading">Wir beraten Angehörige und Patienten</h4>



<ul class="wp-block-list">
<li>über unser Pflegeangebot,</li>



<li>über Leistungen der Krankenkasse,</li>



<li>und vermitteln weitergehende Hilfe,</li>



<li>zur Pflegeversicherung,</li>



<li>über Finanzierungsmöglichkeiten.</li>
</ul>



<h4 class="wp-block-heading">Gesprächsangebot</h4>



<ul class="wp-block-list">
<li> Unsere Mitarbeiter sind gerne Ihr Gesprächspartner und vermitteln auf Wunsch seelsorgerliche Betreuung. </li>
</ul>



<h4 class="wp-block-heading">zusätzliche Angebote:</h4>



<ul class="wp-block-list">
<li>Häusliche Behindertenhilfe und -pflege</li>



<li>Unser Mahlzeitendienst versorgt Sie mit einer frisch gekochten warmen Mahlzeit.</li>
</ul>



<p></p>

<div class="mh-excerpt"><p>&nbsp; Geschäftsführerin Annett Gratz Weidebrunner Tor 798574 Schmalkalden Tel.: 03683 40 18 75 Umfangreiche Informationen finden Sie auf der Seite der Diakoniestation Schmalkalden. Pflegebereiche Schmalkalden Weidebrunner Tor 7 98574 Schmalkalden Tel.: 03683 40 29 06 <a class="mh-excerpt-more" href="https://eksm.de/blog/kirchenkreis/einrichtungen/pflegedienst/" title="Diakoniestation des Evang. Kirchenkreises Schmalkalden">[&#8230; weiterlesen]</a></p>
</div>
