{"id":137,"date":"2010-09-15T15:25:47","date_gmt":"2010-09-15T13:25:47","guid":{"rendered":"http:\/\/eksm.de\/?page_id=137"},"modified":"2025-02-14T12:07:51","modified_gmt":"2025-02-14T11:07:51","slug":"evangelische-studentengemeinde-schmalkalden","status":"publish","type":"page","link":"https:\/\/eksm.de\/blog\/kirchenkreis\/einrichtungen\/evangelische-studentengemeinde-schmalkalden\/","title":{"rendered":"Ev. Studierendengemeinde"},"content":{"rendered":"\n<p><strong>Pfarrer Uwe Hanis<\/strong>         <img decoding=\"async\" class=\"wp-image-3686\" style=\"width: 100px;\" src=\"http:\/\/eksm.de\/blog\/kirchenkreis\/wp-content\/uploads\/2022\/01\/Pfarrer_Hanis_Uwe_2-2.jpg\" alt=\"\"><\/p>\n\n\n\n<p>Pfarramt<br>Am Kirchweg 8<br>98574 Schmalkalden \/ OT Springstille<\/p>\n\n\n\n<p>Tel. 036847 30013<\/p>\n\n\n\n<figure class=\"wp-block-image size-full is-resized\"><a href=\"mailto:uwe.hanis@ekkw.de\"><img loading=\"lazy\" decoding=\"async\" width=\"343\" height=\"169\" src=\"http:\/\/eksm.de\/blog\/kirchenkreis\/wp-content\/uploads\/2010\/09\/Mail-Button.jpg\" alt=\"\" class=\"wp-image-1100\" style=\"width:69px;height:34px\" srcset=\"https:\/\/eksm.de\/blog\/kirchenkreis\/wp-content\/uploads\/2010\/09\/Mail-Button.jpg 343w, https:\/\/eksm.de\/blog\/kirchenkreis\/wp-content\/uploads\/2010\/09\/Mail-Button-300x147.jpg 300w\" sizes=\"auto, (max-width: 343px) 100vw, 343px\" \/><\/a><\/figure>\n\n\n\n<figure class=\"wp-block-image\"><img decoding=\"async\" src=\"http:\/\/www.eksm.de\/images\/fhs-logo.png\" alt=\"\"\/><\/figure>\n\n\n\n<p>Fachhochschule Schmalkalden<\/p>\n\n\n\n<p><small>Blechhammer<br>D-98574 Schmalkalden<br>Telefon: +49 (0) 3683 &#8211; 688 0<br>Telefax: +49 (0) 3683 &#8211; 688 1920<br><\/small><\/p>\n\n\n\n<p>Die evangelische Studentengemeinde Schmalkalden ist eine von insgesamt f\u00fcnf Studentengemeinden, die die evangelische Kirche von Kurhessen-Waldeck unterh\u00e4lt (Marburg, Kassel, Fulda, Witzenhausen, Schmalkalden). Wir m\u00f6chten Studierenden aller Fachrichtungen ein Angebot machen, das die Pflege von Gemeinschaft f\u00f6rdert und die Auseinandersetzung mit relevanten Gegenwartsthemen im Hinblick auf die eigene Lebensf\u00fchrung best\u00e4rkt. Inzwischen arbeiten wir gezielt auch mit den Th\u00fcringer ESG&#8217;s zusammen. Um in die ESG zu kommen, muss man keiner Kirche angeh\u00f6ren. Wichtig ist, dass Ihr Euch bei uns wohl f\u00fchlt!<\/p>\n\n\n\n<h4 class=\"wp-block-heading\">Treffpunkt:<\/h4>\n\n\n\n<p>dienstags um 19:00 Uhr im Gemeindehaus an der Bohrm\u00fchle 7<br>zum gemeinsamen Abendessen und anschlie\u00dfender Abendgestaltung<\/p>\n\n\n\n<p><\/p>\n","protected":false},"excerpt":{"rendered":"<div class=\"mh-excerpt\"><p>Pfarrer Uwe Hanis PfarramtAm Kirchweg 898574 Schmalkalden \/ OT Springstille Tel. 036847 30013 Fachhochschule Schmalkalden BlechhammerD-98574 SchmalkaldenTelefon: +49 (0) 3683 &#8211; 688 0Telefax: +49 (0) 3683 &#8211; 688 1920 Die evangelische Studentengemeinde Schmalkalden ist eine <a class=\"mh-excerpt-more\" href=\"https:\/\/eksm.de\/blog\/kirchenkreis\/einrichtungen\/evangelische-studentengemeinde-schmalkalden\/\" title=\"Ev. Studierendengemeinde\">[&#8230; weiterlesen]<\/a><\/p>\n<\/div>","protected":false},"author":2528,"featured_media":0,"parent":17,"menu_order":0,"comment_status":"closed","ping_status":"closed","template":"","meta":{"ngg_post_thumbnail":0,"footnotes":""},"class_list":["post-137","page","type-page","status-publish"],"_links":{"self":[{"href":"https:\/\/eksm.de\/blog\/kirchenkreis\/wp-json\/wp\/v2\/pages\/137","targetHints":{"allow":["GET"]}}],"collection":[{"href":"https:\/\/eksm.de\/blog\/kirchenkreis\/wp-json\/wp\/v2\/pages"}],"about":[{"href":"https:\/\/eksm.de\/blog\/kirchenkreis\/wp-json\/wp\/v2\/types\/page"}],"author":[{"embeddable":true,"href":"https:\/\/eksm.de\/blog\/kirchenkreis\/wp-json\/wp\/v2\/users\/2528"}],"replies":[{"embeddable":true,"href":"https:\/\/eksm.de\/blog\/kirchenkreis\/wp-json\/wp\/v2\/comments?post=137"}],"version-history":[{"count":10,"href":"https:\/\/eksm.de\/blog\/kirchenkreis\/wp-json\/wp\/v2\/pages\/137\/revisions"}],"predecessor-version":[{"id":5185,"href":"https:\/\/eksm.de\/blog\/kirchenkreis\/wp-json\/wp\/v2\/pages\/137\/revisions\/5185"}],"up":[{"embeddable":true,"href":"https:\/\/eksm.de\/blog\/kirchenkreis\/wp-json\/wp\/v2\/pages\/17"}],"wp:attachment":[{"href":"https:\/\/eksm.de\/blog\/kirchenkreis\/wp-json\/wp\/v2\/media?parent=137"}],"curies":[{"name":"wp","href":"https:\/\/api.w.org\/{rel}","templated":true}]}}

<p><strong>Pfarrer Uwe Hanis</strong>         <img decoding="async" class="wp-image-3686" style="width: 100px;" src="http://eksm.de/blog/kirchenkreis/wp-content/uploads/2022/01/Pfarrer_Hanis_Uwe_2-2.jpg" alt=""></p>



<p>Pfarramt<br>Am Kirchweg 8<br>98574 Schmalkalden / OT Springstille</p>



<p>Tel. 036847 30013</p>



<figure class="wp-block-image size-full is-resized"><a href="mailto:uwe.hanis@ekkw.de"><img loading="lazy" decoding="async" width="343" height="169" src="http://eksm.de/blog/kirchenkreis/wp-content/uploads/2010/09/Mail-Button.jpg" alt="" class="wp-image-1100" style="width:69px;height:34px" srcset="https://eksm.de/blog/kirchenkreis/wp-content/uploads/2010/09/Mail-Button.jpg 343w, https://eksm.de/blog/kirchenkreis/wp-content/uploads/2010/09/Mail-Button-300x147.jpg 300w" sizes="auto, (max-width: 343px) 100vw, 343px" /></a></figure>



<figure class="wp-block-image"><img decoding="async" src="http://www.eksm.de/images/fhs-logo.png" alt=""/></figure>



<p>Fachhochschule Schmalkalden</p>



<p><small>Blechhammer<br>D-98574 Schmalkalden<br>Telefon: +49 (0) 3683 &#8211; 688 0<br>Telefax: +49 (0) 3683 &#8211; 688 1920<br></small></p>



<p>Die evangelische Studentengemeinde Schmalkalden ist eine von insgesamt fünf Studentengemeinden, die die evangelische Kirche von Kurhessen-Waldeck unterhält (Marburg, Kassel, Fulda, Witzenhausen, Schmalkalden). Wir möchten Studierenden aller Fachrichtungen ein Angebot machen, das die Pflege von Gemeinschaft fördert und die Auseinandersetzung mit relevanten Gegenwartsthemen im Hinblick auf die eigene Lebensführung bestärkt. Inzwischen arbeiten wir gezielt auch mit den Thüringer ESG&#8217;s zusammen. Um in die ESG zu kommen, muss man keiner Kirche angehören. Wichtig ist, dass Ihr Euch bei uns wohl fühlt!</p>



<h4 class="wp-block-heading">Treffpunkt:</h4>



<p>dienstags um 19:00 Uhr im Gemeindehaus an der Bohrmühle 7<br>zum gemeinsamen Abendessen und anschließender Abendgestaltung</p>



<p></p>
