{"id":24,"date":"2020-09-14T01:15:00","date_gmt":"2020-09-13T23:15:00","guid":{"rendered":"http:\/\/eksm.de\/?page_id=24"},"modified":"2026-04-09T08:58:01","modified_gmt":"2026-04-09T06:58:01","slug":"kontakt","status":"publish","type":"page","link":"https:\/\/eksm.de\/blog\/kirchenkreis\/kontakt\/","title":{"rendered":"Stellenausschreibungen"},"content":{"rendered":"\n<p>Hier finden Sie die aktuellen Stellenausschreibungen unseres Kirchenkreises.<\/p>\n\n\n\n\n\n<a href=\"https:\/\/eksm.de\/?page_id=4780\">Mitarbeiter in der Kinder- und Jugendarbeit (m\/w\/d) in Steinbach-Hallenberg <\/a> <br><br>\n\n\n<a href=\"https:\/\/eksm.de\/?page_id=4775\">Staatl. anerkannte Pflegefachkr\u00e4fte, Pflegekr\u00e4fte sowie Hauswirtschaftskr\u00e4fte  (m\/w\/d) <\/a> <br><br>\n\n<a href=\"https:\/\/eksm.de\/?page_id=4783\">P\u00e4dagogische Fachkr\u00e4fte (m\/w\/d) <\/a> <br><br>\n\n<a href=\"https:\/\/eksm.de\/?page_id=4787\">Freiwilliges Soziales Jahr in den Ev. Kitas oder der Martin-Luther-Schule <\/a> <br><br>\n\n\n\n<p><\/p>\n\n\n\n<p><\/p>\n\n\n\n<p><\/p>\n\n\n\n<p><\/p>\n\n\n\n<p><br><\/p>\n\n\n\n<p><\/p>\n","protected":false},"excerpt":{"rendered":"<div class=\"mh-excerpt\"><p>Hier finden Sie die aktuellen Stellenausschreibungen unseres Kirchenkreises. Mitarbeiter in der Kinder- und Jugendarbeit (m\/w\/d) in Steinbach-Hallenberg Staatl. anerkannte Pflegefachkr\u00e4fte, Pflegekr\u00e4fte sowie Hauswirtschaftskr\u00e4fte (m\/w\/d) P\u00e4dagogische Fachkr\u00e4fte (m\/w\/d) Freiwilliges Soziales Jahr in den Ev. Kitas oder <a class=\"mh-excerpt-more\" href=\"https:\/\/eksm.de\/blog\/kirchenkreis\/kontakt\/\" title=\"Stellenausschreibungen\">[&#8230; weiterlesen]<\/a><\/p>\n<\/div>","protected":false},"author":2528,"featured_media":2627,"parent":0,"menu_order":3,"comment_status":"closed","ping_status":"closed","template":"","meta":{"ngg_post_thumbnail":0,"footnotes":""},"class_list":["post-24","page","type-page","status-publish","has-post-thumbnail"],"_links":{"self":[{"href":"https:\/\/eksm.de\/blog\/kirchenkreis\/wp-json\/wp\/v2\/pages\/24","targetHints":{"allow":["GET"]}}],"collection":[{"href":"https:\/\/eksm.de\/blog\/kirchenkreis\/wp-json\/wp\/v2\/pages"}],"about":[{"href":"https:\/\/eksm.de\/blog\/kirchenkreis\/wp-json\/wp\/v2\/types\/page"}],"author":[{"embeddable":true,"href":"https:\/\/eksm.de\/blog\/kirchenkreis\/wp-json\/wp\/v2\/users\/2528"}],"replies":[{"embeddable":true,"href":"https:\/\/eksm.de\/blog\/kirchenkreis\/wp-json\/wp\/v2\/comments?post=24"}],"version-history":[{"count":93,"href":"https:\/\/eksm.de\/blog\/kirchenkreis\/wp-json\/wp\/v2\/pages\/24\/revisions"}],"predecessor-version":[{"id":5939,"href":"https:\/\/eksm.de\/blog\/kirchenkreis\/wp-json\/wp\/v2\/pages\/24\/revisions\/5939"}],"wp:featuredmedia":[{"embeddable":true,"href":"https:\/\/eksm.de\/blog\/kirchenkreis\/wp-json\/wp\/v2\/media\/2627"}],"wp:attachment":[{"href":"https:\/\/eksm.de\/blog\/kirchenkreis\/wp-json\/wp\/v2\/media?parent=24"}],"curies":[{"name":"wp","href":"https:\/\/api.w.org\/{rel}","templated":true}]}}

<p>Hier finden Sie die aktuellen Stellenausschreibungen unseres Kirchenkreises.</p>





<a href="https://eksm.de/?page_id=4780">Mitarbeiter in der Kinder- und Jugendarbeit (m/w/d) in Steinbach-Hallenberg </a> <br><br>


<a href="https://eksm.de/?page_id=4775">Staatl. anerkannte Pflegefachkräfte, Pflegekräfte sowie Hauswirtschaftskräfte  (m/w/d) </a> <br><br>

<a href="https://eksm.de/?page_id=4783">Pädagogische Fachkräfte (m/w/d) </a> <br><br>

<a href="https://eksm.de/?page_id=4787">Freiwilliges Soziales Jahr in den Ev. Kitas oder der Martin-Luther-Schule </a> <br><br>



<p></p>



<p></p>



<p></p>



<p></p>



<p><br></p>



<p></p>

<div class="mh-excerpt"><p>Hier finden Sie die aktuellen Stellenausschreibungen unseres Kirchenkreises. Mitarbeiter in der Kinder- und Jugendarbeit (m/w/d) in Steinbach-Hallenberg Staatl. anerkannte Pflegefachkräfte, Pflegekräfte sowie Hauswirtschaftskräfte (m/w/d) Pädagogische Fachkräfte (m/w/d) Freiwilliges Soziales Jahr in den Ev. Kitas oder <a class="mh-excerpt-more" href="https://eksm.de/blog/kirchenkreis/kontakt/" title="Stellenausschreibungen">[&#8230; weiterlesen]</a></p>
</div>
