{"id":2468,"date":"2017-08-04T22:12:24","date_gmt":"2017-08-04T20:12:24","guid":{"rendered":"http:\/\/eksm.de\/?page_id=2468"},"modified":"2024-03-06T11:22:59","modified_gmt":"2024-03-06T10:22:59","slug":"orgelmusik","status":"publish","type":"page","link":"https:\/\/eksm.de\/blog\/kirchenkreis\/kirchenmusik\/orgelmusik\/","title":{"rendered":"Orgelmusik"},"content":{"rendered":"<p><img loading=\"lazy\" decoding=\"async\" class=\"alignnone wp-image-2497 size-large\" src=\"http:\/\/eksm.de\/blog\/kirchenkreis\/wp-content\/uploads\/2017\/08\/DSC_0154-1024x678.jpg\" alt=\"\" width=\"1024\" height=\"678\" srcset=\"https:\/\/eksm.de\/blog\/kirchenkreis\/wp-content\/uploads\/2017\/08\/DSC_0154-1024x678.jpg 1024w, https:\/\/eksm.de\/blog\/kirchenkreis\/wp-content\/uploads\/2017\/08\/DSC_0154-300x199.jpg 300w, https:\/\/eksm.de\/blog\/kirchenkreis\/wp-content\/uploads\/2017\/08\/DSC_0154-768x509.jpg 768w\" sizes=\"auto, (max-width: 1024px) 100vw, 1024px\" \/><\/p>\n<p>Die Orgel in der Stadtkirche St. Georg, Schmalkalden, wurde 1964 von der Firma Schuster &amp; Sohn gebaut. Sie verf\u00fcgt \u00fcber 39 Register (III\/P) und erklingt in nahezu allen Gottesdiensten sowie in Konzerten.<\/p>\n<p>Besonders beliebt bei Einheimischen sowie Touristen sind in den Sommermonaten die Orgelmusiken zur Marktzeit (Mai-September, mittwochs, 12.00 Uhr) und zum Jahresabschluss das &#8222;Orgelfeuerwerk&#8220; (Silvester, 31.12., 22.00 Uhr). &gt;&gt; <a href=\"http:\/\/eksm.de\/?page_id=641\" target=\"_blank\" rel=\"noopener\">Konzerte<\/a><\/p>\n<h2>Orgelunterricht<\/h2>\n<p>Voraussetzung f\u00fcr das Erlernen des Orgelspiels sind Grundlagenkenntnisse im Klavierspiel und die Bereitschaft, Gottesdienste in der Evangelischen Kirche von Kurhessen-Waldeck musikalisch zu begleiten.<\/p>\n<p>Unterrichtsort ist die Stadtkirche St. Georg in Schmalkalden. Es wird eine geringe Unterrichtsgeb\u00fchr erhoben. N\u00e4here Informationen erhalten Sie bei Bezirkskantor <a href=\"http:\/\/eksm.de\/?page_id=665\" target=\"_blank\" rel=\"noopener\">Andreas Conrad<\/a>.<\/p>\n<p>Bei Interesse besteht die M\u00f6glichkeit, die nebenberufliche Kirchenmusikerausbildung zu absolvieren. N\u00e4here Informationen finden Sie <a href=\"http:\/\/eksm.de\/?page_id=2506\">hier<\/a>.&nbsp;<\/p>\n<h2>Orgelf\u00fchrungen<\/h2>\n<p>Orgelf\u00fchrungen mit Klangbeispielen und einem Blick in das Innere des Instruments lassen Kinder und Erwachsene nicht selten staunen, wie viel Musik und Physik miteinander zu tun haben. Die F\u00fchrungen werden zu bestimmten Anl\u00e4ssen (z. B. Gemeindefest) aber auch auf Anfrage (f\u00fcr Schulklassen und andere interessierte Gruppen) angeboten.&nbsp; Bitte wenden Sie sich bei Interesse an Bezirkskantor <a href=\"http:\/\/eksm.de\/?page_id=665\" target=\"_blank\" rel=\"noopener\">Andreas Conrad.<\/a><\/p>\n<p>&nbsp;<\/p>\n","protected":false},"excerpt":{"rendered":"<div class=\"mh-excerpt\"><p>Die Orgel in der Stadtkirche St. Georg, Schmalkalden, wurde 1964 von der Firma Schuster &amp; Sohn gebaut. Sie verf\u00fcgt \u00fcber 39 Register (III\/P) und erklingt in nahezu allen Gottesdiensten sowie in Konzerten. Besonders beliebt bei <a class=\"mh-excerpt-more\" href=\"https:\/\/eksm.de\/blog\/kirchenkreis\/kirchenmusik\/orgelmusik\/\" title=\"Orgelmusik\">[&#8230; weiterlesen]<\/a><\/p>\n<\/div>","protected":false},"author":109,"featured_media":0,"parent":627,"menu_order":5,"comment_status":"closed","ping_status":"closed","template":"","meta":{"ngg_post_thumbnail":0,"footnotes":""},"class_list":["post-2468","page","type-page","status-publish"],"_links":{"self":[{"href":"https:\/\/eksm.de\/blog\/kirchenkreis\/wp-json\/wp\/v2\/pages\/2468","targetHints":{"allow":["GET"]}}],"collection":[{"href":"https:\/\/eksm.de\/blog\/kirchenkreis\/wp-json\/wp\/v2\/pages"}],"about":[{"href":"https:\/\/eksm.de\/blog\/kirchenkreis\/wp-json\/wp\/v2\/types\/page"}],"author":[{"embeddable":true,"href":"https:\/\/eksm.de\/blog\/kirchenkreis\/wp-json\/wp\/v2\/users\/109"}],"replies":[{"embeddable":true,"href":"https:\/\/eksm.de\/blog\/kirchenkreis\/wp-json\/wp\/v2\/comments?post=2468"}],"version-history":[{"count":9,"href":"https:\/\/eksm.de\/blog\/kirchenkreis\/wp-json\/wp\/v2\/pages\/2468\/revisions"}],"predecessor-version":[{"id":4587,"href":"https:\/\/eksm.de\/blog\/kirchenkreis\/wp-json\/wp\/v2\/pages\/2468\/revisions\/4587"}],"up":[{"embeddable":true,"href":"https:\/\/eksm.de\/blog\/kirchenkreis\/wp-json\/wp\/v2\/pages\/627"}],"wp:attachment":[{"href":"https:\/\/eksm.de\/blog\/kirchenkreis\/wp-json\/wp\/v2\/media?parent=2468"}],"curies":[{"name":"wp","href":"https:\/\/api.w.org\/{rel}","templated":true}]}}

<p><img loading="lazy" decoding="async" class="alignnone wp-image-2497 size-large" src="http://eksm.de/blog/kirchenkreis/wp-content/uploads/2017/08/DSC_0154-1024x678.jpg" alt="" width="1024" height="678" srcset="https://eksm.de/blog/kirchenkreis/wp-content/uploads/2017/08/DSC_0154-1024x678.jpg 1024w, https://eksm.de/blog/kirchenkreis/wp-content/uploads/2017/08/DSC_0154-300x199.jpg 300w, https://eksm.de/blog/kirchenkreis/wp-content/uploads/2017/08/DSC_0154-768x509.jpg 768w" sizes="auto, (max-width: 1024px) 100vw, 1024px" /></p>
<p>Die Orgel in der Stadtkirche St. Georg, Schmalkalden, wurde 1964 von der Firma Schuster &amp; Sohn gebaut. Sie verfügt über 39 Register (III/P) und erklingt in nahezu allen Gottesdiensten sowie in Konzerten.</p>
<p>Besonders beliebt bei Einheimischen sowie Touristen sind in den Sommermonaten die Orgelmusiken zur Marktzeit (Mai-September, mittwochs, 12.00 Uhr) und zum Jahresabschluss das &#8222;Orgelfeuerwerk&#8220; (Silvester, 31.12., 22.00 Uhr). &gt;&gt; <a href="http://eksm.de/?page_id=641" target="_blank" rel="noopener">Konzerte</a></p>
<h2>Orgelunterricht</h2>
<p>Voraussetzung für das Erlernen des Orgelspiels sind Grundlagenkenntnisse im Klavierspiel und die Bereitschaft, Gottesdienste in der Evangelischen Kirche von Kurhessen-Waldeck musikalisch zu begleiten.</p>
<p>Unterrichtsort ist die Stadtkirche St. Georg in Schmalkalden. Es wird eine geringe Unterrichtsgebühr erhoben. Nähere Informationen erhalten Sie bei Bezirkskantor <a href="http://eksm.de/?page_id=665" target="_blank" rel="noopener">Andreas Conrad</a>.</p>
<p>Bei Interesse besteht die Möglichkeit, die nebenberufliche Kirchenmusikerausbildung zu absolvieren. Nähere Informationen finden Sie <a href="http://eksm.de/?page_id=2506">hier</a>.&nbsp;</p>
<h2>Orgelführungen</h2>
<p>Orgelführungen mit Klangbeispielen und einem Blick in das Innere des Instruments lassen Kinder und Erwachsene nicht selten staunen, wie viel Musik und Physik miteinander zu tun haben. Die Führungen werden zu bestimmten Anlässen (z. B. Gemeindefest) aber auch auf Anfrage (für Schulklassen und andere interessierte Gruppen) angeboten.&nbsp; Bitte wenden Sie sich bei Interesse an Bezirkskantor <a href="http://eksm.de/?page_id=665" target="_blank" rel="noopener">Andreas Conrad.</a></p>
<p>&nbsp;</p>

<div class="mh-excerpt"><p>Die Orgel in der Stadtkirche St. Georg, Schmalkalden, wurde 1964 von der Firma Schuster &amp; Sohn gebaut. Sie verfügt über 39 Register (III/P) und erklingt in nahezu allen Gottesdiensten sowie in Konzerten. Besonders beliebt bei <a class="mh-excerpt-more" href="https://eksm.de/blog/kirchenkreis/kirchenmusik/orgelmusik/" title="Orgelmusik">[&#8230; weiterlesen]</a></p>
</div>
