{"id":4334,"date":"2023-04-25T15:22:15","date_gmt":"2023-04-25T13:22:15","guid":{"rendered":"https:\/\/eksm.de\/?page_id=4334"},"modified":"2025-04-14T16:12:18","modified_gmt":"2025-04-14T14:12:18","slug":"fuer-unsere-angebote-fuer-kinder-jugendliche-und-familien-suchen-wir-unterstuetzung-in-der-ev-kirchengemeinde-schmalkalden","status":"publish","type":"page","link":"https:\/\/eksm.de\/blog\/kirchenkreis\/fuer-unsere-angebote-fuer-kinder-jugendliche-und-familien-suchen-wir-unterstuetzung-in-der-ev-kirchengemeinde-schmalkalden\/","title":{"rendered":"F\u00fcr Kinder und Jugendliche da sein"},"content":{"rendered":"\n<figure class=\"wp-block-image size-large\"><img loading=\"lazy\" decoding=\"async\" width=\"1024\" height=\"341\" src=\"https:\/\/eksm.de\/blog\/kirchenkreis\/wp-content\/uploads\/2025\/04\/web_Kinderundjugendarbeit_CanvaPro-1024x341.jpg\" alt=\"\" class=\"wp-image-5494\" srcset=\"https:\/\/eksm.de\/blog\/kirchenkreis\/wp-content\/uploads\/2025\/04\/web_Kinderundjugendarbeit_CanvaPro-1024x341.jpg 1024w, https:\/\/eksm.de\/blog\/kirchenkreis\/wp-content\/uploads\/2025\/04\/web_Kinderundjugendarbeit_CanvaPro-300x100.jpg 300w, https:\/\/eksm.de\/blog\/kirchenkreis\/wp-content\/uploads\/2025\/04\/web_Kinderundjugendarbeit_CanvaPro-150x50.jpg 150w, https:\/\/eksm.de\/blog\/kirchenkreis\/wp-content\/uploads\/2025\/04\/web_Kinderundjugendarbeit_CanvaPro-768x256.jpg 768w, https:\/\/eksm.de\/blog\/kirchenkreis\/wp-content\/uploads\/2025\/04\/web_Kinderundjugendarbeit_CanvaPro.jpg 1200w\" sizes=\"auto, (max-width: 1024px) 100vw, 1024px\" \/><\/figure>\n\n\n\n<p>F\u00fcr unsere Angebote f\u00fcr Kinder, Jugendliche und Familien suchen wir Unterst\u00fctzung in der Ev. Kirchengemeinde Schmalkalden.<\/p>\n\n\n\n<p><strong>Kindertreff St. Georg<\/strong><\/p>\n\n\n\n<p>Das Leuchten in den Augen der Kinder, mit denen wir unseren <strong>Kindertreff St. Georg <\/strong>durchf\u00fchren, ist eines der wertvollsten Geschenke.<\/p>\n\n\n\n<p>Wir w\u00fcnschen uns Unterst\u00fctzung, damit wir diese besondere Flamme am Leuchten halten k\u00f6nnen.<\/p>\n\n\n\n<p>Wenn Sie die Entwicklung von Kindern in unserer Gemeinde tatkr\u00e4ftig unterst\u00fctzen wollen, dann sind Sie bei uns genau richtig. Wir treffen uns nach Absprache zur Vorbereitung der Treffen in den fr\u00fchen Abendstunden und f\u00fchren<strong> jeden zweiten Samstag im Monat an zwei Stunden am Vormittag<\/strong> unseren <strong>Kindertreff St. Georg<\/strong> durch. Wir basteln, spielen und singen gemeinsam und vermitteln so die biblischen Themen, die in unserer Gemeinde erarbeitet werden. Unsere Kinder sind im Grundschulalter und wir Gro\u00dfen sind ein Team aus derzeit f\u00fcnf junggebliebenen Menschen &#x1f60a;. <\/p>\n\n\n\n<p><strong>Teenie-Treff<\/strong><\/p>\n\n\n\n<p><strong>Jeden ersten Montag im Monat treffen wir uns mit Teenies der 5ten und 6ten Schulklassen um 17:00 Uhr <\/strong>zum Kochen, Backen, Basteln, Spielen, Ausfl\u00fcge machen und vieles mehr. Begleitet werden sie dabei von uns, einem kleinen Team toller Menschen, die hierf\u00fcr Unterst\u00fctzung brauchen.<\/p>\n\n\n\n<p><\/p>\n\n\n\n<p><strong>Und dann war da noch\u2026.<\/strong><\/p>\n\n\n\n<p><strong>Jugendleiter*in-Card (Juleica) und Start-up!<\/strong><\/p>\n\n\n\n<p>Jugendliche ab 14 Jahren haben die M\u00f6glichkeit, sich bei uns f\u00fcr das Ehrenamt ausbilden zu lassen (<strong>Start-up!)<\/strong> und k\u00f6nnen dar\u00fcber die <strong>Jugendleiter*in-Card (Juleica)<\/strong> (ab 16 Jahren) erwerben.<\/p>\n\n\n\n<p>Weitere Infos erhaltet ihr vom Jugendmitarbeiter Immanuel Haase unter <a href=\"mailto:rene.carrie@ekkw.de\">immanuel.haase@ekkw.de<\/a><br><\/p>\n\n\n\n<figure class=\"wp-block-image size-full\"><img loading=\"lazy\" decoding=\"async\" width=\"227\" height=\"102\" src=\"https:\/\/eksm.de\/blog\/kirchenkreis\/wp-content\/uploads\/2024\/10\/image-2.png\" alt=\"\" class=\"wp-image-4941\"\/><\/figure>\n","protected":false},"excerpt":{"rendered":"<div class=\"mh-excerpt\"><p>F\u00fcr unsere Angebote f\u00fcr Kinder, Jugendliche und Familien suchen wir Unterst\u00fctzung in der Ev. Kirchengemeinde Schmalkalden. Kindertreff St. Georg Das Leuchten in den Augen der Kinder, mit denen wir unseren Kindertreff St. Georg durchf\u00fchren, ist <a class=\"mh-excerpt-more\" href=\"https:\/\/eksm.de\/blog\/kirchenkreis\/fuer-unsere-angebote-fuer-kinder-jugendliche-und-familien-suchen-wir-unterstuetzung-in-der-ev-kirchengemeinde-schmalkalden\/\" title=\"F\u00fcr Kinder und Jugendliche da sein\">[&#8230; weiterlesen]<\/a><\/p>\n<\/div>","protected":false},"author":2528,"featured_media":0,"parent":0,"menu_order":0,"comment_status":"closed","ping_status":"closed","template":"","meta":{"ngg_post_thumbnail":0,"footnotes":""},"class_list":["post-4334","page","type-page","status-publish"],"_links":{"self":[{"href":"https:\/\/eksm.de\/blog\/kirchenkreis\/wp-json\/wp\/v2\/pages\/4334","targetHints":{"allow":["GET"]}}],"collection":[{"href":"https:\/\/eksm.de\/blog\/kirchenkreis\/wp-json\/wp\/v2\/pages"}],"about":[{"href":"https:\/\/eksm.de\/blog\/kirchenkreis\/wp-json\/wp\/v2\/types\/page"}],"author":[{"embeddable":true,"href":"https:\/\/eksm.de\/blog\/kirchenkreis\/wp-json\/wp\/v2\/users\/2528"}],"replies":[{"embeddable":true,"href":"https:\/\/eksm.de\/blog\/kirchenkreis\/wp-json\/wp\/v2\/comments?post=4334"}],"version-history":[{"count":7,"href":"https:\/\/eksm.de\/blog\/kirchenkreis\/wp-json\/wp\/v2\/pages\/4334\/revisions"}],"predecessor-version":[{"id":5495,"href":"https:\/\/eksm.de\/blog\/kirchenkreis\/wp-json\/wp\/v2\/pages\/4334\/revisions\/5495"}],"wp:attachment":[{"href":"https:\/\/eksm.de\/blog\/kirchenkreis\/wp-json\/wp\/v2\/media?parent=4334"}],"curies":[{"name":"wp","href":"https:\/\/api.w.org\/{rel}","templated":true}]}}

Für Kinder und Jugendliche da sein

<figure class="wp-block-image size-large"><img loading="lazy" decoding="async" width="1024" height="341" src="https://eksm.de/blog/kirchenkreis/wp-content/uploads/2025/04/web_Kinderundjugendarbeit_CanvaPro-1024x341.jpg" alt="" class="wp-image-5494" srcset="https://eksm.de/blog/kirchenkreis/wp-content/uploads/2025/04/web_Kinderundjugendarbeit_CanvaPro-1024x341.jpg 1024w, https://eksm.de/blog/kirchenkreis/wp-content/uploads/2025/04/web_Kinderundjugendarbeit_CanvaPro-300x100.jpg 300w, https://eksm.de/blog/kirchenkreis/wp-content/uploads/2025/04/web_Kinderundjugendarbeit_CanvaPro-150x50.jpg 150w, https://eksm.de/blog/kirchenkreis/wp-content/uploads/2025/04/web_Kinderundjugendarbeit_CanvaPro-768x256.jpg 768w, https://eksm.de/blog/kirchenkreis/wp-content/uploads/2025/04/web_Kinderundjugendarbeit_CanvaPro.jpg 1200w" sizes="auto, (max-width: 1024px) 100vw, 1024px" /></figure>



<p>Für unsere Angebote für Kinder, Jugendliche und Familien suchen wir Unterstützung in der Ev. Kirchengemeinde Schmalkalden.</p>



<p><strong>Kindertreff St. Georg</strong></p>



<p>Das Leuchten in den Augen der Kinder, mit denen wir unseren <strong>Kindertreff St. Georg </strong>durchführen, ist eines der wertvollsten Geschenke.</p>



<p>Wir wünschen uns Unterstützung, damit wir diese besondere Flamme am Leuchten halten können.</p>



<p>Wenn Sie die Entwicklung von Kindern in unserer Gemeinde tatkräftig unterstützen wollen, dann sind Sie bei uns genau richtig. Wir treffen uns nach Absprache zur Vorbereitung der Treffen in den frühen Abendstunden und führen<strong> jeden zweiten Samstag im Monat an zwei Stunden am Vormittag</strong> unseren <strong>Kindertreff St. Georg</strong> durch. Wir basteln, spielen und singen gemeinsam und vermitteln so die biblischen Themen, die in unserer Gemeinde erarbeitet werden. Unsere Kinder sind im Grundschulalter und wir Großen sind ein Team aus derzeit fünf junggebliebenen Menschen &#x1f60a;. </p>



<p><strong>Teenie-Treff</strong></p>



<p><strong>Jeden ersten Montag im Monat treffen wir uns mit Teenies der 5ten und 6ten Schulklassen um 17:00 Uhr </strong>zum Kochen, Backen, Basteln, Spielen, Ausflüge machen und vieles mehr. Begleitet werden sie dabei von uns, einem kleinen Team toller Menschen, die hierfür Unterstützung brauchen.</p>



<p></p>



<p><strong>Und dann war da noch….</strong></p>



<p><strong>Jugendleiter*in-Card (Juleica) und Start-up!</strong></p>



<p>Jugendliche ab 14 Jahren haben die Möglichkeit, sich bei uns für das Ehrenamt ausbilden zu lassen (<strong>Start-up!)</strong> und können darüber die <strong>Jugendleiter*in-Card (Juleica)</strong> (ab 16 Jahren) erwerben.</p>



<p>Weitere Infos erhaltet ihr vom Jugendmitarbeiter Immanuel Haase unter <a href="mailto:rene.carrie@ekkw.de">immanuel.haase@ekkw.de</a><br></p>



<figure class="wp-block-image size-full"><img loading="lazy" decoding="async" width="227" height="102" src="https://eksm.de/blog/kirchenkreis/wp-content/uploads/2024/10/image-2.png" alt="" class="wp-image-4941"/></figure>

<div class="mh-excerpt"><p>Für unsere Angebote für Kinder, Jugendliche und Familien suchen wir Unterstützung in der Ev. Kirchengemeinde Schmalkalden. Kindertreff St. Georg Das Leuchten in den Augen der Kinder, mit denen wir unseren Kindertreff St. Georg durchführen, ist <a class="mh-excerpt-more" href="https://eksm.de/blog/kirchenkreis/fuer-unsere-angebote-fuer-kinder-jugendliche-und-familien-suchen-wir-unterstuetzung-in-der-ev-kirchengemeinde-schmalkalden/" title="Für Kinder und Jugendliche da sein">[&#8230; weiterlesen]</a></p>
</div>
