{"id":4775,"date":"2024-08-07T14:51:51","date_gmt":"2024-08-07T12:51:51","guid":{"rendered":"https:\/\/eksm.de\/?page_id=4775"},"modified":"2025-02-11T10:35:10","modified_gmt":"2025-02-11T09:35:10","slug":"staatlich-anerkannte-pflegefachkraefte-sowie-pflegekraefte","status":"publish","type":"page","link":"https:\/\/eksm.de\/blog\/kirchenkreis\/staatlich-anerkannte-pflegefachkraefte-sowie-pflegekraefte\/","title":{"rendered":"Staatlich anerkannte Pflegefachkr\u00e4fte, Pflegekr\u00e4fte sowie Hauswirtschaftskr\u00e4fte (m\/w\/d)"},"content":{"rendered":"\n<p><\/p>\n\n\n\n<p><strong>Wir bieten Ihnen:<\/strong><\/p>\n\n\n\n<ul class=\"wp-block-list\">\n<li>einen zukunftsorientierten Arbeitsplatz&nbsp;<\/li>\n\n\n\n<li>eine angenehme Teamatmosph\u00e4re mit wertsch\u00e4tzendem Miteinander<\/li>\n\n\n\n<li>eine auf Ihre Bed\u00fcrfnisse zugeschnittene Einarbeitung<\/li>\n\n\n\n<li>erg\u00e4nzende Fort- und Weiterbildungen<\/li>\n\n\n\n<li>F\u00f6rderung der betrieblichen Altersvorsorge<\/li>\n\n\n\n<li>leistungsgerechte Verg\u00fctung nach AVR.Kurhessen-Waldeck (Zuschl\u00e4ge f\u00fcr Wochenend- und Feiertagsdienste)<\/li>\n<\/ul>\n\n\n\n<p><strong>Sie bringen mit:<\/strong><\/p>\n\n\n\n<ul class=\"wp-block-list\">\n<li>ein hohes Ma\u00df an Sozialkompetenz und Einf\u00fchlungsverm\u00f6gen<\/li>\n\n\n\n<li>Teamgeist und Kommunikationsf\u00e4higkeit<\/li>\n\n\n\n<li>Einsatzbereitschaft und Eigeninitiative<\/li>\n\n\n\n<li>eigenverantwortliches Arbeiten<\/li>\n\n\n\n<li>Mobilit\u00e4t und Zuverl\u00e4ssigkeit<\/li>\n<\/ul>\n\n\n\n<p><em>Gemeinsam k\u00f6nnen wir vielen Menschen ihren Lebensabend zu Hause erm\u00f6glichen.<br>Wir freuen uns auf Sie!<\/em><\/p>\n\n\n\n<p><strong>Ihre Bewerbung senden Sie bitte an:<\/strong><\/p>\n\n\n\n<p>Diakoniestation des Ev. Kirchenkreises Schmalkalden<br>\u2013 Gesch\u00e4ftsf\u00fchrung \u2013<br>Weidebrunner Tor 7<br>98574 Schmalkalden<\/p>\n\n\n\n<p><strong>oder per E-Mail an:<\/strong><\/p>\n\n\n\n<p><a href=\"mailto:geschaeftsfuehrung.diakoniestation-schmalkalden@ekkw.de\">geschaeftsfuehrung.diakoniestation-schmalkalden@ekkw.de<\/a><\/p>\n","protected":false},"excerpt":{"rendered":"<div class=\"mh-excerpt\"><p>Wir bieten Ihnen: Sie bringen mit: Gemeinsam k\u00f6nnen wir vielen Menschen ihren Lebensabend zu Hause erm\u00f6glichen.Wir freuen uns auf Sie! Ihre Bewerbung senden Sie bitte an: Diakoniestation des Ev. Kirchenkreises Schmalkalden\u2013 Gesch\u00e4ftsf\u00fchrung \u2013Weidebrunner Tor 798574 <a class=\"mh-excerpt-more\" href=\"https:\/\/eksm.de\/blog\/kirchenkreis\/staatlich-anerkannte-pflegefachkraefte-sowie-pflegekraefte\/\" title=\"Staatlich anerkannte Pflegefachkr\u00e4fte, Pflegekr\u00e4fte sowie Hauswirtschaftskr\u00e4fte (m\/w\/d)\">[&#8230; weiterlesen]<\/a><\/p>\n<\/div>","protected":false},"author":3484,"featured_media":4693,"parent":0,"menu_order":0,"comment_status":"closed","ping_status":"closed","template":"","meta":{"ngg_post_thumbnail":0,"footnotes":""},"class_list":["post-4775","page","type-page","status-publish","has-post-thumbnail"],"_links":{"self":[{"href":"https:\/\/eksm.de\/blog\/kirchenkreis\/wp-json\/wp\/v2\/pages\/4775","targetHints":{"allow":["GET"]}}],"collection":[{"href":"https:\/\/eksm.de\/blog\/kirchenkreis\/wp-json\/wp\/v2\/pages"}],"about":[{"href":"https:\/\/eksm.de\/blog\/kirchenkreis\/wp-json\/wp\/v2\/types\/page"}],"author":[{"embeddable":true,"href":"https:\/\/eksm.de\/blog\/kirchenkreis\/wp-json\/wp\/v2\/users\/3484"}],"replies":[{"embeddable":true,"href":"https:\/\/eksm.de\/blog\/kirchenkreis\/wp-json\/wp\/v2\/comments?post=4775"}],"version-history":[{"count":7,"href":"https:\/\/eksm.de\/blog\/kirchenkreis\/wp-json\/wp\/v2\/pages\/4775\/revisions"}],"predecessor-version":[{"id":5172,"href":"https:\/\/eksm.de\/blog\/kirchenkreis\/wp-json\/wp\/v2\/pages\/4775\/revisions\/5172"}],"wp:featuredmedia":[{"embeddable":true,"href":"https:\/\/eksm.de\/blog\/kirchenkreis\/wp-json\/wp\/v2\/media\/4693"}],"wp:attachment":[{"href":"https:\/\/eksm.de\/blog\/kirchenkreis\/wp-json\/wp\/v2\/media?parent=4775"}],"curies":[{"name":"wp","href":"https:\/\/api.w.org\/{rel}","templated":true}]}}

Staatlich anerkannte Pflegefachkräfte, Pflegekräfte sowie Hauswirtschaftskräfte (m/w/d)

<p></p>



<p><strong>Wir bieten Ihnen:</strong></p>



<ul class="wp-block-list">
<li>einen zukunftsorientierten Arbeitsplatz&nbsp;</li>



<li>eine angenehme Teamatmosphäre mit wertschätzendem Miteinander</li>



<li>eine auf Ihre Bedürfnisse zugeschnittene Einarbeitung</li>



<li>ergänzende Fort- und Weiterbildungen</li>



<li>Förderung der betrieblichen Altersvorsorge</li>



<li>leistungsgerechte Vergütung nach AVR.Kurhessen-Waldeck (Zuschläge für Wochenend- und Feiertagsdienste)</li>
</ul>



<p><strong>Sie bringen mit:</strong></p>



<ul class="wp-block-list">
<li>ein hohes Maß an Sozialkompetenz und Einfühlungsvermögen</li>



<li>Teamgeist und Kommunikationsfähigkeit</li>



<li>Einsatzbereitschaft und Eigeninitiative</li>



<li>eigenverantwortliches Arbeiten</li>



<li>Mobilität und Zuverlässigkeit</li>
</ul>



<p><em>Gemeinsam können wir vielen Menschen ihren Lebensabend zu Hause ermöglichen.<br>Wir freuen uns auf Sie!</em></p>



<p><strong>Ihre Bewerbung senden Sie bitte an:</strong></p>



<p>Diakoniestation des Ev. Kirchenkreises Schmalkalden<br>– Geschäftsführung –<br>Weidebrunner Tor 7<br>98574 Schmalkalden</p>



<p><strong>oder per E-Mail an:</strong></p>



<p><a href="mailto:geschaeftsfuehrung.diakoniestation-schmalkalden@ekkw.de">geschaeftsfuehrung.diakoniestation-schmalkalden@ekkw.de</a></p>

<div class="mh-excerpt"><p>Wir bieten Ihnen: Sie bringen mit: Gemeinsam können wir vielen Menschen ihren Lebensabend zu Hause ermöglichen.Wir freuen uns auf Sie! Ihre Bewerbung senden Sie bitte an: Diakoniestation des Ev. Kirchenkreises Schmalkalden– Geschäftsführung –Weidebrunner Tor 798574 <a class="mh-excerpt-more" href="https://eksm.de/blog/kirchenkreis/staatlich-anerkannte-pflegefachkraefte-sowie-pflegekraefte/" title="Staatlich anerkannte Pflegefachkräfte, Pflegekräfte sowie Hauswirtschaftskräfte (m/w/d)">[&#8230; weiterlesen]</a></p>
</div>
