{"id":4783,"date":"2024-08-07T15:12:10","date_gmt":"2024-08-07T13:12:10","guid":{"rendered":"https:\/\/eksm.de\/?page_id=4783"},"modified":"2024-12-17T10:21:47","modified_gmt":"2024-12-17T09:21:47","slug":"paedagogische-fachkraefte-m-w-d-2","status":"publish","type":"page","link":"https:\/\/eksm.de\/blog\/kirchenkreis\/paedagogische-fachkraefte-m-w-d-2\/","title":{"rendered":"P\u00e4dagogische Fachkr\u00e4fte (m\/w\/d)"},"content":{"rendered":"\n<p><\/p>\n\n\n\n<p><strong>Gottes Kinder suchen Bodenpersonal!<\/strong><\/p>\n\n\n\n<p>F\u00fcr die Kinderg\u00e4rten im Evangelischen Kirchenkreis Schmalkalden suchen wir zum n\u00e4chstm\u00f6glichen Zeitpunkt in Teilzeit<\/p>\n\n\n\n<p>p\u00e4dagogische Fachkr\u00e4fte (m\/w\/d).<\/p>\n\n\n\n<p>Sie sind engagiert, qualifiziert und teamf\u00e4hig und haben Freude an der Arbeit mit Kindern und ihren Familien.<\/p>\n\n\n\n<p>Die Mitgliedschaft in der Evangelischen Kirche oder einer Mitgliedskirche der Arbeitsgemeinschaft Christlicher Kirchen in Th\u00fcringen wird erwartet.<\/p>\n\n\n\n<p><strong>Wir bieten:<\/strong><\/p>\n\n\n\n<ul class=\"wp-block-list\">\n<li>Einrichtungen mit freundlicher Atmosph\u00e4re<\/li>\n\n\n\n<li>engagierte und vielf\u00e4ltige Teams<\/li>\n\n\n\n<li>Verg\u00fctung nach dem Kirchlichen Tarif der Evangelischen Kirche von Kurhessen-Waldeck in Anlehnung an den TV-L<\/li>\n\n\n\n<li>die \u00fcblichen Sozialleistungen des \u00f6ffentlichen Dienstes<\/li>\n\n\n\n<li>Fortbildungsm\u00f6glichkeiten<\/li>\n<\/ul>\n\n\n\n<p>F\u00fcr weitere Ausk\u00fcnfte steht der Leiter des Kirchenkreisamtes, Herr M\u00fcller, unter Tel. 03683\/6479-16 zur Verf\u00fcgung.<\/p>\n\n\n\n<p><strong>Ihre Bewerbung senden Sie bitte mit den \u00fcblichen Unterlagen sowie einem erweiterten polizeilichen F\u00fchrungszeugnis an:<\/strong><\/p>\n\n\n\n<p>Kirchenkreisamt Schmalkalden<br>Herrn Kirchenkreisamtsleiter Rainer M\u00fcller<br>Weidebrunner Tor 7<br>98574 Schmalkalden<br>rainer.mueller@ekkw.de<\/p>\n","protected":false},"excerpt":{"rendered":"<div class=\"mh-excerpt\"><p>Gottes Kinder suchen Bodenpersonal! F\u00fcr die Kinderg\u00e4rten im Evangelischen Kirchenkreis Schmalkalden suchen wir zum n\u00e4chstm\u00f6glichen Zeitpunkt in Teilzeit p\u00e4dagogische Fachkr\u00e4fte (m\/w\/d). Sie sind engagiert, qualifiziert und teamf\u00e4hig und haben Freude an der Arbeit mit Kindern <a class=\"mh-excerpt-more\" href=\"https:\/\/eksm.de\/blog\/kirchenkreis\/paedagogische-fachkraefte-m-w-d-2\/\" title=\"P\u00e4dagogische Fachkr\u00e4fte (m\/w\/d)\">[&#8230; weiterlesen]<\/a><\/p>\n<\/div>","protected":false},"author":3484,"featured_media":0,"parent":0,"menu_order":0,"comment_status":"closed","ping_status":"closed","template":"","meta":{"ngg_post_thumbnail":0,"footnotes":""},"class_list":["post-4783","page","type-page","status-publish"],"_links":{"self":[{"href":"https:\/\/eksm.de\/blog\/kirchenkreis\/wp-json\/wp\/v2\/pages\/4783","targetHints":{"allow":["GET"]}}],"collection":[{"href":"https:\/\/eksm.de\/blog\/kirchenkreis\/wp-json\/wp\/v2\/pages"}],"about":[{"href":"https:\/\/eksm.de\/blog\/kirchenkreis\/wp-json\/wp\/v2\/types\/page"}],"author":[{"embeddable":true,"href":"https:\/\/eksm.de\/blog\/kirchenkreis\/wp-json\/wp\/v2\/users\/3484"}],"replies":[{"embeddable":true,"href":"https:\/\/eksm.de\/blog\/kirchenkreis\/wp-json\/wp\/v2\/comments?post=4783"}],"version-history":[{"count":4,"href":"https:\/\/eksm.de\/blog\/kirchenkreis\/wp-json\/wp\/v2\/pages\/4783\/revisions"}],"predecessor-version":[{"id":5028,"href":"https:\/\/eksm.de\/blog\/kirchenkreis\/wp-json\/wp\/v2\/pages\/4783\/revisions\/5028"}],"wp:attachment":[{"href":"https:\/\/eksm.de\/blog\/kirchenkreis\/wp-json\/wp\/v2\/media?parent=4783"}],"curies":[{"name":"wp","href":"https:\/\/api.w.org\/{rel}","templated":true}]}}

Pädagogische Fachkräfte (m/w/d)

<p></p>



<p><strong>Gottes Kinder suchen Bodenpersonal!</strong></p>



<p>Für die Kindergärten im Evangelischen Kirchenkreis Schmalkalden suchen wir zum nächstmöglichen Zeitpunkt in Teilzeit</p>



<p>pädagogische Fachkräfte (m/w/d).</p>



<p>Sie sind engagiert, qualifiziert und teamfähig und haben Freude an der Arbeit mit Kindern und ihren Familien.</p>



<p>Die Mitgliedschaft in der Evangelischen Kirche oder einer Mitgliedskirche der Arbeitsgemeinschaft Christlicher Kirchen in Thüringen wird erwartet.</p>



<p><strong>Wir bieten:</strong></p>



<ul class="wp-block-list">
<li>Einrichtungen mit freundlicher Atmosphäre</li>



<li>engagierte und vielfältige Teams</li>



<li>Vergütung nach dem Kirchlichen Tarif der Evangelischen Kirche von Kurhessen-Waldeck in Anlehnung an den TV-L</li>



<li>die üblichen Sozialleistungen des öffentlichen Dienstes</li>



<li>Fortbildungsmöglichkeiten</li>
</ul>



<p>Für weitere Auskünfte steht der Leiter des Kirchenkreisamtes, Herr Müller, unter Tel. 03683/6479-16 zur Verfügung.</p>



<p><strong>Ihre Bewerbung senden Sie bitte mit den üblichen Unterlagen sowie einem erweiterten polizeilichen Führungszeugnis an:</strong></p>



<p>Kirchenkreisamt Schmalkalden<br>Herrn Kirchenkreisamtsleiter Rainer Müller<br>Weidebrunner Tor 7<br>98574 Schmalkalden<br>rainer.mueller@ekkw.de</p>

<div class="mh-excerpt"><p>Gottes Kinder suchen Bodenpersonal! Für die Kindergärten im Evangelischen Kirchenkreis Schmalkalden suchen wir zum nächstmöglichen Zeitpunkt in Teilzeit pädagogische Fachkräfte (m/w/d). Sie sind engagiert, qualifiziert und teamfähig und haben Freude an der Arbeit mit Kindern <a class="mh-excerpt-more" href="https://eksm.de/blog/kirchenkreis/paedagogische-fachkraefte-m-w-d-2/" title="Pädagogische Fachkräfte (m/w/d)">[&#8230; weiterlesen]</a></p>
</div>
