{"id":4787,"date":"2024-08-07T15:22:11","date_gmt":"2024-08-07T13:22:11","guid":{"rendered":"https:\/\/eksm.de\/?page_id=4787"},"modified":"2025-07-04T09:00:19","modified_gmt":"2025-07-04T07:00:19","slug":"freiwilliges-soziales-jahr-2","status":"publish","type":"page","link":"https:\/\/eksm.de\/blog\/kirchenkreis\/freiwilliges-soziales-jahr-2\/","title":{"rendered":"Freiwilliges Soziales Jahr"},"content":{"rendered":"\n<p><\/p>\n\n\n\n<p>in verschiedenen <strong>Kinderg\u00e4rten im Evangelischen Kirchenkreis Schmalkalden.<\/strong><\/p>\n\n\n\n<p><strong>Wir erwarten:<\/strong><\/p>\n\n\n\n<ul class=\"wp-block-list\">\n<li>Neugier auf die Arbeit im Kindergarten<\/li>\n\n\n\n<li>Begeisterungsf\u00e4higkeit, Motivation und Lust auf aktive Mitgestaltung<\/li>\n\n\n\n<li>Offenheit f\u00fcr den evangelischen Glauben<\/li>\n<\/ul>\n\n\n\n<p><strong>Wir bieten:<\/strong><\/p>\n\n\n\n<ul class=\"wp-block-list\">\n<li>Zusammenarbeit mit den Erzieherinnen und Erziehern und den Kindern in den evangelischen Kinderg\u00e4rten<\/li>\n\n\n\n<li>monatliches Taschengeld sowie Sozialversicherung<\/li>\n\n\n\n<li>Seminare und Bildungstage mit anderen Freiwilligen durch den Landesjugendring Th\u00fcringen<\/li>\n<\/ul>\n\n\n\n<p>F\u00fcr weitere Ausk\u00fcnfte steht der Leiter des Kirchenkreisamtes, Herr M\u00fcller, unter Tel. 03683\/6479-16 zur Verf\u00fcgung.<\/p>\n\n\n\n<p><strong>Ihre Bewerbung senden Sie bitte mit den \u00fcblichen Unterlagen an:<\/strong><br>Kirchenkreisamt Schmalkalden<br>Herrn Kirchenkreisamtsleiter Rainer M\u00fcller<br>Weidebrunner Tor 7<br>98574 Schmalkalden<br>rainer.mueller@ekkw.de<\/p>\n\n\n\n<p><\/p>\n\n\n\n<p><\/p>\n\n\n\n<p><\/p>\n\n\n\n<figure class=\"wp-block-image size-large\"><img loading=\"lazy\" decoding=\"async\" width=\"1024\" height=\"750\" src=\"https:\/\/eksm.de\/blog\/kirchenkreis\/wp-content\/uploads\/2025\/07\/FSJ-1024x750.jpg\" alt=\"\" class=\"wp-image-5641\" srcset=\"https:\/\/eksm.de\/blog\/kirchenkreis\/wp-content\/uploads\/2025\/07\/FSJ-1024x750.jpg 1024w, https:\/\/eksm.de\/blog\/kirchenkreis\/wp-content\/uploads\/2025\/07\/FSJ-300x220.jpg 300w, https:\/\/eksm.de\/blog\/kirchenkreis\/wp-content\/uploads\/2025\/07\/FSJ-150x110.jpg 150w, https:\/\/eksm.de\/blog\/kirchenkreis\/wp-content\/uploads\/2025\/07\/FSJ-768x562.jpg 768w, https:\/\/eksm.de\/blog\/kirchenkreis\/wp-content\/uploads\/2025\/07\/FSJ-1536x1124.jpg 1536w, https:\/\/eksm.de\/blog\/kirchenkreis\/wp-content\/uploads\/2025\/07\/FSJ-2048x1499.jpg 2048w, https:\/\/eksm.de\/blog\/kirchenkreis\/wp-content\/uploads\/2025\/07\/FSJ-80x60.jpg 80w\" sizes=\"auto, (max-width: 1024px) 100vw, 1024px\" \/><\/figure>\n","protected":false},"excerpt":{"rendered":"<div class=\"mh-excerpt\"><p>in verschiedenen Kinderg\u00e4rten im Evangelischen Kirchenkreis Schmalkalden. Wir erwarten: Wir bieten: F\u00fcr weitere Ausk\u00fcnfte steht der Leiter des Kirchenkreisamtes, Herr M\u00fcller, unter Tel. 03683\/6479-16 zur Verf\u00fcgung. Ihre Bewerbung senden Sie bitte mit den \u00fcblichen Unterlagen <a class=\"mh-excerpt-more\" href=\"https:\/\/eksm.de\/blog\/kirchenkreis\/freiwilliges-soziales-jahr-2\/\" title=\"Freiwilliges Soziales Jahr\">[&#8230; weiterlesen]<\/a><\/p>\n<\/div>","protected":false},"author":3484,"featured_media":0,"parent":0,"menu_order":0,"comment_status":"closed","ping_status":"closed","template":"","meta":{"ngg_post_thumbnail":0,"footnotes":""},"class_list":["post-4787","page","type-page","status-publish"],"_links":{"self":[{"href":"https:\/\/eksm.de\/blog\/kirchenkreis\/wp-json\/wp\/v2\/pages\/4787","targetHints":{"allow":["GET"]}}],"collection":[{"href":"https:\/\/eksm.de\/blog\/kirchenkreis\/wp-json\/wp\/v2\/pages"}],"about":[{"href":"https:\/\/eksm.de\/blog\/kirchenkreis\/wp-json\/wp\/v2\/types\/page"}],"author":[{"embeddable":true,"href":"https:\/\/eksm.de\/blog\/kirchenkreis\/wp-json\/wp\/v2\/users\/3484"}],"replies":[{"embeddable":true,"href":"https:\/\/eksm.de\/blog\/kirchenkreis\/wp-json\/wp\/v2\/comments?post=4787"}],"version-history":[{"count":3,"href":"https:\/\/eksm.de\/blog\/kirchenkreis\/wp-json\/wp\/v2\/pages\/4787\/revisions"}],"predecessor-version":[{"id":5643,"href":"https:\/\/eksm.de\/blog\/kirchenkreis\/wp-json\/wp\/v2\/pages\/4787\/revisions\/5643"}],"wp:attachment":[{"href":"https:\/\/eksm.de\/blog\/kirchenkreis\/wp-json\/wp\/v2\/media?parent=4787"}],"curies":[{"name":"wp","href":"https:\/\/api.w.org\/{rel}","templated":true}]}}

<p></p>



<p>in verschiedenen <strong>Kindergärten im Evangelischen Kirchenkreis Schmalkalden.</strong></p>



<p><strong>Wir erwarten:</strong></p>



<ul class="wp-block-list">
<li>Neugier auf die Arbeit im Kindergarten</li>



<li>Begeisterungsfähigkeit, Motivation und Lust auf aktive Mitgestaltung</li>



<li>Offenheit für den evangelischen Glauben</li>
</ul>



<p><strong>Wir bieten:</strong></p>



<ul class="wp-block-list">
<li>Zusammenarbeit mit den Erzieherinnen und Erziehern und den Kindern in den evangelischen Kindergärten</li>



<li>monatliches Taschengeld sowie Sozialversicherung</li>



<li>Seminare und Bildungstage mit anderen Freiwilligen durch den Landesjugendring Thüringen</li>
</ul>



<p>Für weitere Auskünfte steht der Leiter des Kirchenkreisamtes, Herr Müller, unter Tel. 03683/6479-16 zur Verfügung.</p>



<p><strong>Ihre Bewerbung senden Sie bitte mit den üblichen Unterlagen an:</strong><br>Kirchenkreisamt Schmalkalden<br>Herrn Kirchenkreisamtsleiter Rainer Müller<br>Weidebrunner Tor 7<br>98574 Schmalkalden<br>rainer.mueller@ekkw.de</p>



<p></p>



<p></p>



<p></p>



<figure class="wp-block-image size-large"><img loading="lazy" decoding="async" width="1024" height="750" src="https://eksm.de/blog/kirchenkreis/wp-content/uploads/2025/07/FSJ-1024x750.jpg" alt="" class="wp-image-5641" srcset="https://eksm.de/blog/kirchenkreis/wp-content/uploads/2025/07/FSJ-1024x750.jpg 1024w, https://eksm.de/blog/kirchenkreis/wp-content/uploads/2025/07/FSJ-300x220.jpg 300w, https://eksm.de/blog/kirchenkreis/wp-content/uploads/2025/07/FSJ-150x110.jpg 150w, https://eksm.de/blog/kirchenkreis/wp-content/uploads/2025/07/FSJ-768x562.jpg 768w, https://eksm.de/blog/kirchenkreis/wp-content/uploads/2025/07/FSJ-1536x1124.jpg 1536w, https://eksm.de/blog/kirchenkreis/wp-content/uploads/2025/07/FSJ-2048x1499.jpg 2048w, https://eksm.de/blog/kirchenkreis/wp-content/uploads/2025/07/FSJ-80x60.jpg 80w" sizes="auto, (max-width: 1024px) 100vw, 1024px" /></figure>

<div class="mh-excerpt"><p>in verschiedenen Kindergärten im Evangelischen Kirchenkreis Schmalkalden. Wir erwarten: Wir bieten: Für weitere Auskünfte steht der Leiter des Kirchenkreisamtes, Herr Müller, unter Tel. 03683/6479-16 zur Verfügung. Ihre Bewerbung senden Sie bitte mit den üblichen Unterlagen <a class="mh-excerpt-more" href="https://eksm.de/blog/kirchenkreis/freiwilliges-soziales-jahr-2/" title="Freiwilliges Soziales Jahr">[&#8230; weiterlesen]</a></p>
</div>
