{"id":5086,"date":"2025-01-16T13:00:09","date_gmt":"2025-01-16T12:00:09","guid":{"rendered":"https:\/\/eksm.de\/?page_id=5086"},"modified":"2026-04-08T10:36:12","modified_gmt":"2026-04-08T08:36:12","slug":"mitmachkirche","status":"publish","type":"page","link":"https:\/\/eksm.de\/blog\/kirchenkreis\/mitmachkirche\/","title":{"rendered":"MITMACHKIRCHE"},"content":{"rendered":"\n<figure class=\"wp-block-image size-large\"><img loading=\"lazy\" decoding=\"async\" width=\"1024\" height=\"341\" src=\"https:\/\/eksm.de\/blog\/kirchenkreis\/wp-content\/uploads\/2025\/04\/mitmachkirche_web-1024x341.jpg\" alt=\"\" class=\"wp-image-5455\" srcset=\"https:\/\/eksm.de\/blog\/kirchenkreis\/wp-content\/uploads\/2025\/04\/mitmachkirche_web-1024x341.jpg 1024w, https:\/\/eksm.de\/blog\/kirchenkreis\/wp-content\/uploads\/2025\/04\/mitmachkirche_web-300x100.jpg 300w, https:\/\/eksm.de\/blog\/kirchenkreis\/wp-content\/uploads\/2025\/04\/mitmachkirche_web-150x50.jpg 150w, https:\/\/eksm.de\/blog\/kirchenkreis\/wp-content\/uploads\/2025\/04\/mitmachkirche_web-768x256.jpg 768w, https:\/\/eksm.de\/blog\/kirchenkreis\/wp-content\/uploads\/2025\/04\/mitmachkirche_web.jpg 1200w\" sizes=\"auto, (max-width: 1024px) 100vw, 1024px\" \/><\/figure>\n\n\n\n<p><strong>Dich interessiert unsere Mitmachkirche und m\u00f6chtest gerne Kontakt mit uns aufnehmen? <\/strong><br><strong>Du willst wissen wie du dich einbringen kannst?<\/strong><br>Schreibe einfach eine Mail an ehrenamt.schmalkalden@ekkw.de.<br>Telefonisch erreichst du das B\u00fcro f\u00fcr Ehrenamtsmanagement unter Tel. 03683 6479296.<br><a href=\"https:\/\/eksm.de\/?page_id=4229\" data-type=\"page\" data-id=\"4229\">B\u00fcro Ehrenamtsmanagment<\/a><\/p>\n\n\n\n<p><strong>Was lief bisher?<\/strong><br>673 einzelne Aussagen der letzten vier Jahre sind erfasst und nach Rubriken sortiert. Das Ergebnis k\u00f6nnen Sie <a href=\"http:\/\/eksm.de\/blog\/kirchenkreis\/wp-content\/uploads\/2025\/01\/25-01-Auswertung-der-Umfragen-zur-Mitmachkirche.pdf\" data-type=\"link\" data-id=\"http:\/\/eksm.de\/blog\/kirchenkreis\/wp-content\/uploads\/2025\/01\/25-01-Auswertung-der-Umfragen-zur-Mitmachkirche.pdf\">hier<\/a> nachlesen.<\/p>\n\n\n\n<p>Hier der Link zum Artikel der STZ vom 04.03.2025 von Annett Recknagel: <br><a href=\"https:\/\/www.insuedthueringen.de\/inhalt.schmalkalden-ein-riesengrosses-netz-zum-mitmachen.0344744d-109f-4103-859c-c509606daf15.html\">Schmalkalden: Ein riesengro\u00dfes Netz zum Mitmachen &#8211; Schmalkalden &#8211; inS\u00fcdth\u00fcringen<\/a><\/p>\n\n\n\n<p><strong>Was kommt als N\u00e4chstes?<\/strong><br>Bei unseren Events (siehe unten) k\u00f6nnt Ihr erfahren, was heraus gekommen ist. Und selbst mitreden, wie es in Zukunft werden soll.<\/p>\n\n\n\n<div class=\"wp-block-group\"><div class=\"wp-block-group__inner-container is-layout-constrained wp-block-group-is-layout-constrained\">\n<div class=\"wp-block-columns is-layout-flex wp-container-core-columns-is-layout-9d6595d7 wp-block-columns-is-layout-flex\">\n<div class=\"wp-block-column is-layout-flow wp-block-column-is-layout-flow\" style=\"flex-basis:100%\">\n<figure class=\"wp-block-gallery has-nested-images columns-default is-cropped wp-block-gallery-1 is-layout-flex wp-block-gallery-is-layout-flex\"><\/figure>\n\n\n\n<figure class=\"wp-block-image size-full is-resized\"><img loading=\"lazy\" decoding=\"async\" width=\"615\" height=\"869\" src=\"https:\/\/eksm.de\/blog\/kirchenkreis\/wp-content\/uploads\/2025\/01\/25_01_25-Feuer-und-Flamme_klein2-5.jpg\" alt=\"\" class=\"wp-image-5102\" style=\"width:357px;height:auto\" srcset=\"https:\/\/eksm.de\/blog\/kirchenkreis\/wp-content\/uploads\/2025\/01\/25_01_25-Feuer-und-Flamme_klein2-5.jpg 615w, https:\/\/eksm.de\/blog\/kirchenkreis\/wp-content\/uploads\/2025\/01\/25_01_25-Feuer-und-Flamme_klein2-5-300x424.jpg 300w, https:\/\/eksm.de\/blog\/kirchenkreis\/wp-content\/uploads\/2025\/01\/25_01_25-Feuer-und-Flamme_klein2-5-150x212.jpg 150w\" sizes=\"auto, (max-width: 615px) 100vw, 615px\" \/><\/figure>\n<\/div>\n<\/div>\n<\/div><\/div>\n\n\n\n<figure class=\"wp-block-image size-full is-resized\"><img loading=\"lazy\" decoding=\"async\" width=\"615\" height=\"869\" src=\"https:\/\/eksm.de\/blog\/kirchenkreis\/wp-content\/uploads\/2025\/01\/25_02_01-Winterpicknick_klein2-1.jpg\" alt=\"\" class=\"wp-image-5095\" style=\"width:360px;height:auto\" srcset=\"https:\/\/eksm.de\/blog\/kirchenkreis\/wp-content\/uploads\/2025\/01\/25_02_01-Winterpicknick_klein2-1.jpg 615w, https:\/\/eksm.de\/blog\/kirchenkreis\/wp-content\/uploads\/2025\/01\/25_02_01-Winterpicknick_klein2-1-300x424.jpg 300w, https:\/\/eksm.de\/blog\/kirchenkreis\/wp-content\/uploads\/2025\/01\/25_02_01-Winterpicknick_klein2-1-150x212.jpg 150w\" sizes=\"auto, (max-width: 615px) 100vw, 615px\" \/><\/figure>\n\n\n\n<figure class=\"wp-block-image size-full is-resized\"><img loading=\"lazy\" decoding=\"async\" width=\"615\" height=\"869\" src=\"https:\/\/eksm.de\/blog\/kirchenkreis\/wp-content\/uploads\/2025\/01\/25_02_02-Weihnachtsabschied_klein2-1.jpg\" alt=\"\" class=\"wp-image-5096\" style=\"width:360px;height:auto\" srcset=\"https:\/\/eksm.de\/blog\/kirchenkreis\/wp-content\/uploads\/2025\/01\/25_02_02-Weihnachtsabschied_klein2-1.jpg 615w, https:\/\/eksm.de\/blog\/kirchenkreis\/wp-content\/uploads\/2025\/01\/25_02_02-Weihnachtsabschied_klein2-1-300x424.jpg 300w, https:\/\/eksm.de\/blog\/kirchenkreis\/wp-content\/uploads\/2025\/01\/25_02_02-Weihnachtsabschied_klein2-1-150x212.jpg 150w\" sizes=\"auto, (max-width: 615px) 100vw, 615px\" \/><\/figure>\n\n\n\n<p>Hier der Link zum Artikel der STZ vom 25.01.2025 von Susann Sch\u00f6newald: <a href=\"https:\/\/www.insuedthueringen.de\/inhalt.kirche-neu-denken-keine-lust-auf-depressionen.36aec625-44b8-481a-a0f0-e720fe01fbd8.html\">https:\/\/www.insuedthueringen.de\/inhalt.kirche-neu-denken-keine-lust-auf-depressionen.36aec625-44b8-481a-a0f0-e720fe01fbd8.html<\/a><br><\/p>\n\n\n\n<p><\/p>\n","protected":false},"excerpt":{"rendered":"<div class=\"mh-excerpt\"><p>Dich interessiert unsere Mitmachkirche und m\u00f6chtest gerne Kontakt mit uns aufnehmen? Du willst wissen wie du dich einbringen kannst?Schreibe einfach eine Mail an ehrenamt.schmalkalden@ekkw.de.Telefonisch erreichst du das B\u00fcro f\u00fcr Ehrenamtsmanagement unter Tel. 03683 6479296.B\u00fcro Ehrenamtsmanagment <a class=\"mh-excerpt-more\" href=\"https:\/\/eksm.de\/blog\/kirchenkreis\/mitmachkirche\/\" title=\"MITMACHKIRCHE\">[&#8230; weiterlesen]<\/a><\/p>\n<\/div>","protected":false},"author":3484,"featured_media":0,"parent":0,"menu_order":0,"comment_status":"closed","ping_status":"closed","template":"","meta":{"ngg_post_thumbnail":0,"footnotes":""},"class_list":["post-5086","page","type-page","status-publish"],"_links":{"self":[{"href":"https:\/\/eksm.de\/blog\/kirchenkreis\/wp-json\/wp\/v2\/pages\/5086","targetHints":{"allow":["GET"]}}],"collection":[{"href":"https:\/\/eksm.de\/blog\/kirchenkreis\/wp-json\/wp\/v2\/pages"}],"about":[{"href":"https:\/\/eksm.de\/blog\/kirchenkreis\/wp-json\/wp\/v2\/types\/page"}],"author":[{"embeddable":true,"href":"https:\/\/eksm.de\/blog\/kirchenkreis\/wp-json\/wp\/v2\/users\/3484"}],"replies":[{"embeddable":true,"href":"https:\/\/eksm.de\/blog\/kirchenkreis\/wp-json\/wp\/v2\/comments?post=5086"}],"version-history":[{"count":34,"href":"https:\/\/eksm.de\/blog\/kirchenkreis\/wp-json\/wp\/v2\/pages\/5086\/revisions"}],"predecessor-version":[{"id":5938,"href":"https:\/\/eksm.de\/blog\/kirchenkreis\/wp-json\/wp\/v2\/pages\/5086\/revisions\/5938"}],"wp:attachment":[{"href":"https:\/\/eksm.de\/blog\/kirchenkreis\/wp-json\/wp\/v2\/media?parent=5086"}],"curies":[{"name":"wp","href":"https:\/\/api.w.org\/{rel}","templated":true}]}}

<figure class="wp-block-image size-large"><img loading="lazy" decoding="async" width="1024" height="341" src="https://eksm.de/blog/kirchenkreis/wp-content/uploads/2025/04/mitmachkirche_web-1024x341.jpg" alt="" class="wp-image-5455" srcset="https://eksm.de/blog/kirchenkreis/wp-content/uploads/2025/04/mitmachkirche_web-1024x341.jpg 1024w, https://eksm.de/blog/kirchenkreis/wp-content/uploads/2025/04/mitmachkirche_web-300x100.jpg 300w, https://eksm.de/blog/kirchenkreis/wp-content/uploads/2025/04/mitmachkirche_web-150x50.jpg 150w, https://eksm.de/blog/kirchenkreis/wp-content/uploads/2025/04/mitmachkirche_web-768x256.jpg 768w, https://eksm.de/blog/kirchenkreis/wp-content/uploads/2025/04/mitmachkirche_web.jpg 1200w" sizes="auto, (max-width: 1024px) 100vw, 1024px" /></figure>



<p><strong>Dich interessiert unsere Mitmachkirche und möchtest gerne Kontakt mit uns aufnehmen? </strong><br><strong>Du willst wissen wie du dich einbringen kannst?</strong><br>Schreibe einfach eine Mail an ehrenamt.schmalkalden@ekkw.de.<br>Telefonisch erreichst du das Büro für Ehrenamtsmanagement unter Tel. 03683 6479296.<br><a href="https://eksm.de/?page_id=4229" data-type="page" data-id="4229">Büro Ehrenamtsmanagment</a></p>



<p><strong>Was lief bisher?</strong><br>673 einzelne Aussagen der letzten vier Jahre sind erfasst und nach Rubriken sortiert. Das Ergebnis können Sie <a href="http://eksm.de/blog/kirchenkreis/wp-content/uploads/2025/01/25-01-Auswertung-der-Umfragen-zur-Mitmachkirche.pdf" data-type="link" data-id="http://eksm.de/blog/kirchenkreis/wp-content/uploads/2025/01/25-01-Auswertung-der-Umfragen-zur-Mitmachkirche.pdf">hier</a> nachlesen.</p>



<p>Hier der Link zum Artikel der STZ vom 04.03.2025 von Annett Recknagel: <br><a href="https://www.insuedthueringen.de/inhalt.schmalkalden-ein-riesengrosses-netz-zum-mitmachen.0344744d-109f-4103-859c-c509606daf15.html">Schmalkalden: Ein riesengroßes Netz zum Mitmachen &#8211; Schmalkalden &#8211; inSüdthüringen</a></p>



<p><strong>Was kommt als Nächstes?</strong><br>Bei unseren Events (siehe unten) könnt Ihr erfahren, was heraus gekommen ist. Und selbst mitreden, wie es in Zukunft werden soll.</p>



<div class="wp-block-group"><div class="wp-block-group__inner-container is-layout-constrained wp-block-group-is-layout-constrained">
<div class="wp-block-columns is-layout-flex wp-container-core-columns-is-layout-9d6595d7 wp-block-columns-is-layout-flex">
<div class="wp-block-column is-layout-flow wp-block-column-is-layout-flow" style="flex-basis:100%">
<figure class="wp-block-gallery has-nested-images columns-default is-cropped wp-block-gallery-1 is-layout-flex wp-block-gallery-is-layout-flex"></figure>



<figure class="wp-block-image size-full is-resized"><img loading="lazy" decoding="async" width="615" height="869" src="https://eksm.de/blog/kirchenkreis/wp-content/uploads/2025/01/25_01_25-Feuer-und-Flamme_klein2-5.jpg" alt="" class="wp-image-5102" style="width:357px;height:auto" srcset="https://eksm.de/blog/kirchenkreis/wp-content/uploads/2025/01/25_01_25-Feuer-und-Flamme_klein2-5.jpg 615w, https://eksm.de/blog/kirchenkreis/wp-content/uploads/2025/01/25_01_25-Feuer-und-Flamme_klein2-5-300x424.jpg 300w, https://eksm.de/blog/kirchenkreis/wp-content/uploads/2025/01/25_01_25-Feuer-und-Flamme_klein2-5-150x212.jpg 150w" sizes="auto, (max-width: 615px) 100vw, 615px" /></figure>
</div>
</div>
</div></div>



<figure class="wp-block-image size-full is-resized"><img loading="lazy" decoding="async" width="615" height="869" src="https://eksm.de/blog/kirchenkreis/wp-content/uploads/2025/01/25_02_01-Winterpicknick_klein2-1.jpg" alt="" class="wp-image-5095" style="width:360px;height:auto" srcset="https://eksm.de/blog/kirchenkreis/wp-content/uploads/2025/01/25_02_01-Winterpicknick_klein2-1.jpg 615w, https://eksm.de/blog/kirchenkreis/wp-content/uploads/2025/01/25_02_01-Winterpicknick_klein2-1-300x424.jpg 300w, https://eksm.de/blog/kirchenkreis/wp-content/uploads/2025/01/25_02_01-Winterpicknick_klein2-1-150x212.jpg 150w" sizes="auto, (max-width: 615px) 100vw, 615px" /></figure>



<figure class="wp-block-image size-full is-resized"><img loading="lazy" decoding="async" width="615" height="869" src="https://eksm.de/blog/kirchenkreis/wp-content/uploads/2025/01/25_02_02-Weihnachtsabschied_klein2-1.jpg" alt="" class="wp-image-5096" style="width:360px;height:auto" srcset="https://eksm.de/blog/kirchenkreis/wp-content/uploads/2025/01/25_02_02-Weihnachtsabschied_klein2-1.jpg 615w, https://eksm.de/blog/kirchenkreis/wp-content/uploads/2025/01/25_02_02-Weihnachtsabschied_klein2-1-300x424.jpg 300w, https://eksm.de/blog/kirchenkreis/wp-content/uploads/2025/01/25_02_02-Weihnachtsabschied_klein2-1-150x212.jpg 150w" sizes="auto, (max-width: 615px) 100vw, 615px" /></figure>



<p>Hier der Link zum Artikel der STZ vom 25.01.2025 von Susann Schönewald: <a href="https://www.insuedthueringen.de/inhalt.kirche-neu-denken-keine-lust-auf-depressionen.36aec625-44b8-481a-a0f0-e720fe01fbd8.html">https://www.insuedthueringen.de/inhalt.kirche-neu-denken-keine-lust-auf-depressionen.36aec625-44b8-481a-a0f0-e720fe01fbd8.html</a><br></p>



<p></p>

<div class="mh-excerpt"><p>Dich interessiert unsere Mitmachkirche und möchtest gerne Kontakt mit uns aufnehmen? Du willst wissen wie du dich einbringen kannst?Schreibe einfach eine Mail an ehrenamt.schmalkalden@ekkw.de.Telefonisch erreichst du das Büro für Ehrenamtsmanagement unter Tel. 03683 6479296.Büro Ehrenamtsmanagment <a class="mh-excerpt-more" href="https://eksm.de/blog/kirchenkreis/mitmachkirche/" title="MITMACHKIRCHE">[&#8230; weiterlesen]</a></p>
</div>
