{"id":5133,"date":"2025-01-23T14:53:39","date_gmt":"2025-01-23T13:53:39","guid":{"rendered":"https:\/\/eksm.de\/?page_id=5133"},"modified":"2025-03-24T16:55:14","modified_gmt":"2025-03-24T15:55:14","slug":"kirchenaufsicht","status":"publish","type":"page","link":"https:\/\/eksm.de\/blog\/kirchenkreis\/kirchenaufsicht\/","title":{"rendered":"Kirchenaufsicht in der Stadtkirche St. Georg in Schmalkalden"},"content":{"rendered":"\n<p>In unserer Stadtkirche St. Georg sind Besucher herzlich willkommen. Gerne schauen sich Touristen und Einheimische in der Kirche um, g\u00f6nnen sich einen Moment der Stille oder bestaunen die beeindruckende Architektur. \u00a0Besucher k\u00f6nnen eine Kerze anz\u00fcnden, ein Gebet oder eine Bitte in ein G\u00e4stebuch schreiben und sich \u00fcber die besondere Geschichte der Stadtkirche informieren.<\/p>\n\n\n\n<p><strong>All das erm\u00f6glichen die Ehrenamtlichen der Kirchaufsicht.<\/strong> <br>Ca. 20 Ehrenamtliche engagieren sich daf\u00fcr, dass die Stadtkirche St. Georg zu geregelten Zeiten die T\u00fcren f\u00fcr Besucher \u00f6ffnen kann. Aufsichtszeiten werden gemeinsam abgestimmt.<\/p>\n\n\n\n<p>Die T\u00fcren der Stadtkirche \u00f6ffnen sich ab 22. April wieder f\u00fcr Besucher. <br><br><strong>M\u00f6chtest auch du Teil der Kirchenaufsicht werden?<\/strong><br>Dann melde dich bei Gemeindesekret\u00e4rin\u00a0Katrin Metz.<br>Tel.: 03 68 3\/40 24 71, Email: <a href=\"mailto:gemeindebuero.kigem.sm@ekkw.de\">gemeindebuero.kigem.sm@ekkw.de<\/a><br>B\u00fcro\u00f6ffnungszeiten: Mo-Fr von 10.00 -12.00 Uhr; Kirchhof 3, 98574 Schmalkalden<\/p>\n","protected":false},"excerpt":{"rendered":"<div class=\"mh-excerpt\"><p>In unserer Stadtkirche St. Georg sind Besucher herzlich willkommen. Gerne schauen sich Touristen und Einheimische in der Kirche um, g\u00f6nnen sich einen Moment der Stille oder bestaunen die beeindruckende Architektur. \u00a0Besucher k\u00f6nnen eine Kerze anz\u00fcnden, <a class=\"mh-excerpt-more\" href=\"https:\/\/eksm.de\/blog\/kirchenkreis\/kirchenaufsicht\/\" title=\"Kirchenaufsicht in der Stadtkirche St. Georg in Schmalkalden\">[&#8230; weiterlesen]<\/a><\/p>\n<\/div>","protected":false},"author":3484,"featured_media":0,"parent":0,"menu_order":0,"comment_status":"closed","ping_status":"closed","template":"","meta":{"ngg_post_thumbnail":0,"footnotes":""},"class_list":["post-5133","page","type-page","status-publish"],"_links":{"self":[{"href":"https:\/\/eksm.de\/blog\/kirchenkreis\/wp-json\/wp\/v2\/pages\/5133","targetHints":{"allow":["GET"]}}],"collection":[{"href":"https:\/\/eksm.de\/blog\/kirchenkreis\/wp-json\/wp\/v2\/pages"}],"about":[{"href":"https:\/\/eksm.de\/blog\/kirchenkreis\/wp-json\/wp\/v2\/types\/page"}],"author":[{"embeddable":true,"href":"https:\/\/eksm.de\/blog\/kirchenkreis\/wp-json\/wp\/v2\/users\/3484"}],"replies":[{"embeddable":true,"href":"https:\/\/eksm.de\/blog\/kirchenkreis\/wp-json\/wp\/v2\/comments?post=5133"}],"version-history":[{"count":4,"href":"https:\/\/eksm.de\/blog\/kirchenkreis\/wp-json\/wp\/v2\/pages\/5133\/revisions"}],"predecessor-version":[{"id":5227,"href":"https:\/\/eksm.de\/blog\/kirchenkreis\/wp-json\/wp\/v2\/pages\/5133\/revisions\/5227"}],"wp:attachment":[{"href":"https:\/\/eksm.de\/blog\/kirchenkreis\/wp-json\/wp\/v2\/media?parent=5133"}],"curies":[{"name":"wp","href":"https:\/\/api.w.org\/{rel}","templated":true}]}}