{"id":5273,"date":"2025-04-04T08:45:46","date_gmt":"2025-04-04T06:45:46","guid":{"rendered":"https:\/\/eksm.de\/blog\/kirchenkreis\/?page_id=5273"},"modified":"2026-01-26T15:38:41","modified_gmt":"2026-01-26T14:38:41","slug":"was-ist-das","status":"publish","type":"page","link":"https:\/\/eksm.de\/blog\/kirchenkreis\/was-ist-das\/","title":{"rendered":"Mitmachkirche &#8211; was ist das?"},"content":{"rendered":"\n<p>Die Mitmachkirche ist ein Projekt des Kirchenkreises Schmalkalden, das Menschen aktiv in die Gestaltung der Kirche einbezieht.<\/p>\n\n\n\n<p><strong>Transformation und Mitmachkirche \u2013 Was hat das miteinander zu tun?<\/strong><\/p>\n\n\n\n<figure class=\"wp-block-embed is-type-video is-provider-youtube wp-block-embed-youtube wp-embed-aspect-16-9 wp-has-aspect-ratio\"><div class=\"wp-block-embed__wrapper\">\n<iframe loading=\"lazy\" title=\"Transformation als Chance\" width=\"500\" height=\"281\" src=\"https:\/\/www.youtube.com\/embed\/cUuyMrhxe9A?feature=oembed\" frameborder=\"0\" allow=\"accelerometer; autoplay; clipboard-write; encrypted-media; gyroscope; picture-in-picture; web-share\" referrerpolicy=\"strict-origin-when-cross-origin\" allowfullscreen><\/iframe>\n<\/div><figcaption class=\"wp-element-caption\"><strong>Dekan Ralf Gebauer, Festrede beim Neujahrsempfang der Stadt Schmalkalden und der Hochschule Schmalkalden am 21. Januar 2026.<\/strong><br>&#8222;Ich beschreibe ab ca. <a href=\"https:\/\/www.youtube.com\/watch?v=cUuyMrhxe9A&amp;t=820s\">13:40<\/a> die Grundz\u00fcge der &#8222;Mitmachkirche&#8220; im Kirchenkreis Schmalkalden. Die Darstellung ist eingebettet in meine Analyse der Herausforderungen, vor denen wir als Gesellschaft gemeinsam stehen.&#8220;<\/figcaption><\/figure>\n\n\n\n<p><strong>Wie entstand die Idee Mitmachkirche?<\/strong><br>Die Idee entstand aus dem Wunsch, die Kirche zukunftsf\u00e4hig zu gestalten. Viele Menschen fragen sich, wie die Zukunft der Kirche aussehen k\u00f6nnte. Statt uns von negativen Gedanken leiten zu lassen, wollen wir gemeinsam etwas Neues ausprobieren. Die Mitmachkirche soll ein Raum sein, in dem Menschen ihre Ideen einbringen und mitgestalten k\u00f6nnen.<\/p>\n\n\n\n<p><strong>Wo soll die Mitmachkirche stattfinden?<\/strong><br>Die Mitmachkirche soll dort erlebbar sein, wo die Menschen leben. Kirchen und Gemeindeh\u00e4user sind wichtige Orte, aber auch ungew\u00f6hnliche Pl\u00e4tze wie ein Museum oder Ausflugsziele in der Natur kommen in Frage. Der Glaube soll \u00fcberall sichtbar sein.<\/p>\n\n\n\n<p><strong>Wie kann man mitmachen?<\/strong><br>Der Einstieg ist noch in der Entwicklung. Eine Idee ist, eine WhatsApp-Community zu gr\u00fcnden, in der Interessierte Informationen austauschen und Projekte planen k\u00f6nnen. Ansprechpartner sind Pfarrer und Mitarbeiter im evangelischen Dekanat Schmalkalden.<br>Oder schreibe eine Mail an ehrenamt.schmalkalden@ekkw.de.<br>Telefonisch erreichst du das B\u00fcro f\u00fcr Ehrenamtsmanagement unter Tel. 03683 647913.<\/p>\n\n\n\n<p><strong>Herausforderung und Ziele<\/strong><br>Die gr\u00f6\u00dfte Herausforderung ist, die Mitmachkirche bekannt zu machen und Menschen dazu zu ermutigen, aktiv mitzugestalten. Die Mitmachkirche soll sich st\u00e4ndig weiterentwickeln und dynamisch bleiben.<\/p>\n\n\n\n<p><strong> Mitmachkirche &#8211; was ist das? <\/strong>\n<iframe loading=\"lazy\" width=\"560\" height=\"315\" src=\"https:\/\/www.youtube.com\/embed\/UovoTfAkkAk?si=r0zmMTkjXfbw0btS\" title=\"YouTube video player\" frameborder=\"0\" allow=\"accelerometer; autoplay; clipboard-write; encrypted-media; gyroscope; picture-in-picture; web-share\" referrerpolicy=\"strict-origin-when-cross-origin\" allowfullscreen=\"\"><\/iframe>\n<br>Ein Interview mit Dekan Ralf Gebauer<\/p>\n\n\n\n<p><\/p>\n","protected":false},"excerpt":{"rendered":"<div class=\"mh-excerpt\"><p>Die Mitmachkirche ist ein Projekt des Kirchenkreises Schmalkalden, das Menschen aktiv in die Gestaltung der Kirche einbezieht. Transformation und Mitmachkirche \u2013 Was hat das miteinander zu tun? Wie entstand die Idee Mitmachkirche?Die Idee entstand aus <a class=\"mh-excerpt-more\" href=\"https:\/\/eksm.de\/blog\/kirchenkreis\/was-ist-das\/\" title=\"Mitmachkirche &#8211; was ist das?\">[&#8230; weiterlesen]<\/a><\/p>\n<\/div>","protected":false},"author":3484,"featured_media":0,"parent":0,"menu_order":0,"comment_status":"closed","ping_status":"closed","template":"","meta":{"ngg_post_thumbnail":0,"footnotes":""},"class_list":["post-5273","page","type-page","status-publish"],"_links":{"self":[{"href":"https:\/\/eksm.de\/blog\/kirchenkreis\/wp-json\/wp\/v2\/pages\/5273","targetHints":{"allow":["GET"]}}],"collection":[{"href":"https:\/\/eksm.de\/blog\/kirchenkreis\/wp-json\/wp\/v2\/pages"}],"about":[{"href":"https:\/\/eksm.de\/blog\/kirchenkreis\/wp-json\/wp\/v2\/types\/page"}],"author":[{"embeddable":true,"href":"https:\/\/eksm.de\/blog\/kirchenkreis\/wp-json\/wp\/v2\/users\/3484"}],"replies":[{"embeddable":true,"href":"https:\/\/eksm.de\/blog\/kirchenkreis\/wp-json\/wp\/v2\/comments?post=5273"}],"version-history":[{"count":9,"href":"https:\/\/eksm.de\/blog\/kirchenkreis\/wp-json\/wp\/v2\/pages\/5273\/revisions"}],"predecessor-version":[{"id":5858,"href":"https:\/\/eksm.de\/blog\/kirchenkreis\/wp-json\/wp\/v2\/pages\/5273\/revisions\/5858"}],"wp:attachment":[{"href":"https:\/\/eksm.de\/blog\/kirchenkreis\/wp-json\/wp\/v2\/media?parent=5273"}],"curies":[{"name":"wp","href":"https:\/\/api.w.org\/{rel}","templated":true}]}}