{"id":57,"date":"2010-09-13T10:45:53","date_gmt":"2010-09-13T08:45:53","guid":{"rendered":"http:\/\/eksm.de\/?page_id=57"},"modified":"2026-01-26T15:41:10","modified_gmt":"2026-01-26T14:41:10","slug":"dekan-des-kirchenkreises","status":"publish","type":"page","link":"https:\/\/eksm.de\/blog\/kirchenkreis\/adressen\/dekan-des-kirchenkreises\/","title":{"rendered":"Das Dekanat des Kirchenkreises Schmalkalden"},"content":{"rendered":"\n<p>Der Dekan ist der leitende Geistliche im Kirchenkreis. Er ist f\u00fcr die kirchliche Ordnung im Kirchenkreis verantwortlich sowie f\u00fcr die Zusammenarbeit der kirchlichen Dienste. Er leitet den Kirchenkreisvorstand und f\u00fchrt die Gesch\u00e4fte des Kirchenkreises. Gleichzeitig ist er Dienstvorgesetzter der Pfarrerinnen und Pfarrer in den Gemeinden.<\/p>\n\n\n\n<div class=\"wp-block-media-text is-stacked-on-mobile\" style=\"grid-template-columns:61% auto\"><figure class=\"wp-block-media-text__media\"><img loading=\"lazy\" decoding=\"async\" width=\"600\" height=\"400\" src=\"https:\/\/eksm.de\/blog\/kirchenkreis\/wp-content\/uploads\/2025\/04\/Gebauer-quer_klein2.jpg\" alt=\"\" class=\"wp-image-5484 size-full\" srcset=\"https:\/\/eksm.de\/blog\/kirchenkreis\/wp-content\/uploads\/2025\/04\/Gebauer-quer_klein2.jpg 600w, https:\/\/eksm.de\/blog\/kirchenkreis\/wp-content\/uploads\/2025\/04\/Gebauer-quer_klein2-300x200.jpg 300w, https:\/\/eksm.de\/blog\/kirchenkreis\/wp-content\/uploads\/2025\/04\/Gebauer-quer_klein2-150x100.jpg 150w\" sizes=\"auto, (max-width: 600px) 100vw, 600px\" \/><\/figure><div class=\"wp-block-media-text__content\">\n<p><strong>Dekan Ralf Gebauer<\/strong><br><br>Tel.: 0 36 83 \/ 60 27 60<br>Fax: 0 36 83 \/ 64 79 27<br>Dekanat.Schmalkalden@ekkw.de<br>Ralf.Gebauer@ekkw.de<br><br>Weidebrunner Tor 7<br>98574 Schmalkalden<\/p>\n<\/div><\/div>\n\n\n\n<h4 class=\"wp-block-heading\">&nbsp;<br>Dekanatsb\u00fcro:<\/h4>\n\n\n\n<div class=\"wp-block-media-text is-stacked-on-mobile\" style=\"grid-template-columns:28% auto\"><figure class=\"wp-block-media-text__media\"><img loading=\"lazy\" decoding=\"async\" width=\"879\" height=\"1011\" src=\"https:\/\/eksm.de\/blog\/kirchenkreis\/wp-content\/uploads\/2023\/08\/Portraet-1.jpg\" alt=\"Foto Nora Heinz\" class=\"wp-image-4400 size-full\" srcset=\"https:\/\/eksm.de\/blog\/kirchenkreis\/wp-content\/uploads\/2023\/08\/Portraet-1.jpg 879w, https:\/\/eksm.de\/blog\/kirchenkreis\/wp-content\/uploads\/2023\/08\/Portraet-1-261x300.jpg 261w, https:\/\/eksm.de\/blog\/kirchenkreis\/wp-content\/uploads\/2023\/08\/Portraet-1-768x883.jpg 768w\" sizes=\"auto, (max-width: 879px) 100vw, 879px\" \/><\/figure><div class=\"wp-block-media-text__content\">\n<p><br><strong>Nora Heinz<\/strong><br>Dekanatsassistenz<br><br>Tel.: 0 36 83 \/ 64 79 11, Fax: 0 36 83 \/ 64 79 27<br>Dekanat.Schmalkalden@ekkw.de<br>Nora.Heinz@ekkw.de<\/p>\n\n\n\n<p>Weidebrunner Tor 7<br>98574 Schmalkalden<br><\/p>\n<\/div><\/div>\n\n\n\n<p><strong>Christina B\u00f6hm<\/strong><br>Dekanatsassistenz<br><br>Tel.: 0 36 83 \/ 64 79 13, Fax: 0 36 83 \/ 64 79 27<br>Dekanat.Schmalkalden@ekkw.de<br>Christina.Boehm@ekkw.de<\/p>\n\n\n\n<p>Weidebrunner Tor 7<br>98574 Schmalkalden<\/p>\n\n\n\n<div class=\"wp-block-media-text is-stacked-on-mobile\" style=\"grid-template-columns:28% auto\"><figure class=\"wp-block-media-text__media\"><img loading=\"lazy\" decoding=\"async\" width=\"1004\" height=\"1325\" src=\"https:\/\/eksm.de\/blog\/kirchenkreis\/wp-content\/uploads\/2025\/04\/Foto_NH-WEB.jpg\" alt=\"Foto Nicole Hessenm\u00fcller\" class=\"wp-image-5471 size-full\" srcset=\"https:\/\/eksm.de\/blog\/kirchenkreis\/wp-content\/uploads\/2025\/04\/Foto_NH-WEB.jpg 1004w, https:\/\/eksm.de\/blog\/kirchenkreis\/wp-content\/uploads\/2025\/04\/Foto_NH-WEB-300x396.jpg 300w, https:\/\/eksm.de\/blog\/kirchenkreis\/wp-content\/uploads\/2025\/04\/Foto_NH-WEB-150x198.jpg 150w, https:\/\/eksm.de\/blog\/kirchenkreis\/wp-content\/uploads\/2025\/04\/Foto_NH-WEB-768x1014.jpg 768w\" sizes=\"auto, (max-width: 1004px) 100vw, 1004px\" \/><\/figure><div class=\"wp-block-media-text__content\">\n<p><strong>Nicole Hessenm\u00fcller<\/strong><br>\u00d6ffentlichkeitsarbeit &amp; Freiwilligenmanagement<br><br>Tel.: 0 36 83 \/ 64 79 296<br>Dekanat.Schmalkalden@ekkw.de<br>Nicole.Hessenmueller@ekkw.de<\/p>\n\n\n\n<p>Weidebrunner Tor 7<br>98574 Schmalkalden<\/p>\n<\/div><\/div>\n","protected":false},"excerpt":{"rendered":"<div class=\"mh-excerpt\"><p>Der Dekan ist der leitende Geistliche im Kirchenkreis. Er ist f\u00fcr die kirchliche Ordnung im Kirchenkreis verantwortlich sowie f\u00fcr die Zusammenarbeit der kirchlichen Dienste. Er leitet den Kirchenkreisvorstand und f\u00fchrt die Gesch\u00e4fte des Kirchenkreises. Gleichzeitig <a class=\"mh-excerpt-more\" href=\"https:\/\/eksm.de\/blog\/kirchenkreis\/adressen\/dekan-des-kirchenkreises\/\" title=\"Das Dekanat des Kirchenkreises Schmalkalden\">[&#8230; weiterlesen]<\/a><\/p>\n<\/div>","protected":false},"author":2528,"featured_media":0,"parent":22,"menu_order":0,"comment_status":"closed","ping_status":"closed","template":"","meta":{"ngg_post_thumbnail":0,"footnotes":""},"class_list":["post-57","page","type-page","status-publish"],"_links":{"self":[{"href":"https:\/\/eksm.de\/blog\/kirchenkreis\/wp-json\/wp\/v2\/pages\/57","targetHints":{"allow":["GET"]}}],"collection":[{"href":"https:\/\/eksm.de\/blog\/kirchenkreis\/wp-json\/wp\/v2\/pages"}],"about":[{"href":"https:\/\/eksm.de\/blog\/kirchenkreis\/wp-json\/wp\/v2\/types\/page"}],"author":[{"embeddable":true,"href":"https:\/\/eksm.de\/blog\/kirchenkreis\/wp-json\/wp\/v2\/users\/2528"}],"replies":[{"embeddable":true,"href":"https:\/\/eksm.de\/blog\/kirchenkreis\/wp-json\/wp\/v2\/comments?post=57"}],"version-history":[{"count":31,"href":"https:\/\/eksm.de\/blog\/kirchenkreis\/wp-json\/wp\/v2\/pages\/57\/revisions"}],"predecessor-version":[{"id":5860,"href":"https:\/\/eksm.de\/blog\/kirchenkreis\/wp-json\/wp\/v2\/pages\/57\/revisions\/5860"}],"up":[{"embeddable":true,"href":"https:\/\/eksm.de\/blog\/kirchenkreis\/wp-json\/wp\/v2\/pages\/22"}],"wp:attachment":[{"href":"https:\/\/eksm.de\/blog\/kirchenkreis\/wp-json\/wp\/v2\/media?parent=57"}],"curies":[{"name":"wp","href":"https:\/\/api.w.org\/{rel}","templated":true}]}}

<p>Der Dekan ist der leitende Geistliche im Kirchenkreis. Er ist für die kirchliche Ordnung im Kirchenkreis verantwortlich sowie für die Zusammenarbeit der kirchlichen Dienste. Er leitet den Kirchenkreisvorstand und führt die Geschäfte des Kirchenkreises. Gleichzeitig ist er Dienstvorgesetzter der Pfarrerinnen und Pfarrer in den Gemeinden.</p>



<div class="wp-block-media-text is-stacked-on-mobile" style="grid-template-columns:61% auto"><figure class="wp-block-media-text__media"><img loading="lazy" decoding="async" width="600" height="400" src="https://eksm.de/blog/kirchenkreis/wp-content/uploads/2025/04/Gebauer-quer_klein2.jpg" alt="" class="wp-image-5484 size-full" srcset="https://eksm.de/blog/kirchenkreis/wp-content/uploads/2025/04/Gebauer-quer_klein2.jpg 600w, https://eksm.de/blog/kirchenkreis/wp-content/uploads/2025/04/Gebauer-quer_klein2-300x200.jpg 300w, https://eksm.de/blog/kirchenkreis/wp-content/uploads/2025/04/Gebauer-quer_klein2-150x100.jpg 150w" sizes="auto, (max-width: 600px) 100vw, 600px" /></figure><div class="wp-block-media-text__content">
<p><strong>Dekan Ralf Gebauer</strong><br><br>Tel.: 0 36 83 / 60 27 60<br>Fax: 0 36 83 / 64 79 27<br>Dekanat.Schmalkalden@ekkw.de<br>Ralf.Gebauer@ekkw.de<br><br>Weidebrunner Tor 7<br>98574 Schmalkalden</p>
</div></div>



<h4 class="wp-block-heading">&nbsp;<br>Dekanatsbüro:</h4>



<div class="wp-block-media-text is-stacked-on-mobile" style="grid-template-columns:28% auto"><figure class="wp-block-media-text__media"><img loading="lazy" decoding="async" width="879" height="1011" src="https://eksm.de/blog/kirchenkreis/wp-content/uploads/2023/08/Portraet-1.jpg" alt="Foto Nora Heinz" class="wp-image-4400 size-full" srcset="https://eksm.de/blog/kirchenkreis/wp-content/uploads/2023/08/Portraet-1.jpg 879w, https://eksm.de/blog/kirchenkreis/wp-content/uploads/2023/08/Portraet-1-261x300.jpg 261w, https://eksm.de/blog/kirchenkreis/wp-content/uploads/2023/08/Portraet-1-768x883.jpg 768w" sizes="auto, (max-width: 879px) 100vw, 879px" /></figure><div class="wp-block-media-text__content">
<p><br><strong>Nora Heinz</strong><br>Dekanatsassistenz<br><br>Tel.: 0 36 83 / 64 79 11, Fax: 0 36 83 / 64 79 27<br>Dekanat.Schmalkalden@ekkw.de<br>Nora.Heinz@ekkw.de</p>



<p>Weidebrunner Tor 7<br>98574 Schmalkalden<br></p>
</div></div>



<p><strong>Christina Böhm</strong><br>Dekanatsassistenz<br><br>Tel.: 0 36 83 / 64 79 13, Fax: 0 36 83 / 64 79 27<br>Dekanat.Schmalkalden@ekkw.de<br>Christina.Boehm@ekkw.de</p>



<p>Weidebrunner Tor 7<br>98574 Schmalkalden</p>



<div class="wp-block-media-text is-stacked-on-mobile" style="grid-template-columns:28% auto"><figure class="wp-block-media-text__media"><img loading="lazy" decoding="async" width="1004" height="1325" src="https://eksm.de/blog/kirchenkreis/wp-content/uploads/2025/04/Foto_NH-WEB.jpg" alt="Foto Nicole Hessenmüller" class="wp-image-5471 size-full" srcset="https://eksm.de/blog/kirchenkreis/wp-content/uploads/2025/04/Foto_NH-WEB.jpg 1004w, https://eksm.de/blog/kirchenkreis/wp-content/uploads/2025/04/Foto_NH-WEB-300x396.jpg 300w, https://eksm.de/blog/kirchenkreis/wp-content/uploads/2025/04/Foto_NH-WEB-150x198.jpg 150w, https://eksm.de/blog/kirchenkreis/wp-content/uploads/2025/04/Foto_NH-WEB-768x1014.jpg 768w" sizes="auto, (max-width: 1004px) 100vw, 1004px" /></figure><div class="wp-block-media-text__content">
<p><strong>Nicole Hessenmüller</strong><br>Öffentlichkeitsarbeit &amp; Freiwilligenmanagement<br><br>Tel.: 0 36 83 / 64 79 296<br>Dekanat.Schmalkalden@ekkw.de<br>Nicole.Hessenmueller@ekkw.de</p>



<p>Weidebrunner Tor 7<br>98574 Schmalkalden</p>
</div></div>

<div class="mh-excerpt"><p>Der Dekan ist der leitende Geistliche im Kirchenkreis. Er ist für die kirchliche Ordnung im Kirchenkreis verantwortlich sowie für die Zusammenarbeit der kirchlichen Dienste. Er leitet den Kirchenkreisvorstand und führt die Geschäfte des Kirchenkreises. Gleichzeitig <a class="mh-excerpt-more" href="https://eksm.de/blog/kirchenkreis/adressen/dekan-des-kirchenkreises/" title="Das Dekanat des Kirchenkreises Schmalkalden">[&#8230; weiterlesen]</a></p>
</div>
