{"id":627,"date":"2012-03-08T09:18:25","date_gmt":"2012-03-08T08:18:25","guid":{"rendered":"http:\/\/eksm.de\/?page_id=627"},"modified":"2025-05-08T14:24:41","modified_gmt":"2025-05-08T12:24:41","slug":"kirchenmusik","status":"publish","type":"page","link":"https:\/\/eksm.de\/blog\/kirchenkreis\/kirchenmusik\/","title":{"rendered":"Kirchenmusik"},"content":{"rendered":"<blockquote><p><span class=\"st\">&#8222;Bei einer and\u00e4chtigen Musik ist allezeit Gott mit seiner Gnaden Gegenwart.&#8220;<\/span><\/p>\n<p style=\"text-align: right;\">Johann Sebastian Bach<\/p>\n<\/blockquote>\n<h2><img loading=\"lazy\" decoding=\"async\" class=\"alignnone wp-image-2559 size-large\" src=\"http:\/\/eksm.de\/blog\/kirchenkreis\/wp-content\/uploads\/2012\/03\/DSC03131-1024x682.jpg\" alt=\"\" width=\"1024\" height=\"682\" srcset=\"https:\/\/eksm.de\/blog\/kirchenkreis\/wp-content\/uploads\/2012\/03\/DSC03131-1024x682.jpg 1024w, https:\/\/eksm.de\/blog\/kirchenkreis\/wp-content\/uploads\/2012\/03\/DSC03131-300x200.jpg 300w, https:\/\/eksm.de\/blog\/kirchenkreis\/wp-content\/uploads\/2012\/03\/DSC03131-768x511.jpg 768w\" sizes=\"auto, (max-width: 1024px) 100vw, 1024px\" \/><\/h2>\n<ul>\n<li><a href=\"http:\/\/eksm.de\/?page_id=665\">Bezirkskantor<\/a><\/li>\n<li><a href=\"http:\/\/eksm.de\/?page_id=677\">Ch\u00f6re<\/a><\/li>\n<li><a href=\"http:\/\/eksm.de\/?page_id=680\">Posaunenchor<\/a><\/li>\n<li><a href=\"http:\/\/eksm.de\/?page_id=2468\">Orgelmusik<\/a><\/li>\n<li><a href=\"http:\/\/eksm.de\/?page_id=2506\">Unterricht<\/a><\/li>\n<\/ul>\n<h2>Vielfalt und Qualit\u00e4t<\/h2>\n<p>Die Kirchenmusik am Bezirkskantorat Schmalkalden ist vielf\u00e4ltig: Bezirkskantor <a href=\"http:\/\/eksm.de\/?page_id=665\">Andreas Conrad<\/a> hat seinen pers\u00f6nlichen Schwerpunkt in der Alten Musik gew\u00e4hlt, d. h. in der Musik des Barock und der Renaissance. Er bringt aber gerne und regelm\u00e4\u00dfig auch Werke sp\u00e4terer Epochen zur Auff\u00fchrung: Orgelwerke der Fr\u00fchklassik bis zur Moderne, Messen und Oratorien aus Klassik und Romantik sowie Jazz- und Popwerke f\u00fcr Bl\u00e4ser.<\/p>\n<p>Gastmusiker, Bands und Projektch\u00f6re erg\u00e4nzen das <a href=\"http:\/\/eksm.de\/?page_id=641\">Programm der Konzerte und Gottesdienste<\/a> mit Musik aus dem Mittelalter bis Pop und Rock. Eine wichtige Rolle spielt die Zusammenarbeit mit den renommierten Konzertreihen in Mitteldeutschland: dem <a href=\"http:\/\/www.mdr.de\/musiksommer\" target=\"_blank\" rel=\"noopener\">MDR Musiksommer<\/a>, den <a href=\"http:\/\/www.thueringer-bachwochen.de\/de\/\" target=\"_blank\" rel=\"noopener\">Th\u00fcringer Bachwochen<\/a> und dem <a href=\"http:\/\/orgelsommer.de\/blog\/\" target=\"_blank\" rel=\"noopener\">Th\u00fcringer Orgelsommer e. V.<\/a><\/p>\n<p>Unabh\u00e4ngig von der Stilrichtung geht es uns vor allem um eins: um <em>gutgemachte<\/em> Musik.<\/p>\n<h2>Gaben und Pers\u00f6nlichkeiten<\/h2>\n<p>Egal ob Laie oder Profimusiker: Die Musizierfreude und das bewusste, selbst\u00e4ndige Musizieren sind dabei tragende Elemente. Das soll sowohl in den Proben und Auff\u00fchrungen der <a href=\"http:\/\/eksm.de\/?page_id=677\">Ch\u00f6re<\/a> und des <a href=\"http:\/\/eksm.de\/?page_id=680\" target=\"_blank\" rel=\"noopener\">Posaunenchors<\/a> als auch im <a href=\"http:\/\/eksm.de\/?page_id=2506\">Unterricht <\/a>erfahrbar werden.<\/p>\n<p>Im Mittelpunkt stehen:<\/p>\n<ul>\n<li>die musikalische Erarbeitung und Auff\u00fchrung zur Ehre Gottes und zur Freude der Menschen<\/li>\n<li>sowie die Musizierenden selbst mit ihren Gaben und Pers\u00f6nlichkeiten.<\/li>\n<\/ul>\n<p><strong>Herzlich willkommen!<\/strong><\/p>\n","protected":false},"excerpt":{"rendered":"<div class=\"mh-excerpt\"><p>&#8222;Bei einer and\u00e4chtigen Musik ist allezeit Gott mit seiner Gnaden Gegenwart.&#8220; Johann Sebastian Bach Bezirkskantor Ch\u00f6re Posaunenchor Orgelmusik Unterricht Vielfalt und Qualit\u00e4t Die Kirchenmusik am Bezirkskantorat Schmalkalden ist vielf\u00e4ltig: Bezirkskantor Andreas Conrad hat seinen pers\u00f6nlichen <a class=\"mh-excerpt-more\" href=\"https:\/\/eksm.de\/blog\/kirchenkreis\/kirchenmusik\/\" title=\"Kirchenmusik\">[&#8230; weiterlesen]<\/a><\/p>\n<\/div>","protected":false},"author":1,"featured_media":0,"parent":0,"menu_order":6,"comment_status":"closed","ping_status":"closed","template":"","meta":{"ngg_post_thumbnail":0,"footnotes":""},"class_list":["post-627","page","type-page","status-publish"],"_links":{"self":[{"href":"https:\/\/eksm.de\/blog\/kirchenkreis\/wp-json\/wp\/v2\/pages\/627","targetHints":{"allow":["GET"]}}],"collection":[{"href":"https:\/\/eksm.de\/blog\/kirchenkreis\/wp-json\/wp\/v2\/pages"}],"about":[{"href":"https:\/\/eksm.de\/blog\/kirchenkreis\/wp-json\/wp\/v2\/types\/page"}],"author":[{"embeddable":true,"href":"https:\/\/eksm.de\/blog\/kirchenkreis\/wp-json\/wp\/v2\/users\/1"}],"replies":[{"embeddable":true,"href":"https:\/\/eksm.de\/blog\/kirchenkreis\/wp-json\/wp\/v2\/comments?post=627"}],"version-history":[{"count":26,"href":"https:\/\/eksm.de\/blog\/kirchenkreis\/wp-json\/wp\/v2\/pages\/627\/revisions"}],"predecessor-version":[{"id":5608,"href":"https:\/\/eksm.de\/blog\/kirchenkreis\/wp-json\/wp\/v2\/pages\/627\/revisions\/5608"}],"wp:attachment":[{"href":"https:\/\/eksm.de\/blog\/kirchenkreis\/wp-json\/wp\/v2\/media?parent=627"}],"curies":[{"name":"wp","href":"https:\/\/api.w.org\/{rel}","templated":true}]}}

<blockquote><p><span class="st">&#8222;Bei einer andächtigen Musik ist allezeit Gott mit seiner Gnaden Gegenwart.&#8220;</span></p>
<p style="text-align: right;">Johann Sebastian Bach</p>
</blockquote>
<h2><img loading="lazy" decoding="async" class="alignnone wp-image-2559 size-large" src="http://eksm.de/blog/kirchenkreis/wp-content/uploads/2012/03/DSC03131-1024x682.jpg" alt="" width="1024" height="682" srcset="https://eksm.de/blog/kirchenkreis/wp-content/uploads/2012/03/DSC03131-1024x682.jpg 1024w, https://eksm.de/blog/kirchenkreis/wp-content/uploads/2012/03/DSC03131-300x200.jpg 300w, https://eksm.de/blog/kirchenkreis/wp-content/uploads/2012/03/DSC03131-768x511.jpg 768w" sizes="auto, (max-width: 1024px) 100vw, 1024px" /></h2>
<ul>
<li><a href="http://eksm.de/?page_id=665">Bezirkskantor</a></li>
<li><a href="http://eksm.de/?page_id=677">Chöre</a></li>
<li><a href="http://eksm.de/?page_id=680">Posaunenchor</a></li>
<li><a href="http://eksm.de/?page_id=2468">Orgelmusik</a></li>
<li><a href="http://eksm.de/?page_id=2506">Unterricht</a></li>
</ul>
<h2>Vielfalt und Qualität</h2>
<p>Die Kirchenmusik am Bezirkskantorat Schmalkalden ist vielfältig: Bezirkskantor <a href="http://eksm.de/?page_id=665">Andreas Conrad</a> hat seinen persönlichen Schwerpunkt in der Alten Musik gewählt, d. h. in der Musik des Barock und der Renaissance. Er bringt aber gerne und regelmäßig auch Werke späterer Epochen zur Aufführung: Orgelwerke der Frühklassik bis zur Moderne, Messen und Oratorien aus Klassik und Romantik sowie Jazz- und Popwerke für Bläser.</p>
<p>Gastmusiker, Bands und Projektchöre ergänzen das <a href="http://eksm.de/?page_id=641">Programm der Konzerte und Gottesdienste</a> mit Musik aus dem Mittelalter bis Pop und Rock. Eine wichtige Rolle spielt die Zusammenarbeit mit den renommierten Konzertreihen in Mitteldeutschland: dem <a href="http://www.mdr.de/musiksommer" target="_blank" rel="noopener">MDR Musiksommer</a>, den <a href="http://www.thueringer-bachwochen.de/de/" target="_blank" rel="noopener">Thüringer Bachwochen</a> und dem <a href="http://orgelsommer.de/blog/" target="_blank" rel="noopener">Thüringer Orgelsommer e. V.</a></p>
<p>Unabhängig von der Stilrichtung geht es uns vor allem um eins: um <em>gutgemachte</em> Musik.</p>
<h2>Gaben und Persönlichkeiten</h2>
<p>Egal ob Laie oder Profimusiker: Die Musizierfreude und das bewusste, selbständige Musizieren sind dabei tragende Elemente. Das soll sowohl in den Proben und Aufführungen der <a href="http://eksm.de/?page_id=677">Chöre</a> und des <a href="http://eksm.de/?page_id=680" target="_blank" rel="noopener">Posaunenchors</a> als auch im <a href="http://eksm.de/?page_id=2506">Unterricht </a>erfahrbar werden.</p>
<p>Im Mittelpunkt stehen:</p>
<ul>
<li>die musikalische Erarbeitung und Aufführung zur Ehre Gottes und zur Freude der Menschen</li>
<li>sowie die Musizierenden selbst mit ihren Gaben und Persönlichkeiten.</li>
</ul>
<p><strong>Herzlich willkommen!</strong></p>

<div class="mh-excerpt"><p>&#8222;Bei einer andächtigen Musik ist allezeit Gott mit seiner Gnaden Gegenwart.&#8220; Johann Sebastian Bach Bezirkskantor Chöre Posaunenchor Orgelmusik Unterricht Vielfalt und Qualität Die Kirchenmusik am Bezirkskantorat Schmalkalden ist vielfältig: Bezirkskantor Andreas Conrad hat seinen persönlichen <a class="mh-excerpt-more" href="https://eksm.de/blog/kirchenkreis/kirchenmusik/" title="Kirchenmusik">[&#8230; weiterlesen]</a></p>
</div>
