{"id":665,"date":"2012-03-27T11:24:38","date_gmt":"2012-03-27T09:24:38","guid":{"rendered":"http:\/\/eksm.de\/?page_id=665"},"modified":"2021-08-17T16:03:44","modified_gmt":"2021-08-17T14:03:44","slug":"bezirkskantor","status":"publish","type":"page","link":"https:\/\/eksm.de\/blog\/kirchenkreis\/kirchenmusik\/bezirkskantor\/","title":{"rendered":"Bezirkskantor"},"content":{"rendered":"<p><img loading=\"lazy\" decoding=\"async\" class=\"wp-image-2438 size-medium alignleft\" src=\"http:\/\/eksm.de\/blog\/kirchenkreis\/wp-content\/uploads\/2017\/08\/DSC_0244-300x199.jpg\" alt=\"\" width=\"300\" height=\"199\" srcset=\"https:\/\/eksm.de\/blog\/kirchenkreis\/wp-content\/uploads\/2017\/08\/DSC_0244-300x199.jpg 300w, https:\/\/eksm.de\/blog\/kirchenkreis\/wp-content\/uploads\/2017\/08\/DSC_0244-768x509.jpg 768w, https:\/\/eksm.de\/blog\/kirchenkreis\/wp-content\/uploads\/2017\/08\/DSC_0244-1024x678.jpg 1024w\" sizes=\"auto, (max-width: 300px) 100vw, 300px\" \/><\/p>\n<h3>Kontakt<\/h3>\n<p>Bezirkskantorat Schmalkalden<br \/>\nAndreas Conrad<br \/>\nKirchhof 3<br \/>\n98574 Schmalkalden<br \/>\nTel. 03683 \/ 40 74 32<br \/>\nE-Mail: <a href=\"mailto:andreas.conrad@ekkw.de\">andreas.conrad@ekkw.de<\/a><br \/>\n<a href=\"http:\/\/www.andreasconrad.com\" target=\"_blank\" rel=\"noopener noreferrer\">www.andreasconrad.com<\/a><\/p>\n<p>&nbsp;<\/p>\n<ul>\n<li>Leitung der Kirchenmusik an der Stadtkirche St. Georg Schmalkalden<\/li>\n<li>Unterricht und C-Ausbilung: Orgel, Chorleitung, Posaune und Trompete<\/li>\n<li>Beratung und Unterst\u00fctzung der nebenberuflichen Kirchenmusiker\/innen und Ensembles im Kirchenkreis Schmalkalden in Zusammenarbeit mit Pfr. Heiko Oertel, Pfarrer f\u00fcr Kirchenmusik (Tel. 036840 \/ 81 41 0; E-Mail: <a href=\"mailto:heiko.oertel@ekkw.de\">heiko.oertel@ekkw.de<\/a>)<\/li>\n<\/ul>\n<h2>Andreas Conrad<\/h2>\n<p>1977<br \/>\ngeboren in M\u00fcnchen<\/p>\n<p>1982<br \/>\nBeginn regelm\u00e4\u00dfigen Cembalounterrichts<\/p>\n<p>1990-1995<br \/>\nGaststudium im Fach Cembalo am Hermann-Zilcher-Konservatorium W\u00fcrzburg bei Lucy Hallman-Russell und Prof. Mark Kroll<\/p>\n<p>1993<br \/>\nBeginn regelm\u00e4\u00dfigen Orgelunterrichts an St. Anna, Augsburg, und regelm\u00e4\u00dfigen Orgelspiels an der Emmausgemeinde, Neus\u00e4\u00df<\/p>\n<p>1995<br \/>\nBundesstipendium an der Sch\u00fclerakademie in Braunschweig: Renaissance- und Barock in England<\/p>\n<p>1995-1998 \/ 2002-2003<br \/>\nAktive Teilnahme an der Sommerakademie f\u00fcr Alte Musik Innsbruck:<\/p>\n<ul>\n<li>Meisterklasse Prof. Johann Sonnleitner, Cembalo<\/li>\n<li>Meisterklasse Prof. Jesper Christensen, Generalbass<\/li>\n<\/ul>\n<p>1997-2004<br \/>\nStudium der Evangelischen Kirchenmusik B- und A-Diplom an der Kirchenmusikhochschule T\u00fcbingen<\/p>\n<p>2004-2008<br \/>\nDiplom f\u00fcr Alte Musik mit Hauptfach Cembalo bei J\u00f6rg-Andreas B\u00f6tticher an der Schola Cantorum Basiliensis, Hochschule f\u00fcr Alte Musik an der Musik-Akademie Basel.<\/p>\n<ul>\n<li>Mitwirkung bei Orchesterprojekten und Korrepetition der Opern- und Gesangsklassen (u.a. bei Andreas Scholl, Andrea Marcon, Katharina Arfken)<\/li>\n<li>Assistenz bei der Produktion von \u201eKing Arthur\u201c (H. Purcell) mit der Musikakademie Basel<\/li>\n<li>Schwerpunktsetzung in Ensembleleitung auf geistliche Kantaten (insbesondere J. S. Bach und D. Buxtehude)<\/li>\n<li>Mitwirkung in der Bach-Kantatenreihe an der Predigerkirche Basel unter J\u00f6rg-Andreas B\u00f6tticher<\/li>\n<\/ul>\n<p>seit 2008<br \/>\nKantor an der Stadtkirche St. Georg in Schmalkalden sowie Bezirkskantor f\u00fcr den Kirchenkreis Schmalkalden der Evangelischen Kirche von Kurhessen-Waldeck<\/p>\n<p>seit 2015<strong><br \/>\n<\/strong>Dozent an der Kirchenmusikalischen Fortbildungsst\u00e4tte Schl\u00fcchtern<\/p>\n","protected":false},"excerpt":{"rendered":"<div class=\"mh-excerpt\"><p>Kontakt Bezirkskantorat Schmalkalden Andreas Conrad Kirchhof 3 98574 Schmalkalden Tel. 03683 \/ 40 74 32 E-Mail: andreas.conrad@ekkw.de www.andreasconrad.com &nbsp; Leitung der Kirchenmusik an der Stadtkirche St. Georg Schmalkalden Unterricht und C-Ausbilung: Orgel, Chorleitung, Posaune und <a class=\"mh-excerpt-more\" href=\"https:\/\/eksm.de\/blog\/kirchenkreis\/kirchenmusik\/bezirkskantor\/\" title=\"Bezirkskantor\">[&#8230; weiterlesen]<\/a><\/p>\n<\/div>","protected":false},"author":109,"featured_media":0,"parent":627,"menu_order":0,"comment_status":"open","ping_status":"open","template":"","meta":{"ngg_post_thumbnail":0,"footnotes":""},"class_list":["post-665","page","type-page","status-publish"],"_links":{"self":[{"href":"https:\/\/eksm.de\/blog\/kirchenkreis\/wp-json\/wp\/v2\/pages\/665","targetHints":{"allow":["GET"]}}],"collection":[{"href":"https:\/\/eksm.de\/blog\/kirchenkreis\/wp-json\/wp\/v2\/pages"}],"about":[{"href":"https:\/\/eksm.de\/blog\/kirchenkreis\/wp-json\/wp\/v2\/types\/page"}],"author":[{"embeddable":true,"href":"https:\/\/eksm.de\/blog\/kirchenkreis\/wp-json\/wp\/v2\/users\/109"}],"replies":[{"embeddable":true,"href":"https:\/\/eksm.de\/blog\/kirchenkreis\/wp-json\/wp\/v2\/comments?post=665"}],"version-history":[{"count":21,"href":"https:\/\/eksm.de\/blog\/kirchenkreis\/wp-json\/wp\/v2\/pages\/665\/revisions"}],"predecessor-version":[{"id":3357,"href":"https:\/\/eksm.de\/blog\/kirchenkreis\/wp-json\/wp\/v2\/pages\/665\/revisions\/3357"}],"up":[{"embeddable":true,"href":"https:\/\/eksm.de\/blog\/kirchenkreis\/wp-json\/wp\/v2\/pages\/627"}],"wp:attachment":[{"href":"https:\/\/eksm.de\/blog\/kirchenkreis\/wp-json\/wp\/v2\/media?parent=665"}],"curies":[{"name":"wp","href":"https:\/\/api.w.org\/{rel}","templated":true}]}}

<p><img loading="lazy" decoding="async" class="wp-image-2438 size-medium alignleft" src="http://eksm.de/blog/kirchenkreis/wp-content/uploads/2017/08/DSC_0244-300x199.jpg" alt="" width="300" height="199" srcset="https://eksm.de/blog/kirchenkreis/wp-content/uploads/2017/08/DSC_0244-300x199.jpg 300w, https://eksm.de/blog/kirchenkreis/wp-content/uploads/2017/08/DSC_0244-768x509.jpg 768w, https://eksm.de/blog/kirchenkreis/wp-content/uploads/2017/08/DSC_0244-1024x678.jpg 1024w" sizes="auto, (max-width: 300px) 100vw, 300px" /></p>
<h3>Kontakt</h3>
<p>Bezirkskantorat Schmalkalden<br />
Andreas Conrad<br />
Kirchhof 3<br />
98574 Schmalkalden<br />
Tel. 03683 / 40 74 32<br />
E-Mail: <a href="mailto:andreas.conrad@ekkw.de">andreas.conrad@ekkw.de</a><br />
<a href="http://www.andreasconrad.com" target="_blank" rel="noopener noreferrer">www.andreasconrad.com</a></p>
<p>&nbsp;</p>
<ul>
<li>Leitung der Kirchenmusik an der Stadtkirche St. Georg Schmalkalden</li>
<li>Unterricht und C-Ausbilung: Orgel, Chorleitung, Posaune und Trompete</li>
<li>Beratung und Unterstützung der nebenberuflichen Kirchenmusiker/innen und Ensembles im Kirchenkreis Schmalkalden in Zusammenarbeit mit Pfr. Heiko Oertel, Pfarrer für Kirchenmusik (Tel. 036840 / 81 41 0; E-Mail: <a href="mailto:heiko.oertel@ekkw.de">heiko.oertel@ekkw.de</a>)</li>
</ul>
<h2>Andreas Conrad</h2>
<p>1977<br />
geboren in München</p>
<p>1982<br />
Beginn regelmäßigen Cembalounterrichts</p>
<p>1990-1995<br />
Gaststudium im Fach Cembalo am Hermann-Zilcher-Konservatorium Würzburg bei Lucy Hallman-Russell und Prof. Mark Kroll</p>
<p>1993<br />
Beginn regelmäßigen Orgelunterrichts an St. Anna, Augsburg, und regelmäßigen Orgelspiels an der Emmausgemeinde, Neusäß</p>
<p>1995<br />
Bundesstipendium an der Schülerakademie in Braunschweig: Renaissance- und Barock in England</p>
<p>1995-1998 / 2002-2003<br />
Aktive Teilnahme an der Sommerakademie für Alte Musik Innsbruck:</p>
<ul>
<li>Meisterklasse Prof. Johann Sonnleitner, Cembalo</li>
<li>Meisterklasse Prof. Jesper Christensen, Generalbass</li>
</ul>
<p>1997-2004<br />
Studium der Evangelischen Kirchenmusik B- und A-Diplom an der Kirchenmusikhochschule Tübingen</p>
<p>2004-2008<br />
Diplom für Alte Musik mit Hauptfach Cembalo bei Jörg-Andreas Bötticher an der Schola Cantorum Basiliensis, Hochschule für Alte Musik an der Musik-Akademie Basel.</p>
<ul>
<li>Mitwirkung bei Orchesterprojekten und Korrepetition der Opern- und Gesangsklassen (u.a. bei Andreas Scholl, Andrea Marcon, Katharina Arfken)</li>
<li>Assistenz bei der Produktion von „King Arthur“ (H. Purcell) mit der Musikakademie Basel</li>
<li>Schwerpunktsetzung in Ensembleleitung auf geistliche Kantaten (insbesondere J. S. Bach und D. Buxtehude)</li>
<li>Mitwirkung in der Bach-Kantatenreihe an der Predigerkirche Basel unter Jörg-Andreas Bötticher</li>
</ul>
<p>seit 2008<br />
Kantor an der Stadtkirche St. Georg in Schmalkalden sowie Bezirkskantor für den Kirchenkreis Schmalkalden der Evangelischen Kirche von Kurhessen-Waldeck</p>
<p>seit 2015<strong><br />
</strong>Dozent an der Kirchenmusikalischen Fortbildungsstätte Schlüchtern</p>
