{"id":677,"date":"2012-04-03T11:16:42","date_gmt":"2012-04-03T09:16:42","guid":{"rendered":"http:\/\/eksm.de\/?page_id=677"},"modified":"2017-08-05T00:19:52","modified_gmt":"2017-08-04T22:19:52","slug":"probentermine","status":"publish","type":"page","link":"https:\/\/eksm.de\/blog\/kirchenkreis\/kirchenmusik\/probentermine\/","title":{"rendered":"Ch\u00f6re"},"content":{"rendered":"<blockquote><p><strong>Alle Chorgruppen freuen sich \u00fcber neue S\u00e4ngerinnen und S\u00e4nger &#8211; Herzlich willkommen!<\/strong><\/p><\/blockquote>\n<h2><img loading=\"lazy\" decoding=\"async\" class=\"alignnone wp-image-2477 size-large\" src=\"http:\/\/eksm.de\/blog\/kirchenkreis\/wp-content\/uploads\/2017\/08\/DSC01690-1024x682.jpg\" alt=\"\" width=\"1024\" height=\"682\" srcset=\"https:\/\/eksm.de\/blog\/kirchenkreis\/wp-content\/uploads\/2017\/08\/DSC01690-1024x682.jpg 1024w, https:\/\/eksm.de\/blog\/kirchenkreis\/wp-content\/uploads\/2017\/08\/DSC01690-300x200.jpg 300w, https:\/\/eksm.de\/blog\/kirchenkreis\/wp-content\/uploads\/2017\/08\/DSC01690-768x511.jpg 768w\" sizes=\"auto, (max-width: 1024px) 100vw, 1024px\" \/><\/h2>\n<h2>Dekanatschor<\/h2>\n<p><strong>Dienstags, 19.30 \u2013 21.30 Uhr<\/strong><br \/>\nReinhard-Naumann-Haus, K\u00fcnkelsgasse 32<\/p>\n<p>1-2 Konzerte im Jahr: Oratorien, Kantaten, Motetten.<br \/>\nDie Mitwirkung im Dekanatschor setzt gute Chorerfahrung und grundlegende Notenkenntnisse voraus.<\/p>\n<h2>Kantorei<\/h2>\n<p><strong>Nach Bekanntgabe <em>anstelle<\/em> des Dekanatschors: Dienstags, 19.30 \u2013 21.30 Uhr<\/strong><br \/>\nReinhard-Naumann-Haus, K\u00fcnkelsgasse 32<\/p>\n<p>Gottesdienste zu besonderen Anl\u00e4ssen und hohen Feiertagen: Motetten, Chorals\u00e4tze, Liturgische St\u00fccke.<br \/>\nEingeladen sind alle, die Freude am Singen haben.<\/p>\n<h2>Kammerchor <em>collegium vocale smalcaldensis<\/em><\/h2>\n<p><strong>Freitags, 18.30 \u2013 20.00 Uhr<\/strong><br \/>\nReinhard-Naumann-Haus, K\u00fcnkelsgasse 32<\/p>\n<p>Die Proben finden projektweise sowohl f\u00fcr Gottesdienste als auch f\u00fcr Konzerte statt: Kantaten, Motetten, Madrigale, Gregorianik. Voraussetzung f\u00fcr die Mitwirkung im Kammerchor ist das selbst\u00e4ndige Erarbeiten und \u00dcben der St\u00fccke sowie ein Vorsingen bei Bezirkskantor <a href=\"http:\/\/eksm.de\/?page_id=665\">Andreas Conrad<\/a>.<\/p>\n<h2>Chorleitungsunterricht<\/h2>\n<p>Wer Interesse daran hat, einen Chor zu leiten, kann im Bezirkskantorat Schmalkalden Chorleitungsunterricht erhalten. Inhalte des Unterrichts sind je nach Bedarf:<\/p>\n<ul>\n<li>Dirigat<\/li>\n<li>Probenmethodik<\/li>\n<li>Intonation, Gesang, Geh\u00f6rbildung.<\/li>\n<\/ul>\n<p>Es besteht die M\u00f6glichkeit, die nebenberufliche Kirchenmusikerausbildung (C-Ausbildung) zu absolvieren. Die bestandene C-Pr\u00fcfung berechtigt zu entsprechender Bezahlung nach den landeskirchlichen Verg\u00fctungsrichtlinien (Verg\u00fctungsgruppe II) f\u00fcr Organisten- oder Chorleitert\u00e4tigkeit. N\u00e4here Informationen finden Sie <a href=\"http:\/\/eksm.de\/?page_id=2506\">hier<\/a>.&nbsp;<\/p>\n","protected":false},"excerpt":{"rendered":"<div class=\"mh-excerpt\"><p>Alle Chorgruppen freuen sich \u00fcber neue S\u00e4ngerinnen und S\u00e4nger &#8211; Herzlich willkommen! Dekanatschor Dienstags, 19.30 \u2013 21.30 Uhr Reinhard-Naumann-Haus, K\u00fcnkelsgasse 32 1-2 Konzerte im Jahr: Oratorien, Kantaten, Motetten. Die Mitwirkung im Dekanatschor setzt gute Chorerfahrung <a class=\"mh-excerpt-more\" href=\"https:\/\/eksm.de\/blog\/kirchenkreis\/kirchenmusik\/probentermine\/\" title=\"Ch\u00f6re\">[&#8230; weiterlesen]<\/a><\/p>\n<\/div>","protected":false},"author":109,"featured_media":0,"parent":627,"menu_order":3,"comment_status":"open","ping_status":"closed","template":"","meta":{"ngg_post_thumbnail":0,"footnotes":""},"class_list":["post-677","page","type-page","status-publish"],"_links":{"self":[{"href":"https:\/\/eksm.de\/blog\/kirchenkreis\/wp-json\/wp\/v2\/pages\/677","targetHints":{"allow":["GET"]}}],"collection":[{"href":"https:\/\/eksm.de\/blog\/kirchenkreis\/wp-json\/wp\/v2\/pages"}],"about":[{"href":"https:\/\/eksm.de\/blog\/kirchenkreis\/wp-json\/wp\/v2\/types\/page"}],"author":[{"embeddable":true,"href":"https:\/\/eksm.de\/blog\/kirchenkreis\/wp-json\/wp\/v2\/users\/109"}],"replies":[{"embeddable":true,"href":"https:\/\/eksm.de\/blog\/kirchenkreis\/wp-json\/wp\/v2\/comments?post=677"}],"version-history":[{"count":15,"href":"https:\/\/eksm.de\/blog\/kirchenkreis\/wp-json\/wp\/v2\/pages\/677\/revisions"}],"predecessor-version":[{"id":2519,"href":"https:\/\/eksm.de\/blog\/kirchenkreis\/wp-json\/wp\/v2\/pages\/677\/revisions\/2519"}],"up":[{"embeddable":true,"href":"https:\/\/eksm.de\/blog\/kirchenkreis\/wp-json\/wp\/v2\/pages\/627"}],"wp:attachment":[{"href":"https:\/\/eksm.de\/blog\/kirchenkreis\/wp-json\/wp\/v2\/media?parent=677"}],"curies":[{"name":"wp","href":"https:\/\/api.w.org\/{rel}","templated":true}]}}

Chöre

<blockquote><p><strong>Alle Chorgruppen freuen sich über neue Sängerinnen und Sänger &#8211; Herzlich willkommen!</strong></p></blockquote>
<h2><img loading="lazy" decoding="async" class="alignnone wp-image-2477 size-large" src="http://eksm.de/blog/kirchenkreis/wp-content/uploads/2017/08/DSC01690-1024x682.jpg" alt="" width="1024" height="682" srcset="https://eksm.de/blog/kirchenkreis/wp-content/uploads/2017/08/DSC01690-1024x682.jpg 1024w, https://eksm.de/blog/kirchenkreis/wp-content/uploads/2017/08/DSC01690-300x200.jpg 300w, https://eksm.de/blog/kirchenkreis/wp-content/uploads/2017/08/DSC01690-768x511.jpg 768w" sizes="auto, (max-width: 1024px) 100vw, 1024px" /></h2>
<h2>Dekanatschor</h2>
<p><strong>Dienstags, 19.30 – 21.30 Uhr</strong><br />
Reinhard-Naumann-Haus, Künkelsgasse 32</p>
<p>1-2 Konzerte im Jahr: Oratorien, Kantaten, Motetten.<br />
Die Mitwirkung im Dekanatschor setzt gute Chorerfahrung und grundlegende Notenkenntnisse voraus.</p>
<h2>Kantorei</h2>
<p><strong>Nach Bekanntgabe <em>anstelle</em> des Dekanatschors: Dienstags, 19.30 – 21.30 Uhr</strong><br />
Reinhard-Naumann-Haus, Künkelsgasse 32</p>
<p>Gottesdienste zu besonderen Anlässen und hohen Feiertagen: Motetten, Choralsätze, Liturgische Stücke.<br />
Eingeladen sind alle, die Freude am Singen haben.</p>
<h2>Kammerchor <em>collegium vocale smalcaldensis</em></h2>
<p><strong>Freitags, 18.30 – 20.00 Uhr</strong><br />
Reinhard-Naumann-Haus, Künkelsgasse 32</p>
<p>Die Proben finden projektweise sowohl für Gottesdienste als auch für Konzerte statt: Kantaten, Motetten, Madrigale, Gregorianik. Voraussetzung für die Mitwirkung im Kammerchor ist das selbständige Erarbeiten und Üben der Stücke sowie ein Vorsingen bei Bezirkskantor <a href="http://eksm.de/?page_id=665">Andreas Conrad</a>.</p>
<h2>Chorleitungsunterricht</h2>
<p>Wer Interesse daran hat, einen Chor zu leiten, kann im Bezirkskantorat Schmalkalden Chorleitungsunterricht erhalten. Inhalte des Unterrichts sind je nach Bedarf:</p>
<ul>
<li>Dirigat</li>
<li>Probenmethodik</li>
<li>Intonation, Gesang, Gehörbildung.</li>
</ul>
<p>Es besteht die Möglichkeit, die nebenberufliche Kirchenmusikerausbildung (C-Ausbildung) zu absolvieren. Die bestandene C-Prüfung berechtigt zu entsprechender Bezahlung nach den landeskirchlichen Vergütungsrichtlinien (Vergütungsgruppe II) für Organisten- oder Chorleitertätigkeit. Nähere Informationen finden Sie <a href="http://eksm.de/?page_id=2506">hier</a>.&nbsp;</p>

<div class="mh-excerpt"><p>Alle Chorgruppen freuen sich über neue Sängerinnen und Sänger &#8211; Herzlich willkommen! Dekanatschor Dienstags, 19.30 – 21.30 Uhr Reinhard-Naumann-Haus, Künkelsgasse 32 1-2 Konzerte im Jahr: Oratorien, Kantaten, Motetten. Die Mitwirkung im Dekanatschor setzt gute Chorerfahrung <a class="mh-excerpt-more" href="https://eksm.de/blog/kirchenkreis/kirchenmusik/probentermine/" title="Chöre">[&#8230; weiterlesen]</a></p>
</div>
