{"id":680,"date":"2012-04-03T11:25:53","date_gmt":"2012-04-03T09:25:53","guid":{"rendered":"http:\/\/eksm.de\/?page_id=680"},"modified":"2017-08-05T13:36:03","modified_gmt":"2017-08-05T11:36:03","slug":"orgelunterricht","status":"publish","type":"page","link":"https:\/\/eksm.de\/blog\/kirchenkreis\/kirchenmusik\/orgelunterricht\/","title":{"rendered":"Posaunenchor"},"content":{"rendered":"<blockquote><p><strong>Wir lieben Musik f\u00fcr Blechbl\u00e4ser! Sie auch? <\/strong><\/p>\n<p><strong>Wir freuen uns \u00fcber Bl\u00e4serinnen und Bl\u00e4ser jeden Alters und solche, die es werden wollen.<\/strong><\/p><\/blockquote>\n<h2><img loading=\"lazy\" decoding=\"async\" class=\"alignnone wp-image-2476 size-large\" src=\"http:\/\/eksm.de\/blog\/kirchenkreis\/wp-content\/uploads\/2017\/08\/DSC03175-1024x682.jpg\" alt=\"\" width=\"1024\" height=\"682\" srcset=\"https:\/\/eksm.de\/blog\/kirchenkreis\/wp-content\/uploads\/2017\/08\/DSC03175-1024x682.jpg 1024w, https:\/\/eksm.de\/blog\/kirchenkreis\/wp-content\/uploads\/2017\/08\/DSC03175-300x200.jpg 300w, https:\/\/eksm.de\/blog\/kirchenkreis\/wp-content\/uploads\/2017\/08\/DSC03175-768x511.jpg 768w\" sizes=\"auto, (max-width: 1024px) 100vw, 1024px\" \/><\/h2>\n<h2>Posaunenchor<\/h2>\n<p><strong>Donnerstags, 18.30 \u2013 20.00 Uhr<\/strong><br \/>\nK\u00fcnkelsgasse 32, Reinhard-Naumann-Haus<\/p>\n<p>Turmblasen, Konzerte, Gottesdienste und Veranstaltungen au\u00dferhalb der Kirche (z. B. Andachten auf dem Friedhof, Gottesdienste auf dem Altmarkt).<\/p>\n<p>Der Evangelische Posaunenchor Schmalkalden ist das Ensemble, das die meisten Veranstaltungen in der Gemeinde musikalisch gestaltet. Unsere stilistische Bandbreite erstreckt sich von Renaissance- bis Jazz- und Popmusik. Ein wichtiger Teil ist das Spielen von Kirchenliedern und Chor\u00e4len.<\/p>\n<p>Dabei kommt bei uns aber auch der gesellige Teil nicht zu kurz: Gelegentlich schlie\u00dft sich an die Proben ein gemeinsames Erfrischungsgetr\u00e4nk sowie Gehacktes mit Brot an. Soweit m\u00f6glich findet einmal im Jahr eine gemeinsames Bl\u00e4serwochenende au\u00dferhalb statt. Auch den <a href=\"https:\/\/www.kirchentag.de\/\" target=\"_blank\" rel=\"noopener\">Deutschen Evangelischen Kirchentag<\/a> oder den <a href=\"http:\/\/www.dept2016.de\/\" target=\"_blank\" rel=\"noopener\">Deutschen Evangelischen Posaunentag<\/a> besuchen wir gerne.<\/p>\n<p>Wir sind Mitglied im <a href=\"http:\/\/www.posaunenwerk-ekkw.de\/\" target=\"_blank\" rel=\"noopener\">Posaunenwerk der Evangelischen Kirche von Kurhessen-Waldeck<\/a>.<\/p>\n<h2>Jungbl\u00e4ser<\/h2>\n<p><strong>Donnerstags, 15.00-16.00 Uhr und 17.30-18.30 Uhr<\/strong><br \/>\nAb Oktober 2017 starten neue Jungbl\u00e4sergruppen!&nbsp;<\/p>\n<p>&#8222;Jungbl\u00e4ser&#8220; sind alle, die &#8211; unabh\u00e4ngig vom Alter &#8211; ein Blechblasinstrument erlernen wollen. Das Erlernen der Technik erfordert einige Monate lang die gesonderte Arbeit in Unterrichtsgruppen. Ziel der Jungbl\u00e4serarbeit ist das gemeinsame Spielen im Posaunenchor.<\/p>\n<p>F\u00fcr den Einstieg k\u00f6nnen Instrumente von der Kirchengemeinde ausgeliehen werden. Auf Dauer empfiehlt sich die Anschaffung eines eigenen Instruments.<\/p>\n<p>Interessierte Kinder, Jugendliche und Erwachsene melden sich bitte bei Bezirkskantor <a href=\"http:\/\/eksm.de\/?page_id=665\" target=\"_blank\" rel=\"noopener\">Andreas Conrad<\/a>.<\/p>\n","protected":false},"excerpt":{"rendered":"<div class=\"mh-excerpt\"><p>Wir lieben Musik f\u00fcr Blechbl\u00e4ser! Sie auch? Wir freuen uns \u00fcber Bl\u00e4serinnen und Bl\u00e4ser jeden Alters und solche, die es werden wollen. Posaunenchor Donnerstags, 18.30 \u2013 20.00 Uhr K\u00fcnkelsgasse 32, Reinhard-Naumann-Haus Turmblasen, Konzerte, Gottesdienste und <a class=\"mh-excerpt-more\" href=\"https:\/\/eksm.de\/blog\/kirchenkreis\/kirchenmusik\/orgelunterricht\/\" title=\"Posaunenchor\">[&#8230; weiterlesen]<\/a><\/p>\n<\/div>","protected":false},"author":109,"featured_media":0,"parent":627,"menu_order":3,"comment_status":"open","ping_status":"closed","template":"","meta":{"ngg_post_thumbnail":0,"footnotes":""},"class_list":["post-680","page","type-page","status-publish"],"_links":{"self":[{"href":"https:\/\/eksm.de\/blog\/kirchenkreis\/wp-json\/wp\/v2\/pages\/680","targetHints":{"allow":["GET"]}}],"collection":[{"href":"https:\/\/eksm.de\/blog\/kirchenkreis\/wp-json\/wp\/v2\/pages"}],"about":[{"href":"https:\/\/eksm.de\/blog\/kirchenkreis\/wp-json\/wp\/v2\/types\/page"}],"author":[{"embeddable":true,"href":"https:\/\/eksm.de\/blog\/kirchenkreis\/wp-json\/wp\/v2\/users\/109"}],"replies":[{"embeddable":true,"href":"https:\/\/eksm.de\/blog\/kirchenkreis\/wp-json\/wp\/v2\/comments?post=680"}],"version-history":[{"count":26,"href":"https:\/\/eksm.de\/blog\/kirchenkreis\/wp-json\/wp\/v2\/pages\/680\/revisions"}],"predecessor-version":[{"id":2484,"href":"https:\/\/eksm.de\/blog\/kirchenkreis\/wp-json\/wp\/v2\/pages\/680\/revisions\/2484"}],"up":[{"embeddable":true,"href":"https:\/\/eksm.de\/blog\/kirchenkreis\/wp-json\/wp\/v2\/pages\/627"}],"wp:attachment":[{"href":"https:\/\/eksm.de\/blog\/kirchenkreis\/wp-json\/wp\/v2\/media?parent=680"}],"curies":[{"name":"wp","href":"https:\/\/api.w.org\/{rel}","templated":true}]}}

<blockquote><p><strong>Wir lieben Musik für Blechbläser! Sie auch? </strong></p>
<p><strong>Wir freuen uns über Bläserinnen und Bläser jeden Alters und solche, die es werden wollen.</strong></p></blockquote>
<h2><img loading="lazy" decoding="async" class="alignnone wp-image-2476 size-large" src="http://eksm.de/blog/kirchenkreis/wp-content/uploads/2017/08/DSC03175-1024x682.jpg" alt="" width="1024" height="682" srcset="https://eksm.de/blog/kirchenkreis/wp-content/uploads/2017/08/DSC03175-1024x682.jpg 1024w, https://eksm.de/blog/kirchenkreis/wp-content/uploads/2017/08/DSC03175-300x200.jpg 300w, https://eksm.de/blog/kirchenkreis/wp-content/uploads/2017/08/DSC03175-768x511.jpg 768w" sizes="auto, (max-width: 1024px) 100vw, 1024px" /></h2>
<h2>Posaunenchor</h2>
<p><strong>Donnerstags, 18.30 – 20.00 Uhr</strong><br />
Künkelsgasse 32, Reinhard-Naumann-Haus</p>
<p>Turmblasen, Konzerte, Gottesdienste und Veranstaltungen außerhalb der Kirche (z. B. Andachten auf dem Friedhof, Gottesdienste auf dem Altmarkt).</p>
<p>Der Evangelische Posaunenchor Schmalkalden ist das Ensemble, das die meisten Veranstaltungen in der Gemeinde musikalisch gestaltet. Unsere stilistische Bandbreite erstreckt sich von Renaissance- bis Jazz- und Popmusik. Ein wichtiger Teil ist das Spielen von Kirchenliedern und Chorälen.</p>
<p>Dabei kommt bei uns aber auch der gesellige Teil nicht zu kurz: Gelegentlich schließt sich an die Proben ein gemeinsames Erfrischungsgetränk sowie Gehacktes mit Brot an. Soweit möglich findet einmal im Jahr eine gemeinsames Bläserwochenende außerhalb statt. Auch den <a href="https://www.kirchentag.de/" target="_blank" rel="noopener">Deutschen Evangelischen Kirchentag</a> oder den <a href="http://www.dept2016.de/" target="_blank" rel="noopener">Deutschen Evangelischen Posaunentag</a> besuchen wir gerne.</p>
<p>Wir sind Mitglied im <a href="http://www.posaunenwerk-ekkw.de/" target="_blank" rel="noopener">Posaunenwerk der Evangelischen Kirche von Kurhessen-Waldeck</a>.</p>
<h2>Jungbläser</h2>
<p><strong>Donnerstags, 15.00-16.00 Uhr und 17.30-18.30 Uhr</strong><br />
Ab Oktober 2017 starten neue Jungbläsergruppen!&nbsp;</p>
<p>&#8222;Jungbläser&#8220; sind alle, die &#8211; unabhängig vom Alter &#8211; ein Blechblasinstrument erlernen wollen. Das Erlernen der Technik erfordert einige Monate lang die gesonderte Arbeit in Unterrichtsgruppen. Ziel der Jungbläserarbeit ist das gemeinsame Spielen im Posaunenchor.</p>
<p>Für den Einstieg können Instrumente von der Kirchengemeinde ausgeliehen werden. Auf Dauer empfiehlt sich die Anschaffung eines eigenen Instruments.</p>
<p>Interessierte Kinder, Jugendliche und Erwachsene melden sich bitte bei Bezirkskantor <a href="http://eksm.de/?page_id=665" target="_blank" rel="noopener">Andreas Conrad</a>.</p>

<div class="mh-excerpt"><p>Wir lieben Musik für Blechbläser! Sie auch? Wir freuen uns über Bläserinnen und Bläser jeden Alters und solche, die es werden wollen. Posaunenchor Donnerstags, 18.30 – 20.00 Uhr Künkelsgasse 32, Reinhard-Naumann-Haus Turmblasen, Konzerte, Gottesdienste und <a class="mh-excerpt-more" href="https://eksm.de/blog/kirchenkreis/kirchenmusik/orgelunterricht/" title="Posaunenchor">[&#8230; weiterlesen]</a></p>
</div>
