{"id":379,"date":"2012-01-04T13:04:58","date_gmt":"2012-01-04T11:04:58","guid":{"rendered":"http:\/\/eksm.de\/blog\/reise\/?page_id=379"},"modified":"2020-08-23T19:35:28","modified_gmt":"2020-08-23T17:35:28","slug":"impressum","status":"publish","type":"page","link":"https:\/\/eksm.de\/blog\/reise\/?page_id=379","title":{"rendered":"Impressum"},"content":{"rendered":"<p><strong>Einrichtung:<\/strong> Evangelischer Kirchenkreis Schmalkalden<\/p>\n<p><strong>Rechtsform:<br \/>\n<\/strong>K\u00f6rperschaft \u00f6ffentlichen Rechts<\/p>\n<p><strong>Anschrift:<\/strong><br \/>\nWeidebrunner Tor 7,<br \/>\n98574 Schmalkalden<\/p>\n<p><strong>Telefon:<br \/>\n<\/strong>03683-602760<\/p>\n<p><strong>Fax:<br \/>\n<\/strong>+49 3683-647927<\/p>\n<p><strong>Mail:<br \/>\n<a href=\"mailto:dekanat.schmalkalden@ekkw.de\">dekanat.schmalkalden@ekkw.de<\/a> <\/strong><\/p>\n<p><strong><br \/>\n<\/strong><strong>Vertretungsberechtigt<br \/>\n<\/strong>Dekan Ralf Gebauer,<br \/>\nKreisjugendpfarrer Anton Becker<\/p>\n<p><b>Redaktionelle Anbieterkennzeichnung gem. \u00a7 6 des MDStV:<\/b><\/p>\n<p>Pfarrer Anton Becker<br \/>\nc\/o Tambacher Str. 27<br \/>\n98593 Floh-Seligenthal<br \/>\nTel: 03683\/608298<\/p>\n<p>Mail: <a href=\"mailto:pfarramt.Seligenthal@ekkw.de\">pfarramt.Seligenthal@ekkw.de <\/a><\/p>\n<p>Der Inhalt von www.eksm.de ist urheberrechtlich gesch\u00fctzt.<br \/>\nDie Vervielf\u00e4ltigung, \u00c4nderung, Verbreitung oder Speicherung von Informationen oder Daten, insbesondere von Texten, Textteilen, interaktiven Anwendungen oder Bildmaterial \u2013 auch auszugsweise \u2013 bedarf der vorherigen schriftlichen Zustimmung des Kirchenkreises Schmalkalden.<\/p>\n<p>Diese Seiten inklusive Quelltext und Software d\u00fcrfen nicht ver\u00e4ndert, kopiert, wiederver\u00f6ffentlicht, \u00fcbertragen, verbreitet oder gespeichert werden.<\/p>\n<p>Der Kirchenkreis pr\u00fcft und aktualisiert die Informationen auf ihrer Webseite st\u00e4ndig.<br \/>\nTrotz aller Sorgfalt k\u00f6nnen sich die Daten inzwischen ver\u00e4ndert haben. Eine Haftung oder Garantie f\u00fcr die Aktualit\u00e4t, Richtigkeit und Vollst\u00e4ndigkeit der zur Verf\u00fcgung gestellten Informationen kann daher nicht \u00fcbernommen werden.<\/p>\n<p>Soweit www.eksm.de mittels Hyperlink auf Internet-Seiten Dritter verweist, dient dies allein Informationszwecken, ohne dass sich der Nutzer auf die Aktualit\u00e4t, Richtigkeit oder Vollst\u00e4ndigkeit der Informationen berufen oder verlassen kann.<\/p>\n<p>Die Nutzung unserer Webseite ist in der Regel ohne Angabe personenbezogener Daten m\u00f6glich. Soweit auf unseren Seiten personenbezogene Daten (beispielsweise Name, Anschrift oder eMail-Adressen) erhoben werden, erfolgt dies, soweit m\u00f6glich, stets auf freiwilliger Basis. Diese Daten werden ohne Ihre ausdr\u00fcckliche Zustimmung nicht an Dritte weitergegeben.<\/p>\n<p>Wir weisen darauf hin, dass die Daten\u00fcbertragung im Internet (z.B. bei der Kommunikation per E-Mail) Sicherheitsl\u00fccken aufweisen kann. Ein l\u00fcckenloser Schutz der Daten vor dem Zugriff durch Dritte ist nicht m\u00f6glich.<\/p>\n<p>Der Nutzung von im Rahmen der Impressumspflicht ver\u00f6ffentlichten Kontaktdaten durch Dritte zur \u00dcbersendung von nicht ausdr\u00fccklich angeforderter Werbung und Informationsmaterialien wird hiermit ausdr\u00fccklich widersprochen. Die Betreiber der Seiten behalten sich ausdr\u00fccklich rechtliche Schritte im Falle der unverlangten Zusendung von Werbeinformationen, etwa durch Spam-Mails, vor.<\/p>\n","protected":false},"excerpt":{"rendered":"<p>Einrichtung: Evangelischer Kirchenkreis Schmalkalden Rechtsform: K\u00f6rperschaft \u00f6ffentlichen Rechts Anschrift: Weidebrunner Tor 7, 98574 Schmalkalden Telefon: 03683-602760 Fax: +49 3683-647927 Mail: dekanat.schmalkalden@ekkw.de Vertretungsberechtigt Dekan Ralf Gebauer, Kreisjugendpfarrer Anton Becker Redaktionelle Anbieterkennzeichnung gem. \u00a7 6 des MDStV: Pfarrer Anton Becker c\/o Tambacher Str. 27 98593 Floh-Seligenthal Tel: 03683\/608298 Mail: pfarramt.Seligenthal@ekkw.de Der Inhalt von www.eksm.de ist urheberrechtlich gesch\u00fctzt. &hellip; <a href=\"https:\/\/eksm.de\/blog\/reise\/?page_id=379\" class=\"more-link\"><span class=\"screen-reader-text\">Impressum<\/span> weiterlesen <span class=\"meta-nav\">&rarr;<\/span><\/a><\/p>\n","protected":false},"author":1,"featured_media":0,"parent":0,"menu_order":0,"comment_status":"open","ping_status":"open","template":"","meta":{"ngg_post_thumbnail":0,"footnotes":"","_links_to":"","_links_to_target":""},"class_list":["post-379","page","type-page","status-publish","hentry"],"_links":{"self":[{"href":"https:\/\/eksm.de\/blog\/reise\/index.php?rest_route=\/wp\/v2\/pages\/379","targetHints":{"allow":["GET"]}}],"collection":[{"href":"https:\/\/eksm.de\/blog\/reise\/index.php?rest_route=\/wp\/v2\/pages"}],"about":[{"href":"https:\/\/eksm.de\/blog\/reise\/index.php?rest_route=\/wp\/v2\/types\/page"}],"author":[{"embeddable":true,"href":"https:\/\/eksm.de\/blog\/reise\/index.php?rest_route=\/wp\/v2\/users\/1"}],"replies":[{"embeddable":true,"href":"https:\/\/eksm.de\/blog\/reise\/index.php?rest_route=%2Fwp%2Fv2%2Fcomments&post=379"}],"version-history":[{"count":7,"href":"https:\/\/eksm.de\/blog\/reise\/index.php?rest_route=\/wp\/v2\/pages\/379\/revisions"}],"predecessor-version":[{"id":12551,"href":"https:\/\/eksm.de\/blog\/reise\/index.php?rest_route=\/wp\/v2\/pages\/379\/revisions\/12551"}],"wp:attachment":[{"href":"https:\/\/eksm.de\/blog\/reise\/index.php?rest_route=%2Fwp%2Fv2%2Fmedia&parent=379"}],"curies":[{"name":"wp","href":"https:\/\/api.w.org\/{rel}","templated":true}]}}

<p><strong>Einrichtung:</strong> Evangelischer Kirchenkreis Schmalkalden</p>
<p><strong>Rechtsform:<br />
</strong>Körperschaft öffentlichen Rechts</p>
<p><strong>Anschrift:</strong><br />
Weidebrunner Tor 7,<br />
98574 Schmalkalden</p>
<p><strong>Telefon:<br />
</strong>03683-602760</p>
<p><strong>Fax:<br />
</strong>+49 3683-647927</p>
<p><strong>Mail:<br />
<a href="mailto:dekanat.schmalkalden@ekkw.de">dekanat.schmalkalden@ekkw.de</a> </strong></p>
<p><strong><br />
</strong><strong>Vertretungsberechtigt<br />
</strong>Dekan Ralf Gebauer,<br />
Kreisjugendpfarrer Anton Becker</p>
<p><b>Redaktionelle Anbieterkennzeichnung gem. § 6 des MDStV:</b></p>
<p>Pfarrer Anton Becker<br />
c/o Tambacher Str. 27<br />
98593 Floh-Seligenthal<br />
Tel: 03683/608298</p>
<p>Mail: <a href="mailto:pfarramt.Seligenthal@ekkw.de">pfarramt.Seligenthal@ekkw.de </a></p>
<p>Der Inhalt von www.eksm.de ist urheberrechtlich geschützt.<br />
Die Vervielfältigung, Änderung, Verbreitung oder Speicherung von Informationen oder Daten, insbesondere von Texten, Textteilen, interaktiven Anwendungen oder Bildmaterial – auch auszugsweise – bedarf der vorherigen schriftlichen Zustimmung des Kirchenkreises Schmalkalden.</p>
<p>Diese Seiten inklusive Quelltext und Software dürfen nicht verändert, kopiert, wiederveröffentlicht, übertragen, verbreitet oder gespeichert werden.</p>
<p>Der Kirchenkreis prüft und aktualisiert die Informationen auf ihrer Webseite ständig.<br />
Trotz aller Sorgfalt können sich die Daten inzwischen verändert haben. Eine Haftung oder Garantie für die Aktualität, Richtigkeit und Vollständigkeit der zur Verfügung gestellten Informationen kann daher nicht übernommen werden.</p>
<p>Soweit www.eksm.de mittels Hyperlink auf Internet-Seiten Dritter verweist, dient dies allein Informationszwecken, ohne dass sich der Nutzer auf die Aktualität, Richtigkeit oder Vollständigkeit der Informationen berufen oder verlassen kann.</p>
<p>Die Nutzung unserer Webseite ist in der Regel ohne Angabe personenbezogener Daten möglich. Soweit auf unseren Seiten personenbezogene Daten (beispielsweise Name, Anschrift oder eMail-Adressen) erhoben werden, erfolgt dies, soweit möglich, stets auf freiwilliger Basis. Diese Daten werden ohne Ihre ausdrückliche Zustimmung nicht an Dritte weitergegeben.</p>
<p>Wir weisen darauf hin, dass die Datenübertragung im Internet (z.B. bei der Kommunikation per E-Mail) Sicherheitslücken aufweisen kann. Ein lückenloser Schutz der Daten vor dem Zugriff durch Dritte ist nicht möglich.</p>
<p>Der Nutzung von im Rahmen der Impressumspflicht veröffentlichten Kontaktdaten durch Dritte zur Übersendung von nicht ausdrücklich angeforderter Werbung und Informationsmaterialien wird hiermit ausdrücklich widersprochen. Die Betreiber der Seiten behalten sich ausdrücklich rechtliche Schritte im Falle der unverlangten Zusendung von Werbeinformationen, etwa durch Spam-Mails, vor.</p>

<p>Einrichtung: Evangelischer Kirchenkreis Schmalkalden Rechtsform: Körperschaft öffentlichen Rechts Anschrift: Weidebrunner Tor 7, 98574 Schmalkalden Telefon: 03683-602760 Fax: +49 3683-647927 Mail: dekanat.schmalkalden@ekkw.de Vertretungsberechtigt Dekan Ralf Gebauer, Kreisjugendpfarrer Anton Becker Redaktionelle Anbieterkennzeichnung gem. § 6 des MDStV: Pfarrer Anton Becker c/o Tambacher Str. 27 98593 Floh-Seligenthal Tel: 03683/608298 Mail: pfarramt.Seligenthal@ekkw.de Der Inhalt von www.eksm.de ist urheberrechtlich geschützt. &hellip; <a href="https://eksm.de/blog/reise/?page_id=379" class="more-link"><span class="screen-reader-text">Impressum</span> weiterlesen <span class="meta-nav">&rarr;</span></a></p>
