{"id":1031,"date":"2013-10-04T18:55:49","date_gmt":"2013-10-04T16:55:49","guid":{"rendered":"http:\/\/eksm.de\/blog\/seligenthal\/?page_id=1031"},"modified":"2016-03-08T16:31:09","modified_gmt":"2016-03-08T15:31:09","slug":"struth-helmershof","status":"publish","type":"page","link":"https:\/\/eksm.de\/blog\/seligenthal\/?page_id=1031","title":{"rendered":"Struth-Helmershof"},"content":{"rendered":"<p>Struth-Helmershof ist mit 450 m &#8211; 480 m \u00fcber NN einer der h\u00f6chstgelegenen Ortsteile der Gro\u00dfgemeinde Floh-Seligenthal. Bis 1936 waren die D\u00f6rfer Struth und Helmershof zwei selbst\u00e4ndige Landgemeinden mit eigenen B\u00fcrgermeistern. Der Ort bietet ideale M\u00f6glichkeiten f\u00fcr einen aktiven Urlaub mit zahlreichen Wanderwegen und sch\u00f6nen Aussichtspunkten sowie einem Bergschwimmbad.<\/p>\n<p><a href=\"http:\/\/eksm.de\/blog\/seligenthal\/wp-content\/uploads\/2014\/02\/Kirche-Struth-2.jpg\" rel=\"attachment wp-att-2882\"><img loading=\"lazy\" decoding=\"async\" class=\"alignnone size-thumbnail wp-image-2882\" src=\"http:\/\/eksm.de\/blog\/seligenthal\/wp-content\/uploads\/2014\/02\/Kirche-Struth-2-150x150.jpg\" alt=\"Kirche Struth (2)\" width=\"150\" height=\"150\" \/><\/a><a href=\"http:\/\/eksm.de\/blog\/seligenthal\/wp-content\/uploads\/2016\/03\/Kirche-Struth-innen.jpg\" rel=\"attachment wp-att-2975\"><img loading=\"lazy\" decoding=\"async\" class=\"alignnone size-thumbnail wp-image-2975\" src=\"http:\/\/eksm.de\/blog\/seligenthal\/wp-content\/uploads\/2016\/03\/Kirche-Struth-innen-150x150.jpg\" alt=\"Kirche Struth innen\" width=\"150\" height=\"150\" \/><\/a><a href=\"http:\/\/eksm.de\/blog\/seligenthal\/wp-content\/uploads\/2016\/03\/IMG_5030-e1457205570142.jpg\" rel=\"attachment wp-att-2858\"><img loading=\"lazy\" decoding=\"async\" class=\"alignnone size-thumbnail wp-image-2858\" src=\"http:\/\/eksm.de\/blog\/seligenthal\/wp-content\/uploads\/2016\/03\/IMG_5030-e1457205570142-150x150.jpg\" alt=\"IMG_5030\" width=\"150\" height=\"150\" \/><\/a><a href=\"http:\/\/eksm.de\/blog\/seligenthal\/wp-content\/uploads\/2016\/03\/Kirche-Struth-1950er2-komprimiert.jpg\" rel=\"attachment wp-att-2979\"><img loading=\"lazy\" decoding=\"async\" class=\"alignnone size-thumbnail wp-image-2979\" src=\"http:\/\/eksm.de\/blog\/seligenthal\/wp-content\/uploads\/2016\/03\/Kirche-Struth-1950er2-komprimiert-150x150.jpg\" alt=\"Kirche Struth 1950er2 komprimiert\" width=\"150\" height=\"150\" \/><\/a><\/p>\n<p>Struth-Helmershof hat ca. 1300 Einwohner, von denen etwa 73% der evangelischen Kirchengemeinde angeh\u00f6ren. Die in ihrer Innenausstattung nach dem Beispiel des sogenannten Bauernbarock gestaltete Kirche wurde 1765 erbaut.<\/p>\n","protected":false},"excerpt":{"rendered":"<div class=\"mh-excerpt\"><p>Struth-Helmershof ist mit 450 m &#8211; 480 m \u00fcber NN einer der h\u00f6chstgelegenen Ortsteile der Gro\u00dfgemeinde Floh-Seligenthal. Bis 1936 waren die D\u00f6rfer Struth und Helmershof zwei selbst\u00e4ndige Landgemeinden mit eigenen B\u00fcrgermeistern. Der Ort bietet ideale <a class=\"mh-excerpt-more\" href=\"https:\/\/eksm.de\/blog\/seligenthal\/?page_id=1031\" title=\"Struth-Helmershof\">[mehr&#8230;]<\/a><\/p>\n<\/div>","protected":false},"author":1,"featured_media":0,"parent":1038,"menu_order":0,"comment_status":"open","ping_status":"closed","template":"","meta":{"ngg_post_thumbnail":0,"footnotes":""},"class_list":["post-1031","page","type-page","status-publish"],"_links":{"self":[{"href":"https:\/\/eksm.de\/blog\/seligenthal\/index.php?rest_route=\/wp\/v2\/pages\/1031","targetHints":{"allow":["GET"]}}],"collection":[{"href":"https:\/\/eksm.de\/blog\/seligenthal\/index.php?rest_route=\/wp\/v2\/pages"}],"about":[{"href":"https:\/\/eksm.de\/blog\/seligenthal\/index.php?rest_route=\/wp\/v2\/types\/page"}],"author":[{"embeddable":true,"href":"https:\/\/eksm.de\/blog\/seligenthal\/index.php?rest_route=\/wp\/v2\/users\/1"}],"replies":[{"embeddable":true,"href":"https:\/\/eksm.de\/blog\/seligenthal\/index.php?rest_route=%2Fwp%2Fv2%2Fcomments&post=1031"}],"version-history":[{"count":9,"href":"https:\/\/eksm.de\/blog\/seligenthal\/index.php?rest_route=\/wp\/v2\/pages\/1031\/revisions"}],"predecessor-version":[{"id":2981,"href":"https:\/\/eksm.de\/blog\/seligenthal\/index.php?rest_route=\/wp\/v2\/pages\/1031\/revisions\/2981"}],"up":[{"embeddable":true,"href":"https:\/\/eksm.de\/blog\/seligenthal\/index.php?rest_route=\/wp\/v2\/pages\/1038"}],"wp:attachment":[{"href":"https:\/\/eksm.de\/blog\/seligenthal\/index.php?rest_route=%2Fwp%2Fv2%2Fmedia&parent=1031"}],"curies":[{"name":"wp","href":"https:\/\/api.w.org\/{rel}","templated":true}]}}