{"id":1130,"date":"2013-10-27T01:25:28","date_gmt":"2013-10-26T23:25:28","guid":{"rendered":"http:\/\/eksm.de\/blog\/seligenthal\/?page_id=1130"},"modified":"2024-09-13T19:29:35","modified_gmt":"2024-09-13T17:29:35","slug":"wegweiser-floh","status":"publish","type":"page","link":"https:\/\/eksm.de\/blog\/seligenthal\/?page_id=1130","title":{"rendered":"Wegweiser Floh"},"content":{"rendered":"<p align=\"left\"><a title=\"Karte\" href=\"https:\/\/mapsengine.google.com\/map\/edit?mid=z-vHeYHDYbBk.kPyco46RU7jQ\" target=\"_blank\" rel=\"noopener noreferrer\"><img loading=\"lazy\" decoding=\"async\" style=\"background-image: none; padding-top: 0px; padding-left: 0px; display: inline; padding-right: 0px; border-width: 0px;\" title=\"image[4]\" src=\"http:\/\/eksm.de\/blog\/seligenthal\/wp-content\/uploads\/2014\/03\/image41.png\" alt=\"image[4]\" width=\"137\" height=\"160\" border=\"0\"><\/a><br \/>\nKarte Gesamtverband<\/p>\n<table border=\"1\" width=\"400\" cellspacing=\"0\" cellpadding=\"2\">\n<tbody>\n<tr>\n<td valign=\"top\" width=\"200\">F\u00fcr die Karte klicken Sie bitte auf das Bild bzw. den Link:<br \/>\n<a href=\"https:\/\/www.google.de\/maps\/place\/50%C2%B045%2711.9%22N+10%C2%B028%2743.5%22E\/@50.753297,10.478754,2880m\/data=!3m2!1e3!4b1!4m2!3m1!1s0x0:0x0\" target=\"_blank\" rel=\"noopener noreferrer\"><br \/>\n<img loading=\"lazy\" decoding=\"async\" style=\"background-image: none; padding-top: 0px; padding-left: 0px; display: inline; padding-right: 0px; border: 0px;\" title=\"Kirche Floh 08 2009 0052\" src=\"http:\/\/eksm.de\/blog\/seligenthal\/wp-content\/uploads\/2014\/03\/Kirche-Floh-08-2009-00522.jpg\" alt=\"Kirche Floh 08 2009 0052\" width=\"160\" height=\"188\" border=\"0\"><\/a><br \/>\nKirche Floh, Am H\u00fcgel 3<br \/>\n<a href=\"https:\/\/www.google.de\/maps?f=q&amp;source=s_q&amp;hl=de&amp;geocode=&amp;q=50.754988,+10.483312&amp;sll=50.754727,10.483763&amp;sspn=0.001169,0.003098&amp;vpsrc=6&amp;t=h&amp;g=50.754988,10.483312&amp;ie=UTF8&amp;z=16&amp;iwloc=A\" target=\"_blank\" rel=\"noopener noreferrer\">Gemeindehaus Floh, Zugang \u00fcber Gartenstr.<\/a>&nbsp;&nbsp;<br \/>\n<a href=\"https:\/\/www.google.de\/maps\/place\/50%C2%B045%2716.4%22N+10%C2%B029%2700.0%22E\/@50.75456,10.483338,2880m\/data=!3m2!1e3!4b1!4m2!3m1!1s0x0:0x0\" target=\"_blank\" rel=\"noopener noreferrer\">Pfarramt Floh, Tambacher Str. 27<\/a><\/td>\n<td valign=\"top\" width=\"200\">\n<p align=\"left\"><b>Bei Fragen oder Amtshandlungen wenden Sie sich gerne an<br \/>\n<\/b><strong>das Pfarramt Floh:<\/strong><\/p>\n<p>Pfarrerin Linda Heinlein<br \/>\nTambacher Str. 27<br \/>\n98593 Floh-Seligenthal \/ Floh<\/p>\n<p>Tel: 03683-608028<br \/>\nFax: 03683-409763<br \/>\nMail: <a href=\"mailto:Pfarramt.Floh@ekkw.de\">Pfarramt.Floh@ekkw.de<\/a><\/td>\n<\/tr>\n<\/tbody>\n<\/table>\n","protected":false},"excerpt":{"rendered":"<div class=\"mh-excerpt\"><p>Karte Gesamtverband F\u00fcr die Karte klicken Sie bitte auf das Bild bzw. den Link: Kirche Floh, Am H\u00fcgel 3 Gemeindehaus Floh, Zugang \u00fcber Gartenstr.&nbsp;&nbsp; Pfarramt Floh, Tambacher Str. 27 Bei Fragen oder Amtshandlungen wenden Sie <a class=\"mh-excerpt-more\" href=\"https:\/\/eksm.de\/blog\/seligenthal\/?page_id=1130\" title=\"Wegweiser Floh\">[mehr&#8230;]<\/a><\/p>\n<\/div>","protected":false},"author":1,"featured_media":0,"parent":1087,"menu_order":0,"comment_status":"open","ping_status":"closed","template":"","meta":{"ngg_post_thumbnail":0,"footnotes":""},"class_list":["post-1130","page","type-page","status-publish"],"_links":{"self":[{"href":"https:\/\/eksm.de\/blog\/seligenthal\/index.php?rest_route=\/wp\/v2\/pages\/1130","targetHints":{"allow":["GET"]}}],"collection":[{"href":"https:\/\/eksm.de\/blog\/seligenthal\/index.php?rest_route=\/wp\/v2\/pages"}],"about":[{"href":"https:\/\/eksm.de\/blog\/seligenthal\/index.php?rest_route=\/wp\/v2\/types\/page"}],"author":[{"embeddable":true,"href":"https:\/\/eksm.de\/blog\/seligenthal\/index.php?rest_route=\/wp\/v2\/users\/1"}],"replies":[{"embeddable":true,"href":"https:\/\/eksm.de\/blog\/seligenthal\/index.php?rest_route=%2Fwp%2Fv2%2Fcomments&post=1130"}],"version-history":[{"count":18,"href":"https:\/\/eksm.de\/blog\/seligenthal\/index.php?rest_route=\/wp\/v2\/pages\/1130\/revisions"}],"predecessor-version":[{"id":5167,"href":"https:\/\/eksm.de\/blog\/seligenthal\/index.php?rest_route=\/wp\/v2\/pages\/1130\/revisions\/5167"}],"up":[{"embeddable":true,"href":"https:\/\/eksm.de\/blog\/seligenthal\/index.php?rest_route=\/wp\/v2\/pages\/1087"}],"wp:attachment":[{"href":"https:\/\/eksm.de\/blog\/seligenthal\/index.php?rest_route=%2Fwp%2Fv2%2Fmedia&parent=1130"}],"curies":[{"name":"wp","href":"https:\/\/api.w.org\/{rel}","templated":true}]}}

<p align="left"><a title="Karte" href="https://mapsengine.google.com/map/edit?mid=z-vHeYHDYbBk.kPyco46RU7jQ" target="_blank" rel="noopener noreferrer"><img loading="lazy" decoding="async" style="background-image: none; padding-top: 0px; padding-left: 0px; display: inline; padding-right: 0px; border-width: 0px;" title="image[4]" src="http://eksm.de/blog/seligenthal/wp-content/uploads/2014/03/image41.png" alt="image[4]" width="137" height="160" border="0"></a><br />
Karte Gesamtverband</p>
<table border="1" width="400" cellspacing="0" cellpadding="2">
<tbody>
<tr>
<td valign="top" width="200">Für die Karte klicken Sie bitte auf das Bild bzw. den Link:<br />
<a href="https://www.google.de/maps/place/50%C2%B045%2711.9%22N+10%C2%B028%2743.5%22E/@50.753297,10.478754,2880m/data=!3m2!1e3!4b1!4m2!3m1!1s0x0:0x0" target="_blank" rel="noopener noreferrer"><br />
<img loading="lazy" decoding="async" style="background-image: none; padding-top: 0px; padding-left: 0px; display: inline; padding-right: 0px; border: 0px;" title="Kirche Floh 08 2009 0052" src="http://eksm.de/blog/seligenthal/wp-content/uploads/2014/03/Kirche-Floh-08-2009-00522.jpg" alt="Kirche Floh 08 2009 0052" width="160" height="188" border="0"></a><br />
Kirche Floh, Am Hügel 3<br />
<a href="https://www.google.de/maps?f=q&amp;source=s_q&amp;hl=de&amp;geocode=&amp;q=50.754988,+10.483312&amp;sll=50.754727,10.483763&amp;sspn=0.001169,0.003098&amp;vpsrc=6&amp;t=h&amp;g=50.754988,10.483312&amp;ie=UTF8&amp;z=16&amp;iwloc=A" target="_blank" rel="noopener noreferrer">Gemeindehaus Floh, Zugang über Gartenstr.</a>&nbsp;&nbsp;<br />
<a href="https://www.google.de/maps/place/50%C2%B045%2716.4%22N+10%C2%B029%2700.0%22E/@50.75456,10.483338,2880m/data=!3m2!1e3!4b1!4m2!3m1!1s0x0:0x0" target="_blank" rel="noopener noreferrer">Pfarramt Floh, Tambacher Str. 27</a></td>
<td valign="top" width="200">
<p align="left"><b>Bei Fragen oder Amtshandlungen wenden Sie sich gerne an<br />
</b><strong>das Pfarramt Floh:</strong></p>
<p>Pfarrerin Linda Heinlein<br />
Tambacher Str. 27<br />
98593 Floh-Seligenthal / Floh</p>
<p>Tel: 03683-608028<br />
Fax: 03683-409763<br />
Mail: <a href="mailto:Pfarramt.Floh@ekkw.de">Pfarramt.Floh@ekkw.de</a></td>
</tr>
</tbody>
</table>

<div class="mh-excerpt"><p>Karte Gesamtverband Für die Karte klicken Sie bitte auf das Bild bzw. den Link: Kirche Floh, Am Hügel 3 Gemeindehaus Floh, Zugang über Gartenstr.&nbsp;&nbsp; Pfarramt Floh, Tambacher Str. 27 Bei Fragen oder Amtshandlungen wenden Sie <a class="mh-excerpt-more" href="https://eksm.de/blog/seligenthal/?page_id=1130" title="Wegweiser Floh">[mehr&#8230;]</a></p>
</div>
