{"id":136,"date":"2010-03-24T18:56:56","date_gmt":"2010-03-24T17:56:56","guid":{"rendered":"http:\/\/eksm.de\/blog\/seligenthal\/?page_id=136"},"modified":"2010-03-24T19:05:06","modified_gmt":"2010-03-24T18:05:06","slug":"deckenbilder-galerie","status":"publish","type":"page","link":"https:\/\/eksm.de\/blog\/seligenthal\/?page_id=136","title":{"rendered":"Deckenbilder-Galerie"},"content":{"rendered":"<p align=\"left\">Die gro\u00dfen Bilder sind 2,8 m x2,8 m gro\u00df und auf Leinwand gemalt. Die Bilder werden von ca. 3600 N\u00e4geln an der Decke gehalten. <\/p>\n<p align=\"center\"><a href=\"http:\/\/eksm.de\/blog\/seligenthal\/wp-content\/uploads\/2010\/03\/01verkuendigung.jpg\"><img loading=\"lazy\" decoding=\"async\" style=\"border-right-width: 0px; display: inline; border-top-width: 0px; border-bottom-width: 0px; border-left-width: 0px\" title=\"Verk\u00fcndigung an Maria\" border=\"0\" alt=\"Verk\u00fcndigung an Maria\" src=\"http:\/\/eksm.de\/blog\/seligenthal\/wp-content\/uploads\/2010\/03\/01verkuendigung_thumb.jpg\" width=\"244\" height=\"184\" \/><\/a> <a href=\"http:\/\/eksm.de\/blog\/seligenthal\/wp-content\/uploads\/2010\/03\/02hirten.jpg\"><img loading=\"lazy\" decoding=\"async\" style=\"border-right-width: 0px; display: inline; border-top-width: 0px; border-bottom-width: 0px; border-left-width: 0px\" title=\"Hirten\" border=\"0\" alt=\"Hirten\" src=\"http:\/\/eksm.de\/blog\/seligenthal\/wp-content\/uploads\/2010\/03\/02hirten_thumb.jpg\" width=\"244\" height=\"244\" \/><\/a> <a href=\"http:\/\/eksm.de\/blog\/seligenthal\/wp-content\/uploads\/2010\/03\/03weise.jpg\"><img loading=\"lazy\" decoding=\"async\" style=\"border-right-width: 0px; display: inline; border-top-width: 0px; border-bottom-width: 0px; border-left-width: 0px\" title=\"die Weisen\" border=\"0\" alt=\"die Weisen\" src=\"http:\/\/eksm.de\/blog\/seligenthal\/wp-content\/uploads\/2010\/03\/03weise_thumb.jpg\" width=\"244\" height=\"243\" \/><\/a> <a href=\"http:\/\/eksm.de\/blog\/seligenthal\/wp-content\/uploads\/2010\/03\/04flucht.jpg\"><img loading=\"lazy\" decoding=\"async\" style=\"border-right-width: 0px; display: inline; border-top-width: 0px; border-bottom-width: 0px; border-left-width: 0px\" title=\"Flucht\" border=\"0\" alt=\"Flucht\" src=\"http:\/\/eksm.de\/blog\/seligenthal\/wp-content\/uploads\/2010\/03\/04flucht_thumb.jpg\" width=\"239\" height=\"244\" \/><\/a><a href=\"http:\/\/eksm.de\/blog\/seligenthal\/wp-content\/uploads\/2010\/03\/0512jaehrigerimtempel.jpg\"><img loading=\"lazy\" decoding=\"async\" style=\"border-right-width: 0px; display: inline; border-top-width: 0px; border-bottom-width: 0px; border-left-width: 0px\" title=\"12-j\u00e4hriger im Tempel\" border=\"0\" alt=\"12-j\u00e4hriger im Tempel\" src=\"http:\/\/eksm.de\/blog\/seligenthal\/wp-content\/uploads\/2010\/03\/0512jaehrigerimtempel_thumb.jpg\" width=\"244\" height=\"233\" \/><\/a> <a href=\"http:\/\/eksm.de\/blog\/seligenthal\/wp-content\/uploads\/2010\/03\/06taufe.jpg\"><img loading=\"lazy\" decoding=\"async\" style=\"border-right-width: 0px; display: inline; border-top-width: 0px; border-bottom-width: 0px; border-left-width: 0px\" title=\"Taufe Jesu\" border=\"0\" alt=\"Taufe Jesu\" src=\"http:\/\/eksm.de\/blog\/seligenthal\/wp-content\/uploads\/2010\/03\/06taufe_thumb.jpg\" width=\"178\" height=\"244\" \/><\/a> <a href=\"http:\/\/eksm.de\/blog\/seligenthal\/wp-content\/uploads\/2010\/03\/07nikodemus.jpg\"><img loading=\"lazy\" decoding=\"async\" style=\"border-right-width: 0px; display: inline; border-top-width: 0px; border-bottom-width: 0px; border-left-width: 0px\" title=\"Jesus und Nikodemus\" border=\"0\" alt=\"Jesus und Nikodemus\" src=\"http:\/\/eksm.de\/blog\/seligenthal\/wp-content\/uploads\/2010\/03\/07nikodemus_thumb.jpg\" width=\"129\" height=\"244\" \/><\/a> <a href=\"http:\/\/eksm.de\/blog\/seligenthal\/wp-content\/uploads\/2010\/03\/08verklaerung1.jpg\"><img loading=\"lazy\" decoding=\"async\" style=\"border-right-width: 0px; display: inline; border-top-width: 0px; border-bottom-width: 0px; border-left-width: 0px\" title=\"Verkl\u00e4rung\" border=\"0\" alt=\"Verkl\u00e4rung\" src=\"http:\/\/eksm.de\/blog\/seligenthal\/wp-content\/uploads\/2010\/03\/08verklaerung_thumb1.jpg\" width=\"155\" height=\"244\" \/><\/a> <a href=\"http:\/\/eksm.de\/blog\/seligenthal\/wp-content\/uploads\/2010\/03\/09abendmahl.jpg\"><img loading=\"lazy\" decoding=\"async\" style=\"border-right-width: 0px; display: inline; border-top-width: 0px; border-bottom-width: 0px; border-left-width: 0px\" title=\"Abendmahl\" border=\"0\" alt=\"Abendmahl\" src=\"http:\/\/eksm.de\/blog\/seligenthal\/wp-content\/uploads\/2010\/03\/09abendmahl_thumb.jpg\" width=\"235\" height=\"244\" \/><\/a> <a href=\"http:\/\/eksm.de\/blog\/seligenthal\/wp-content\/uploads\/2010\/03\/10gethsemane.jpg\"><img loading=\"lazy\" decoding=\"async\" style=\"border-right-width: 0px; display: inline; border-top-width: 0px; border-bottom-width: 0px; border-left-width: 0px\" title=\"Gethsemane\" border=\"0\" alt=\"Gethsemane\" src=\"http:\/\/eksm.de\/blog\/seligenthal\/wp-content\/uploads\/2010\/03\/10gethsemane_thumb.jpg\" width=\"226\" height=\"244\" \/><\/a> <a href=\"http:\/\/eksm.de\/blog\/seligenthal\/wp-content\/uploads\/2010\/03\/11judaskuss.jpg\"><img loading=\"lazy\" decoding=\"async\" style=\"border-right-width: 0px; display: inline; border-top-width: 0px; border-bottom-width: 0px; border-left-width: 0px\" title=\"Judaskuss\" border=\"0\" alt=\"Judaskuss\" src=\"http:\/\/eksm.de\/blog\/seligenthal\/wp-content\/uploads\/2010\/03\/11judaskuss_thumb.jpg\" width=\"237\" height=\"244\" \/><\/a> <a href=\"http:\/\/eksm.de\/blog\/seligenthal\/wp-content\/uploads\/2010\/03\/12hoherrat.jpg\"><img loading=\"lazy\" decoding=\"async\" style=\"border-right-width: 0px; display: inline; border-top-width: 0px; border-bottom-width: 0px; border-left-width: 0px\" title=\"vor dem Hohen Rat\" border=\"0\" alt=\"vor dem Hohen Rat\" src=\"http:\/\/eksm.de\/blog\/seligenthal\/wp-content\/uploads\/2010\/03\/12hoherrat_thumb.jpg\" width=\"239\" height=\"244\" \/><\/a> <a href=\"http:\/\/eksm.de\/blog\/seligenthal\/wp-content\/uploads\/2010\/03\/13pontiuspilatus.jpg\"><img loading=\"lazy\" decoding=\"async\" style=\"border-right-width: 0px; display: inline; border-top-width: 0px; border-bottom-width: 0px; border-left-width: 0px\" title=\"vor Pontius Pilatus\" border=\"0\" alt=\"vor Pontius Pilatus\" src=\"http:\/\/eksm.de\/blog\/seligenthal\/wp-content\/uploads\/2010\/03\/13pontiuspilatus_thumb.jpg\" width=\"227\" height=\"244\" \/><\/a> <a href=\"http:\/\/eksm.de\/blog\/seligenthal\/wp-content\/uploads\/2010\/03\/14geisselung.jpg\"><img loading=\"lazy\" decoding=\"async\" style=\"border-right-width: 0px; display: inline; border-top-width: 0px; border-bottom-width: 0px; border-left-width: 0px\" title=\"Geisselung\" border=\"0\" alt=\"Geisselung\" src=\"http:\/\/eksm.de\/blog\/seligenthal\/wp-content\/uploads\/2010\/03\/14geisselung_thumb.jpg\" width=\"127\" height=\"244\" \/><\/a> <a href=\"http:\/\/eksm.de\/blog\/seligenthal\/wp-content\/uploads\/2010\/03\/15kreuzigung.jpg\"><img loading=\"lazy\" decoding=\"async\" style=\"border-right-width: 0px; display: inline; border-top-width: 0px; border-bottom-width: 0px; border-left-width: 0px\" title=\"Kreuzigung\" border=\"0\" alt=\"Kreuzigung\" src=\"http:\/\/eksm.de\/blog\/seligenthal\/wp-content\/uploads\/2010\/03\/15kreuzigung_thumb.jpg\" width=\"141\" height=\"244\" \/><\/a> <a href=\"http:\/\/eksm.de\/blog\/seligenthal\/wp-content\/uploads\/2010\/03\/16grablegung.jpg\"><img loading=\"lazy\" decoding=\"async\" style=\"border-right-width: 0px; display: inline; border-top-width: 0px; border-bottom-width: 0px; border-left-width: 0px\" title=\"Grablegung\" border=\"0\" alt=\"Grablegung\" src=\"http:\/\/eksm.de\/blog\/seligenthal\/wp-content\/uploads\/2010\/03\/16grablegung_thumb.jpg\" width=\"174\" height=\"244\" \/><\/a> <a href=\"http:\/\/eksm.de\/blog\/seligenthal\/wp-content\/uploads\/2010\/03\/17emmausjuenger.jpg\"><img loading=\"lazy\" decoding=\"async\" style=\"border-right-width: 0px; display: inline; border-top-width: 0px; border-bottom-width: 0px; border-left-width: 0px\" title=\"Emmaus-J\u00fcnger\" border=\"0\" alt=\"Emmaus-J\u00fcnger\" src=\"http:\/\/eksm.de\/blog\/seligenthal\/wp-content\/uploads\/2010\/03\/17emmausjuenger_thumb.jpg\" width=\"244\" height=\"234\" \/><\/a><a href=\"http:\/\/eksm.de\/blog\/seligenthal\/wp-content\/uploads\/2010\/03\/18mariamagdalene.jpg\"><img loading=\"lazy\" decoding=\"async\" style=\"border-right-width: 0px; display: inline; border-top-width: 0px; border-bottom-width: 0px; border-left-width: 0px\" title=\"18mariamagdalene\" border=\"0\" alt=\"18mariamagdalene\" src=\"http:\/\/eksm.de\/blog\/seligenthal\/wp-content\/uploads\/2010\/03\/18mariamagdalene_thumb.jpg\" width=\"244\" height=\"233\" \/><\/a><a href=\"http:\/\/eksm.de\/blog\/seligenthal\/wp-content\/uploads\/2010\/03\/19himmelfahrt.jpg\"><img loading=\"lazy\" decoding=\"async\" style=\"border-bottom: 0px; border-left: 0px; display: inline; border-top: 0px; border-right: 0px\" title=\"Himmelfahrt\" border=\"0\" alt=\"Himmelfahrt\" src=\"http:\/\/eksm.de\/blog\/seligenthal\/wp-content\/uploads\/2010\/03\/19himmelfahrt_thumb.jpg\" width=\"230\" height=\"230\" \/><\/a> <a href=\"http:\/\/eksm.de\/blog\/seligenthal\/wp-content\/uploads\/2010\/03\/20pfingsten.jpg\"><img loading=\"lazy\" decoding=\"async\" style=\"border-right-width: 0px; display: inline; border-top-width: 0px; border-bottom-width: 0px; border-left-width: 0px\" title=\"Pfingsten\" border=\"0\" alt=\"Pfingsten\" src=\"http:\/\/eksm.de\/blog\/seligenthal\/wp-content\/uploads\/2010\/03\/20pfingsten_thumb.jpg\" width=\"244\" height=\"227\" \/><\/a> <a href=\"http:\/\/eksm.de\/blog\/seligenthal\/wp-content\/uploads\/2010\/03\/21weltgericht.jpg\"><img loading=\"lazy\" decoding=\"async\" style=\"border-right-width: 0px; display: inline; border-top-width: 0px; border-bottom-width: 0px; border-left-width: 0px\" title=\"Weltgericht\" border=\"0\" alt=\"Weltgericht\" src=\"http:\/\/eksm.de\/blog\/seligenthal\/wp-content\/uploads\/2010\/03\/21weltgericht_thumb.jpg\" width=\"392\" height=\"218\" \/><\/a><\/p>\n","protected":false},"excerpt":{"rendered":"<div class=\"mh-excerpt\"><p>Die gro\u00dfen Bilder sind 2,8 m x2,8 m gro\u00df und auf Leinwand gemalt. Die Bilder werden von ca. 3600 N\u00e4geln an der Decke gehalten.<\/p>\n<\/div>","protected":false},"author":1,"featured_media":0,"parent":90,"menu_order":0,"comment_status":"open","ping_status":"open","template":"","meta":{"ngg_post_thumbnail":0,"footnotes":""},"class_list":["post-136","page","type-page","status-publish"],"_links":{"self":[{"href":"https:\/\/eksm.de\/blog\/seligenthal\/index.php?rest_route=\/wp\/v2\/pages\/136","targetHints":{"allow":["GET"]}}],"collection":[{"href":"https:\/\/eksm.de\/blog\/seligenthal\/index.php?rest_route=\/wp\/v2\/pages"}],"about":[{"href":"https:\/\/eksm.de\/blog\/seligenthal\/index.php?rest_route=\/wp\/v2\/types\/page"}],"author":[{"embeddable":true,"href":"https:\/\/eksm.de\/blog\/seligenthal\/index.php?rest_route=\/wp\/v2\/users\/1"}],"replies":[{"embeddable":true,"href":"https:\/\/eksm.de\/blog\/seligenthal\/index.php?rest_route=%2Fwp%2Fv2%2Fcomments&post=136"}],"version-history":[{"count":2,"href":"https:\/\/eksm.de\/blog\/seligenthal\/index.php?rest_route=\/wp\/v2\/pages\/136\/revisions"}],"predecessor-version":[{"id":138,"href":"https:\/\/eksm.de\/blog\/seligenthal\/index.php?rest_route=\/wp\/v2\/pages\/136\/revisions\/138"}],"up":[{"embeddable":true,"href":"https:\/\/eksm.de\/blog\/seligenthal\/index.php?rest_route=\/wp\/v2\/pages\/90"}],"wp:attachment":[{"href":"https:\/\/eksm.de\/blog\/seligenthal\/index.php?rest_route=%2Fwp%2Fv2%2Fmedia&parent=136"}],"curies":[{"name":"wp","href":"https:\/\/api.w.org\/{rel}","templated":true}]}}