{"id":22,"date":"2010-03-24T00:22:01","date_gmt":"2010-03-23T23:22:01","guid":{"rendered":"http:\/\/eksm.de\/blog\/seligenthal\/?page_id=22"},"modified":"2020-03-18T23:10:34","modified_gmt":"2020-03-18T22:10:34","slug":"gemeinde-chronik","status":"publish","type":"page","link":"https:\/\/eksm.de\/blog\/seligenthal\/?page_id=22","title":{"rendered":"Gemeinde &#8211; Chronik"},"content":{"rendered":"<p><span style=\"font-size: large;\">Leider beginnt die Turmchronik in Seligenthal erst 1804.<\/span><\/p>\n<p><span style=\"font-size: large;\">Die Aussagen \u00fcber das 19. Jahrhundert sind wahrscheinlich nur f\u00fcr die \u00f6rtliche Kirchengeschichte interessant. Anders verh\u00e4lt es sich aber mit dem, was die Pfarrer im 20. Jahrhundert beschrieben haben.&nbsp;<br \/>\nDas lohnt sehr nachzulesen. So hat z.B. ein Pfarrer zu Beginn des 3. Reiches ein Tagebuch gef\u00fchrt, das einen guten Eindruck in die kirchlichen Probleme damaliger Zeit gibt. Ebenso verh\u00e4lt es sich mit den Schriftst\u00fccken \u00fcber die Zeit nach dem Krieg bis zur &#8222;Wende&#8220;. Da die Texte <strong>in<\/strong> ihrer Zeit von engagierten Pfarrern geschrieben wurden, sind sie ein viel besserer Spiegel der Zeit als unsere heutigen Erinnerungen.<\/span><\/p>\n<p><span style=\"font-size: large;\">Damit Sie einen Eindruck haben, k\u00f6nnen Sie einen Ausschnitt aus dem Tagebuch von 1933\/34 von Pfarrer W\u00fcpper lesen:<\/span><\/p>\n<p><a href=\"https:\/\/eksm.de\/blog\/seligenthal\/?page_id=37\"><i><span style=\"font-size: large;\">Textauszug<\/span><\/i><\/a><\/p>\n<p><span style=\"font-size: large;\">Den gesamten Text k\u00f6nnen Sie in einer kleinen Brosch\u00fcre bei uns bestellen, wenn Sie uns Ihre Adresse mitteilen.<br \/>\n(Die Brosch\u00fcre kostet 5,- Euro plus Portokosten)<\/span><\/p>\n<p><span style=\"font-size: large;\">Sie k\u00f6nnen die Chronik bestellen:<\/span><\/p>\n<p><!--Beginn--><span style=\"font-size: large;\"><a href=\"mailto:dietmar.hauser@ekkw.de\">Bestellung Chronik<\/a><\/span><\/p>\n<p>&nbsp;<\/p>\n","protected":false},"excerpt":{"rendered":"<div class=\"mh-excerpt\"><p>Leider beginnt die Turmchronik in Seligenthal erst 1804. Die Aussagen \u00fcber das 19. Jahrhundert sind wahrscheinlich nur f\u00fcr die \u00f6rtliche Kirchengeschichte interessant. Anders verh\u00e4lt es sich aber mit dem, was die Pfarrer im 20. Jahrhundert <a class=\"mh-excerpt-more\" href=\"https:\/\/eksm.de\/blog\/seligenthal\/?page_id=22\" title=\"Gemeinde &#8211; Chronik\">[mehr&#8230;]<\/a><\/p>\n<\/div>","protected":false},"author":1,"featured_media":0,"parent":13,"menu_order":0,"comment_status":"open","ping_status":"open","template":"","meta":{"ngg_post_thumbnail":0,"footnotes":""},"class_list":["post-22","page","type-page","status-publish"],"_links":{"self":[{"href":"https:\/\/eksm.de\/blog\/seligenthal\/index.php?rest_route=\/wp\/v2\/pages\/22","targetHints":{"allow":["GET"]}}],"collection":[{"href":"https:\/\/eksm.de\/blog\/seligenthal\/index.php?rest_route=\/wp\/v2\/pages"}],"about":[{"href":"https:\/\/eksm.de\/blog\/seligenthal\/index.php?rest_route=\/wp\/v2\/types\/page"}],"author":[{"embeddable":true,"href":"https:\/\/eksm.de\/blog\/seligenthal\/index.php?rest_route=\/wp\/v2\/users\/1"}],"replies":[{"embeddable":true,"href":"https:\/\/eksm.de\/blog\/seligenthal\/index.php?rest_route=%2Fwp%2Fv2%2Fcomments&post=22"}],"version-history":[{"count":3,"href":"https:\/\/eksm.de\/blog\/seligenthal\/index.php?rest_route=\/wp\/v2\/pages\/22\/revisions"}],"predecessor-version":[{"id":4065,"href":"https:\/\/eksm.de\/blog\/seligenthal\/index.php?rest_route=\/wp\/v2\/pages\/22\/revisions\/4065"}],"up":[{"embeddable":true,"href":"https:\/\/eksm.de\/blog\/seligenthal\/index.php?rest_route=\/wp\/v2\/pages\/13"}],"wp:attachment":[{"href":"https:\/\/eksm.de\/blog\/seligenthal\/index.php?rest_route=%2Fwp%2Fv2%2Fmedia&parent=22"}],"curies":[{"name":"wp","href":"https:\/\/api.w.org\/{rel}","templated":true}]}}

<p><span style="font-size: large;">Leider beginnt die Turmchronik in Seligenthal erst 1804.</span></p>
<p><span style="font-size: large;">Die Aussagen über das 19. Jahrhundert sind wahrscheinlich nur für die örtliche Kirchengeschichte interessant. Anders verhält es sich aber mit dem, was die Pfarrer im 20. Jahrhundert beschrieben haben.&nbsp;<br />
Das lohnt sehr nachzulesen. So hat z.B. ein Pfarrer zu Beginn des 3. Reiches ein Tagebuch geführt, das einen guten Eindruck in die kirchlichen Probleme damaliger Zeit gibt. Ebenso verhält es sich mit den Schriftstücken über die Zeit nach dem Krieg bis zur &#8222;Wende&#8220;. Da die Texte <strong>in</strong> ihrer Zeit von engagierten Pfarrern geschrieben wurden, sind sie ein viel besserer Spiegel der Zeit als unsere heutigen Erinnerungen.</span></p>
<p><span style="font-size: large;">Damit Sie einen Eindruck haben, können Sie einen Ausschnitt aus dem Tagebuch von 1933/34 von Pfarrer Wüpper lesen:</span></p>
<p><a href="https://eksm.de/blog/seligenthal/?page_id=37"><i><span style="font-size: large;">Textauszug</span></i></a></p>
<p><span style="font-size: large;">Den gesamten Text können Sie in einer kleinen Broschüre bei uns bestellen, wenn Sie uns Ihre Adresse mitteilen.<br />
(Die Broschüre kostet 5,- Euro plus Portokosten)</span></p>
<p><span style="font-size: large;">Sie können die Chronik bestellen:</span></p>
<p><!--Beginn--><span style="font-size: large;"><a href="mailto:dietmar.hauser@ekkw.de">Bestellung Chronik</a></span></p>
<p>&nbsp;</p>

<div class="mh-excerpt"><p>Leider beginnt die Turmchronik in Seligenthal erst 1804. Die Aussagen über das 19. Jahrhundert sind wahrscheinlich nur für die örtliche Kirchengeschichte interessant. Anders verhält es sich aber mit dem, was die Pfarrer im 20. Jahrhundert <a class="mh-excerpt-more" href="https://eksm.de/blog/seligenthal/?page_id=22" title="Gemeinde &#8211; Chronik">[mehr&#8230;]</a></p>
</div>
