{"id":2839,"date":"2016-03-05T18:36:45","date_gmt":"2016-03-05T17:36:45","guid":{"rendered":"http:\/\/eksm.de\/blog\/seligenthal\/?page_id=2839"},"modified":"2024-09-13T18:52:58","modified_gmt":"2024-09-13T16:52:58","slug":"kuesterin","status":"publish","type":"page","link":"https:\/\/eksm.de\/blog\/seligenthal\/?page_id=2839","title":{"rendered":"K\u00fcster"},"content":{"rendered":"<p>Bei Fragen zur Ausgestaltung der Amtshandlungen in der Kirche (Schm\u00fccken der Kirche, Aufschlie\u00dfen etc.) wenden Sie sich bitte unsere K\u00fcsterin:<\/p>\n<p>Anke Sachs (015156216140)<\/p>\n","protected":false},"excerpt":{"rendered":"<div class=\"mh-excerpt\"><p>Bei Fragen zur Ausgestaltung der Amtshandlungen in der Kirche (Schm\u00fccken der Kirche, Aufschlie\u00dfen etc.) wenden Sie sich bitte unsere K\u00fcsterin: Anke Sachs (015156216140)<\/p>\n<\/div>","protected":false},"author":1,"featured_media":0,"parent":1031,"menu_order":0,"comment_status":"closed","ping_status":"closed","template":"","meta":{"ngg_post_thumbnail":0,"footnotes":""},"class_list":["post-2839","page","type-page","status-publish"],"_links":{"self":[{"href":"https:\/\/eksm.de\/blog\/seligenthal\/index.php?rest_route=\/wp\/v2\/pages\/2839","targetHints":{"allow":["GET"]}}],"collection":[{"href":"https:\/\/eksm.de\/blog\/seligenthal\/index.php?rest_route=\/wp\/v2\/pages"}],"about":[{"href":"https:\/\/eksm.de\/blog\/seligenthal\/index.php?rest_route=\/wp\/v2\/types\/page"}],"author":[{"embeddable":true,"href":"https:\/\/eksm.de\/blog\/seligenthal\/index.php?rest_route=\/wp\/v2\/users\/1"}],"replies":[{"embeddable":true,"href":"https:\/\/eksm.de\/blog\/seligenthal\/index.php?rest_route=%2Fwp%2Fv2%2Fcomments&post=2839"}],"version-history":[{"count":5,"href":"https:\/\/eksm.de\/blog\/seligenthal\/index.php?rest_route=\/wp\/v2\/pages\/2839\/revisions"}],"predecessor-version":[{"id":5147,"href":"https:\/\/eksm.de\/blog\/seligenthal\/index.php?rest_route=\/wp\/v2\/pages\/2839\/revisions\/5147"}],"up":[{"embeddable":true,"href":"https:\/\/eksm.de\/blog\/seligenthal\/index.php?rest_route=\/wp\/v2\/pages\/1031"}],"wp:attachment":[{"href":"https:\/\/eksm.de\/blog\/seligenthal\/index.php?rest_route=%2Fwp%2Fv2%2Fmedia&parent=2839"}],"curies":[{"name":"wp","href":"https:\/\/api.w.org\/{rel}","templated":true}]}}

Küster

<p>Bei Fragen zur Ausgestaltung der Amtshandlungen in der Kirche (Schmücken der Kirche, Aufschließen etc.) wenden Sie sich bitte unsere Küsterin:</p>
<p>Anke Sachs (015156216140)</p>

<div class="mh-excerpt"><p>Bei Fragen zur Ausgestaltung der Amtshandlungen in der Kirche (Schmücken der Kirche, Aufschließen etc.) wenden Sie sich bitte unsere Küsterin: Anke Sachs (015156216140)</p>
</div>
