{"id":2926,"date":"2016-03-06T13:22:33","date_gmt":"2016-03-06T12:22:33","guid":{"rendered":"http:\/\/eksm.de\/blog\/seligenthal\/?page_id=2926"},"modified":"2016-03-08T16:25:05","modified_gmt":"2016-03-08T15:25:05","slug":"boehm-orgel","status":"publish","type":"page","link":"https:\/\/eksm.de\/blog\/seligenthal\/?page_id=2926","title":{"rendered":"B\u00f6hm-Orgel"},"content":{"rendered":"<p><strong>Die B\u00f6hm-Orgel in Struth-Helmershof<\/strong><\/p>\n<p>Im Juni 2015 haben wir mit einem feierlichen Orgelkonzert das 30j\u00e4hrige Jubil\u00e4um unserer Kirchenorgel in Struth-Helmershof gefeiert. Im Fr\u00fchjahr 1985 wurde\u00a0die Orgel in einem Konzertgottesdienst eingeweiht. 1989 schrieb Dekan Alfred Schreiber\u00a0in seine Niederschrift f\u00fcr den Turmkopf\u00a0der Struther\u00a0Kirche \u00fcber die Orgel:<\/p>\n<p>\u201eUnsere neue Orgel haben wir seit 4 Jahren, sie wurde von der Firma B\u00f6hm, Gotha erstellt und kostete ca. 100.000 Mark ohne die freiwilligen Arbeitseins\u00e4tze. Sie hat ein sehr gutes Werk, 18 Register auf 2 Manualen und Pedal. Das alte Orgelgeh\u00e4use von 1770 lie\u00df Herr M\u00fcnster in den Schnitzereien erg\u00e4nzen und hat es kunstvoll restauriert. \u2013 Im Sommer haben wir auch Orgelkonzerte ausw\u00e4rtiger Organisten (der Organist der Matthiaskirche auf der Fischerbastei in Budapest, B. Hock, gab schon ein Konzert bei uns). Nur leider sind unsere Gemeindeglieder wenig f\u00fcr Orgelmusik zu begeistern, die Urlauber m\u00fcssen einen Teil der Besucher stellen. Die Orgel spielen jetzt monatlich im Wechsel Frau Christine Weisheit, geb. Frank und Herr Bernhard Weisheit.\u201c<\/p>\n<p><a href=\"http:\/\/eksm.de\/blog\/seligenthal\/wp-content\/uploads\/2016\/03\/IMG_5024.jpg\" rel=\"attachment wp-att-2855\"><img loading=\"lazy\" decoding=\"async\" class=\"alignnone size-thumbnail wp-image-2855\" src=\"http:\/\/eksm.de\/blog\/seligenthal\/wp-content\/uploads\/2016\/03\/IMG_5024-150x150.jpg\" alt=\"IMG_5024\" width=\"150\" height=\"150\" \/><\/a><a href=\"http:\/\/eksm.de\/blog\/seligenthal\/wp-content\/uploads\/2016\/03\/IMG_5062.jpg\" rel=\"attachment wp-att-2928\"><img loading=\"lazy\" decoding=\"async\" class=\"alignnone size-thumbnail wp-image-2928\" src=\"http:\/\/eksm.de\/blog\/seligenthal\/wp-content\/uploads\/2016\/03\/IMG_5062-150x150.jpg\" alt=\"IMG_5062\" width=\"150\" height=\"150\" \/><\/a> <a href=\"http:\/\/eksm.de\/blog\/seligenthal\/wp-content\/uploads\/2016\/03\/IMG_5066.jpg\" rel=\"attachment wp-att-2929\"><img loading=\"lazy\" decoding=\"async\" class=\"alignnone size-thumbnail wp-image-2929\" src=\"http:\/\/eksm.de\/blog\/seligenthal\/wp-content\/uploads\/2016\/03\/IMG_5066-150x150.jpg\" alt=\"IMG_5066\" width=\"150\" height=\"150\" \/><\/a><a href=\"http:\/\/eksm.de\/blog\/seligenthal\/wp-content\/uploads\/2016\/03\/Kirche-Struth-innen.jpg\" rel=\"attachment wp-att-2975\"><img loading=\"lazy\" decoding=\"async\" class=\"alignnone size-thumbnail wp-image-2975\" src=\"http:\/\/eksm.de\/blog\/seligenthal\/wp-content\/uploads\/2016\/03\/Kirche-Struth-innen-150x150.jpg\" alt=\"Kirche Struth innen\" width=\"150\" height=\"150\" \/><\/a><\/p>\n<p>Man kann sagen, dass die Struther einiges an Geduld aufbringen mussten, bis sie endlich eine neue Orgel bekamen. Dieses Projekt ging \u00fcber viele Jahre, dass die Firma B\u00f6hm eine neue Orgel bauen sollte. Das Problem war das Zinn, das f\u00fcr die Orgelpfeifen ben\u00f6tigt wurde. Die alten Zinnpfeifen wurden zwar eingeschmolzen, aber das reichte nicht.<\/p>\n<p>Am Ostermontag 1984 war es dann soweit: Die alte Orgel wurde abgebaut. Das war damals am Ostermontag gut m\u00f6glich, denn in der DDR war das ja kein Feiertag. Von der alten Orgel ist nur der Prospekt erhalten geblieben, der aufwendig restauriert wurde. Au\u00dferdem behielt man den Windmotor und das Gebl\u00e4se, die noch gut in Schuss waren.<\/p>\n<p>Der Kirchenvorstand war froh, dass die Arbeiten nun endlich losgingen. Doch die Freude war nur von kurzer Dauer, denn am Sonntag nach Ostern war der Sonntag Quasimodogeniti, wo die Konfirmation anstand. In diese Not konnte der damalige Kirchenkreiskantor Bernd Gannot Abhilfe schaffen mit einer Elektroorgel, die er am Freitagnachmittag in der Kirche aufbaute, und die schon bald von Bernhard Weisheit gespielt wurde.<\/p>\n<p>Neben den Arbeiten durch die Firma B\u00f6hm aus Gotha mussten aus der Gemeinde und vom Kirchenvorstand etliche freiwillige Arbeitsstunden aufgebracht werden. In Eigenleistung wurden die alten Holzpfeifen ausgebaut und am Geh\u00e4use musste vieles ver\u00e4ndert und stabilisiert werden, damit die neue Orgel Platz hatte. Alleine das Bohren derneuen L\u00f6cher in das Mauerwerk zur Befestigung dauerte Tage, weil man keine Schlagbohrmaschine beischaffen konnte.<\/p>\n<p>Im Herbst 1984 wurde dann die neue Orgel eingebaut, innerhalb von 14 Tagen. Aber wer jetzt dachte, dass das neue Instrument nun zur Verf\u00fcgung stehen w\u00fcrde, der irrte sich, denn die Orgel musste nat\u00fcrlich noch gestimmt werden. Bevor man sie jedoch stimmen konnte, musste sie erst einmal in der Kirche \u00fcberwintern. Dann im Fr\u00fchjahr 1985 konnte sie endlich gestimmt werden. Das hat \u00fcber 10 Wochen gedauert. Aber auch diesmal mussten die Struther noch etwas Geduld aufbringen: Bevor die Orgel im Gottesdienst zum Einsatz kommen konnte, musste sie noch abgenommen werden. Das \u00fcbernahm der Kirchenmusikdirektor Lahr aus Ilemnau, denn unser Kirchenkreis war ja damals vor\u00fcbergehend der Th\u00fcringischen Landeskirche angegliedert. Dann endlich\u00a0zwei Wochen sp\u00e4ter wurde die Einweihung gefeiert in einem Konzertgottesdienst am Mittag bei sch\u00f6nem Wetter. Anschlie\u00dfend wurde beim &#8222;Kleinen Wirt&#8220; (heute: &#8222;Th\u00fcringer Hof&#8220;)\u00a0noch zum Kaffeetrinken eingeladen.<\/p>\n<p>Heute befindet sich die Orgel nach wie vor in einem guten Zustand. Was nicht zuletzt daran liegt, dass sie jedes Jahr sorgf\u00e4ltig gewartet wird von der Orgelbau GmbH aus Waltershausen.<\/p>\n<p><em>Auszug aus einem Vortrag von Pfarrer Chr. Brandt anl\u00e4sslich des Orgeljubil\u00e4ums am 20. Juni 2016<\/em><\/p>\n","protected":false},"excerpt":{"rendered":"<div class=\"mh-excerpt\"><p>Die B\u00f6hm-Orgel in Struth-Helmershof Im Juni 2015 haben wir mit einem feierlichen Orgelkonzert das 30j\u00e4hrige Jubil\u00e4um unserer Kirchenorgel in Struth-Helmershof gefeiert. Im Fr\u00fchjahr 1985 wurde\u00a0die Orgel in einem Konzertgottesdienst eingeweiht. 1989 schrieb Dekan Alfred Schreiber\u00a0in <a class=\"mh-excerpt-more\" href=\"https:\/\/eksm.de\/blog\/seligenthal\/?page_id=2926\" title=\"B\u00f6hm-Orgel\">[mehr&#8230;]<\/a><\/p>\n<\/div>","protected":false},"author":1,"featured_media":0,"parent":1031,"menu_order":0,"comment_status":"closed","ping_status":"closed","template":"","meta":{"ngg_post_thumbnail":0,"footnotes":""},"class_list":["post-2926","page","type-page","status-publish"],"_links":{"self":[{"href":"https:\/\/eksm.de\/blog\/seligenthal\/index.php?rest_route=\/wp\/v2\/pages\/2926","targetHints":{"allow":["GET"]}}],"collection":[{"href":"https:\/\/eksm.de\/blog\/seligenthal\/index.php?rest_route=\/wp\/v2\/pages"}],"about":[{"href":"https:\/\/eksm.de\/blog\/seligenthal\/index.php?rest_route=\/wp\/v2\/types\/page"}],"author":[{"embeddable":true,"href":"https:\/\/eksm.de\/blog\/seligenthal\/index.php?rest_route=\/wp\/v2\/users\/1"}],"replies":[{"embeddable":true,"href":"https:\/\/eksm.de\/blog\/seligenthal\/index.php?rest_route=%2Fwp%2Fv2%2Fcomments&post=2926"}],"version-history":[{"count":3,"href":"https:\/\/eksm.de\/blog\/seligenthal\/index.php?rest_route=\/wp\/v2\/pages\/2926\/revisions"}],"predecessor-version":[{"id":2976,"href":"https:\/\/eksm.de\/blog\/seligenthal\/index.php?rest_route=\/wp\/v2\/pages\/2926\/revisions\/2976"}],"up":[{"embeddable":true,"href":"https:\/\/eksm.de\/blog\/seligenthal\/index.php?rest_route=\/wp\/v2\/pages\/1031"}],"wp:attachment":[{"href":"https:\/\/eksm.de\/blog\/seligenthal\/index.php?rest_route=%2Fwp%2Fv2%2Fmedia&parent=2926"}],"curies":[{"name":"wp","href":"https:\/\/api.w.org\/{rel}","templated":true}]}}