{"id":2947,"date":"2016-03-06T14:55:31","date_gmt":"2016-03-06T13:55:31","guid":{"rendered":"http:\/\/eksm.de\/blog\/seligenthal\/?page_id=2947"},"modified":"2020-03-18T22:56:33","modified_gmt":"2020-03-18T21:56:33","slug":"gottesdienste-im-pflegezentrum","status":"publish","type":"page","link":"https:\/\/eksm.de\/blog\/seligenthal\/?page_id=2947","title":{"rendered":"Gottesdienste im Pflegezentrum"},"content":{"rendered":"<p>Einmal im Monat gestalten die Pfarrer des Gesamtverbands f\u00fcr die Senioren in der Tagespflege Floh (Seniorenbetreuungszentrum Eck) einen Gottesdienst. Dieses Gottesdienstangebot wird von den Senioren dankbar angekommen, da sie nicht mehr den Weg in die Kirche bew\u00e4ltigen k\u00f6nnen. In der Karwoche wird das Heilige Abendmahl gefeiert. Ziel ist es, dass die Senioren, die tags\u00fcber in der Tagespflege untergebracht sind, am gottesdienstlichen Leben und damit auch am Leben der Kirchengemeinde teilhaben k\u00f6nnen.<\/p>\n<p><a href=\"http:\/\/eksm.de\/blog\/seligenthal\/wp-content\/uploads\/2016\/03\/30533_seniorenkreis_sw.jpg\" rel=\"attachment wp-att-2948\"><img loading=\"lazy\" decoding=\"async\" class=\"alignnone size-thumbnail wp-image-2948\" src=\"http:\/\/eksm.de\/blog\/seligenthal\/wp-content\/uploads\/2016\/03\/30533_seniorenkreis_sw-150x150.jpg\" alt=\"30533_seniorenkreis_sw\" width=\"150\" height=\"150\"><\/a><\/p>\n","protected":false},"excerpt":{"rendered":"<div class=\"mh-excerpt\"><p>Einmal im Monat gestalten die Pfarrer des Gesamtverbands f\u00fcr die Senioren in der Tagespflege Floh (Seniorenbetreuungszentrum Eck) einen Gottesdienst. Dieses Gottesdienstangebot wird von den Senioren dankbar angekommen, da sie nicht mehr den Weg in die <a class=\"mh-excerpt-more\" href=\"https:\/\/eksm.de\/blog\/seligenthal\/?page_id=2947\" title=\"Gottesdienste im Pflegezentrum\">[mehr&#8230;]<\/a><\/p>\n<\/div>","protected":false},"author":1,"featured_media":0,"parent":1029,"menu_order":0,"comment_status":"closed","ping_status":"closed","template":"","meta":{"ngg_post_thumbnail":0,"footnotes":""},"class_list":["post-2947","page","type-page","status-publish"],"_links":{"self":[{"href":"https:\/\/eksm.de\/blog\/seligenthal\/index.php?rest_route=\/wp\/v2\/pages\/2947","targetHints":{"allow":["GET"]}}],"collection":[{"href":"https:\/\/eksm.de\/blog\/seligenthal\/index.php?rest_route=\/wp\/v2\/pages"}],"about":[{"href":"https:\/\/eksm.de\/blog\/seligenthal\/index.php?rest_route=\/wp\/v2\/types\/page"}],"author":[{"embeddable":true,"href":"https:\/\/eksm.de\/blog\/seligenthal\/index.php?rest_route=\/wp\/v2\/users\/1"}],"replies":[{"embeddable":true,"href":"https:\/\/eksm.de\/blog\/seligenthal\/index.php?rest_route=%2Fwp%2Fv2%2Fcomments&post=2947"}],"version-history":[{"count":2,"href":"https:\/\/eksm.de\/blog\/seligenthal\/index.php?rest_route=\/wp\/v2\/pages\/2947\/revisions"}],"predecessor-version":[{"id":4061,"href":"https:\/\/eksm.de\/blog\/seligenthal\/index.php?rest_route=\/wp\/v2\/pages\/2947\/revisions\/4061"}],"up":[{"embeddable":true,"href":"https:\/\/eksm.de\/blog\/seligenthal\/index.php?rest_route=\/wp\/v2\/pages\/1029"}],"wp:attachment":[{"href":"https:\/\/eksm.de\/blog\/seligenthal\/index.php?rest_route=%2Fwp%2Fv2%2Fmedia&parent=2947"}],"curies":[{"name":"wp","href":"https:\/\/api.w.org\/{rel}","templated":true}]}}

<p>Einmal im Monat gestalten die Pfarrer des Gesamtverbands für die Senioren in der Tagespflege Floh (Seniorenbetreuungszentrum Eck) einen Gottesdienst. Dieses Gottesdienstangebot wird von den Senioren dankbar angekommen, da sie nicht mehr den Weg in die Kirche bewältigen können. In der Karwoche wird das Heilige Abendmahl gefeiert. Ziel ist es, dass die Senioren, die tagsüber in der Tagespflege untergebracht sind, am gottesdienstlichen Leben und damit auch am Leben der Kirchengemeinde teilhaben können.</p>
<p><a href="http://eksm.de/blog/seligenthal/wp-content/uploads/2016/03/30533_seniorenkreis_sw.jpg" rel="attachment wp-att-2948"><img loading="lazy" decoding="async" class="alignnone size-thumbnail wp-image-2948" src="http://eksm.de/blog/seligenthal/wp-content/uploads/2016/03/30533_seniorenkreis_sw-150x150.jpg" alt="30533_seniorenkreis_sw" width="150" height="150"></a></p>

<div class="mh-excerpt"><p>Einmal im Monat gestalten die Pfarrer des Gesamtverbands für die Senioren in der Tagespflege Floh (Seniorenbetreuungszentrum Eck) einen Gottesdienst. Dieses Gottesdienstangebot wird von den Senioren dankbar angekommen, da sie nicht mehr den Weg in die <a class="mh-excerpt-more" href="https://eksm.de/blog/seligenthal/?page_id=2947" title="Gottesdienste im Pflegezentrum">[mehr&#8230;]</a></p>
</div>
