{"id":3,"date":"2010-03-21T20:29:24","date_gmt":"2010-03-21T19:29:24","guid":{"rendered":"http:\/\/eksm.de\/blog\/seligenthal\/?page_id=3"},"modified":"2024-07-18T14:11:54","modified_gmt":"2024-07-18T12:11:54","slug":"impressum","status":"publish","type":"page","link":"https:\/\/eksm.de\/blog\/seligenthal\/?page_id=3","title":{"rendered":"Impressum"},"content":{"rendered":"<p><strong>Einrichtung:<\/strong> Evangelischer Gesamtverband Floh-Seligenthal im Kirchenkreis Schmalkalden<\/p>\n<p><strong>Rechtsform:<\/strong><\/p>\n<p>K\u00f6rperschaft des \u00f6ffentlichen Rechts<\/p>\n<p><strong>Anschrift:&nbsp;<\/strong><\/p>\n<p>Tambacherstr. 27<br \/>\n98593 Floh-Seligenthal<\/p>\n<p><strong>Telefon:<br \/>\n<\/strong>+49 3683-608298<\/p>\n<p><strong>Mail: <\/strong>dekanat-schmalkalden@ekkw.de<\/p>\n<p><strong>Vertretungsberechtigt<\/strong><\/p>\n<p>Pfarrer Anton Becker<\/p>\n<p><strong>Verantwortlicher gem. \u00a7 18 MStV:<\/strong><\/p>\n<p>Pfarrer Anton Becker<br \/>\nTambacherstr. 27<br \/>\n98593 Floh-Seligenthal<br \/>\nTel: 03683\/608298<br \/>\nMail: Pfarramt.Seligenthal@ekkw.de<\/p>\n<p>Der Inhalt von dieser Webseite ist urheberrechtlich gesch\u00fctzt.<br \/>\nDie Vervielf\u00e4ltigung, \u00c4nderung, Verbreitung oder Speicherung von Informationen oder Daten, insbesondere von Texten, Textteilen, interaktiven Anwendungen oder Bildmaterial \u2013 auch auszugsweise \u2013 bedarf der vorherigen schriftlichen Zustimmung des Kirchenkreises Schmalkalden.<\/p>\n<p>Diese Seiten inklusive Quelltext und Software d\u00fcrfen nicht ver\u00e4ndert, kopiert, wiederver\u00f6ffentlicht, \u00fcbertragen, verbreitet oder gespeichert werden.<\/p>\n<p>Der ev. Gesamtverband pr\u00fcft und aktualisiert die Informationen auf ihrer Webseite st\u00e4ndig.<br \/>\nTrotz aller Sorgfalt k\u00f6nnen sich die Daten inzwischen ver\u00e4ndert haben. Eine Haftung oder Garantie f\u00fcr die Aktualit\u00e4t, Richtigkeit und Vollst\u00e4ndigkeit der zur Verf\u00fcgung gestellten Informationen kann daher nicht \u00fcbernommen werden.<\/p>\n<p>Soweit www.eksm.de mittels Hyperlink auf Internet-Seiten Dritter verweist, dient dies allein Informationszwecken, ohne dass sich der Nutzer auf die Aktualit\u00e4t, Richtigkeit oder Vollst\u00e4ndigkeit der Informationen berufen oder verlassen kann.<\/p>\n<p>Die Nutzung unserer Webseite ist in der Regel ohne Angabe personenbezogener Daten m\u00f6glich. Soweit auf unseren Seiten personenbezogene Daten (beispielsweise Name, Anschrift oder eMail-Adressen) erhoben werden, erfolgt dies, soweit m\u00f6glich, stets auf freiwilliger Basis. Diese Daten werden ohne Ihre ausdr\u00fcckliche Zustimmung nicht an Dritte weitergegeben.<\/p>\n<p>Wir weisen darauf hin, dass die Daten\u00fcbertragung im Internet (z.B. bei der Kommunikation per E-Mail) Sicherheitsl\u00fccken aufweisen kann. Ein l\u00fcckenloser Schutz der Daten vor dem Zugriff durch Dritte ist nicht m\u00f6glich.<\/p>\n<p>Der Nutzung von im Rahmen der Impressumspflicht ver\u00f6ffentlichten Kontaktdaten durch Dritte zur \u00dcbersendung von nicht ausdr\u00fccklich angeforderter Werbung und Informationsmaterialien wird hiermit ausdr\u00fccklich widersprochen. Die Betreiber der Seiten behalten sich ausdr\u00fccklich rechtliche Schritte im Falle der unverlangten Zusendung von Werbeinformationen, etwa durch Spam-Mails, vor.<\/p>\n","protected":false},"excerpt":{"rendered":"<div class=\"mh-excerpt\"><p>Einrichtung: Evangelischer Gesamtverband Floh-Seligenthal im Kirchenkreis Schmalkalden Rechtsform: K\u00f6rperschaft des \u00f6ffentlichen Rechts Anschrift:&nbsp; Tambacherstr. 27 98593 Floh-Seligenthal Telefon: +49 3683-608298 Mail: dekanat-schmalkalden@ekkw.de Vertretungsberechtigt Pfarrer Anton Becker Verantwortlicher gem. \u00a7 18 MStV: Pfarrer Anton Becker Tambacherstr. <a class=\"mh-excerpt-more\" href=\"https:\/\/eksm.de\/blog\/seligenthal\/?page_id=3\" title=\"Impressum\">[mehr&#8230;]<\/a><\/p>\n<\/div>","protected":false},"author":1,"featured_media":0,"parent":13,"menu_order":1,"comment_status":"closed","ping_status":"closed","template":"","meta":{"ngg_post_thumbnail":0,"footnotes":""},"class_list":["post-3","page","type-page","status-publish"],"_links":{"self":[{"href":"https:\/\/eksm.de\/blog\/seligenthal\/index.php?rest_route=\/wp\/v2\/pages\/3","targetHints":{"allow":["GET"]}}],"collection":[{"href":"https:\/\/eksm.de\/blog\/seligenthal\/index.php?rest_route=\/wp\/v2\/pages"}],"about":[{"href":"https:\/\/eksm.de\/blog\/seligenthal\/index.php?rest_route=\/wp\/v2\/types\/page"}],"author":[{"embeddable":true,"href":"https:\/\/eksm.de\/blog\/seligenthal\/index.php?rest_route=\/wp\/v2\/users\/1"}],"replies":[{"embeddable":true,"href":"https:\/\/eksm.de\/blog\/seligenthal\/index.php?rest_route=%2Fwp%2Fv2%2Fcomments&post=3"}],"version-history":[{"count":17,"href":"https:\/\/eksm.de\/blog\/seligenthal\/index.php?rest_route=\/wp\/v2\/pages\/3\/revisions"}],"predecessor-version":[{"id":5114,"href":"https:\/\/eksm.de\/blog\/seligenthal\/index.php?rest_route=\/wp\/v2\/pages\/3\/revisions\/5114"}],"up":[{"embeddable":true,"href":"https:\/\/eksm.de\/blog\/seligenthal\/index.php?rest_route=\/wp\/v2\/pages\/13"}],"wp:attachment":[{"href":"https:\/\/eksm.de\/blog\/seligenthal\/index.php?rest_route=%2Fwp%2Fv2%2Fmedia&parent=3"}],"curies":[{"name":"wp","href":"https:\/\/api.w.org\/{rel}","templated":true}]}}

<p><strong>Einrichtung:</strong> Evangelischer Gesamtverband Floh-Seligenthal im Kirchenkreis Schmalkalden</p>
<p><strong>Rechtsform:</strong></p>
<p>Körperschaft des öffentlichen Rechts</p>
<p><strong>Anschrift:&nbsp;</strong></p>
<p>Tambacherstr. 27<br />
98593 Floh-Seligenthal</p>
<p><strong>Telefon:<br />
</strong>+49 3683-608298</p>
<p><strong>Mail: </strong>dekanat-schmalkalden@ekkw.de</p>
<p><strong>Vertretungsberechtigt</strong></p>
<p>Pfarrer Anton Becker</p>
<p><strong>Verantwortlicher gem. § 18 MStV:</strong></p>
<p>Pfarrer Anton Becker<br />
Tambacherstr. 27<br />
98593 Floh-Seligenthal<br />
Tel: 03683/608298<br />
Mail: Pfarramt.Seligenthal@ekkw.de</p>
<p>Der Inhalt von dieser Webseite ist urheberrechtlich geschützt.<br />
Die Vervielfältigung, Änderung, Verbreitung oder Speicherung von Informationen oder Daten, insbesondere von Texten, Textteilen, interaktiven Anwendungen oder Bildmaterial – auch auszugsweise – bedarf der vorherigen schriftlichen Zustimmung des Kirchenkreises Schmalkalden.</p>
<p>Diese Seiten inklusive Quelltext und Software dürfen nicht verändert, kopiert, wiederveröffentlicht, übertragen, verbreitet oder gespeichert werden.</p>
<p>Der ev. Gesamtverband prüft und aktualisiert die Informationen auf ihrer Webseite ständig.<br />
Trotz aller Sorgfalt können sich die Daten inzwischen verändert haben. Eine Haftung oder Garantie für die Aktualität, Richtigkeit und Vollständigkeit der zur Verfügung gestellten Informationen kann daher nicht übernommen werden.</p>
<p>Soweit www.eksm.de mittels Hyperlink auf Internet-Seiten Dritter verweist, dient dies allein Informationszwecken, ohne dass sich der Nutzer auf die Aktualität, Richtigkeit oder Vollständigkeit der Informationen berufen oder verlassen kann.</p>
<p>Die Nutzung unserer Webseite ist in der Regel ohne Angabe personenbezogener Daten möglich. Soweit auf unseren Seiten personenbezogene Daten (beispielsweise Name, Anschrift oder eMail-Adressen) erhoben werden, erfolgt dies, soweit möglich, stets auf freiwilliger Basis. Diese Daten werden ohne Ihre ausdrückliche Zustimmung nicht an Dritte weitergegeben.</p>
<p>Wir weisen darauf hin, dass die Datenübertragung im Internet (z.B. bei der Kommunikation per E-Mail) Sicherheitslücken aufweisen kann. Ein lückenloser Schutz der Daten vor dem Zugriff durch Dritte ist nicht möglich.</p>
<p>Der Nutzung von im Rahmen der Impressumspflicht veröffentlichten Kontaktdaten durch Dritte zur Übersendung von nicht ausdrücklich angeforderter Werbung und Informationsmaterialien wird hiermit ausdrücklich widersprochen. Die Betreiber der Seiten behalten sich ausdrücklich rechtliche Schritte im Falle der unverlangten Zusendung von Werbeinformationen, etwa durch Spam-Mails, vor.</p>

<div class="mh-excerpt"><p>Einrichtung: Evangelischer Gesamtverband Floh-Seligenthal im Kirchenkreis Schmalkalden Rechtsform: Körperschaft des öffentlichen Rechts Anschrift:&nbsp; Tambacherstr. 27 98593 Floh-Seligenthal Telefon: +49 3683-608298 Mail: dekanat-schmalkalden@ekkw.de Vertretungsberechtigt Pfarrer Anton Becker Verantwortlicher gem. § 18 MStV: Pfarrer Anton Becker Tambacherstr. <a class="mh-excerpt-more" href="https://eksm.de/blog/seligenthal/?page_id=3" title="Impressum">[mehr&#8230;]</a></p>
</div>
