{"id":3818,"date":"2018-10-20T22:43:59","date_gmt":"2018-10-20T20:43:59","guid":{"rendered":"http:\/\/eksm.de\/blog\/seligenthal\/?page_id=3818"},"modified":"2020-06-29T07:28:47","modified_gmt":"2020-06-29T05:28:47","slug":"startseite","status":"publish","type":"page","link":"https:\/\/eksm.de\/blog\/seligenthal\/","title":{"rendered":"Startseite"},"content":{"rendered":"\n<p>Hier finden Sie Gottesdienste, die in gro\u00dfer Regelm\u00e4\u00dfikeit in Seligenthal aufgezeichnet werden.<\/p>\n","protected":false},"excerpt":{"rendered":"<div class=\"mh-excerpt\"><p>Hier finden Sie Gottesdienste, die in gro\u00dfer Regelm\u00e4\u00dfikeit in Seligenthal aufgezeichnet werden.<\/p>\n<\/div>","protected":false},"author":1,"featured_media":0,"parent":0,"menu_order":0,"comment_status":"closed","ping_status":"closed","template":"template-homepage.php","meta":{"ngg_post_thumbnail":0,"footnotes":""},"class_list":["post-3818","page","type-page","status-publish"],"_links":{"self":[{"href":"https:\/\/eksm.de\/blog\/seligenthal\/index.php?rest_route=\/wp\/v2\/pages\/3818","targetHints":{"allow":["GET"]}}],"collection":[{"href":"https:\/\/eksm.de\/blog\/seligenthal\/index.php?rest_route=\/wp\/v2\/pages"}],"about":[{"href":"https:\/\/eksm.de\/blog\/seligenthal\/index.php?rest_route=\/wp\/v2\/types\/page"}],"author":[{"embeddable":true,"href":"https:\/\/eksm.de\/blog\/seligenthal\/index.php?rest_route=\/wp\/v2\/users\/1"}],"replies":[{"embeddable":true,"href":"https:\/\/eksm.de\/blog\/seligenthal\/index.php?rest_route=%2Fwp%2Fv2%2Fcomments&post=3818"}],"version-history":[{"count":3,"href":"https:\/\/eksm.de\/blog\/seligenthal\/index.php?rest_route=\/wp\/v2\/pages\/3818\/revisions"}],"predecessor-version":[{"id":5041,"href":"https:\/\/eksm.de\/blog\/seligenthal\/index.php?rest_route=\/wp\/v2\/pages\/3818\/revisions\/5041"}],"wp:attachment":[{"href":"https:\/\/eksm.de\/blog\/seligenthal\/index.php?rest_route=%2Fwp%2Fv2%2Fmedia&parent=3818"}],"curies":[{"name":"wp","href":"https:\/\/api.w.org\/{rel}","templated":true}]}}

<p>Hier finden Sie Gottesdienste, die in großer Regelmäßikeit in Seligenthal aufgezeichnet werden.</p>

<div class="mh-excerpt"><p>Hier finden Sie Gottesdienste, die in großer Regelmäßikeit in Seligenthal aufgezeichnet werden.</p>
</div>
