{"id":481,"date":"2011-07-28T19:10:26","date_gmt":"2011-07-28T17:10:26","guid":{"rendered":"http:\/\/eksm.de\/blog\/seligenthal\/?page_id=481"},"modified":"2014-01-02T14:38:32","modified_gmt":"2014-01-02T13:38:32","slug":"gemeindehaus","status":"publish","type":"page","link":"https:\/\/eksm.de\/blog\/seligenthal\/?page_id=481","title":{"rendered":"Gemeindehaus"},"content":{"rendered":"<p><font size=\"3\">Geplant war der Neubau eines Gemeindehauses seit 1991. Im kleinen Saal am Pfarrhaus war zu wenig Platz, die Toilette war f\u00fcr Rollstuhlfahrer unerreichbar. Zudem kam die Belastung der Pfarrfamilie, deren Schlafzimmer \u00fcber dem Kirchsaal lag und direkt neben dem offenen Jugendraum in der Scheune. An der Stra\u00dfenseite des Pfarrhauses war der L\u00e4rm ebenfalls unertr\u00e4glich.<\/font><\/p>\n<p><font size=\"3\">Zu DDR &#8211; Zeiten war uns ein Neubau verwehrt. Auch damals haben wir uns schon mit diesem Gedanken getragen.<\/font><\/p>\n<p><font size=\"3\">Finanzielle Gr\u00fcnde lie\u00dfen dann noch eine lange Zeit ins Land gehen. 2001 brannte der Jugendraum drei Tage vor dem Weihnachtsfest. Ein Nachtspeicherofen hatte bei -15 Grad einen Schwelbrand ausgel\u00f6st. So schockierend das war, so bewirkte der Brand eine Beschleunigung des Antragsverfahrens und der Landeskirchlichen Genehmigung.<\/font><\/p>\n<p><font size=\"3\">Da mehrere Architekten im Ort waren, haben wir uns f\u00fcr einen Architektenwettbewerb ausgesprochen. Beteiligt waren 7 Architekturb\u00fcros mit durchweg sehr guten Entw\u00fcrfen.<\/font><\/p>\n<p><font size=\"3\">Gewinner des Wettbewerbes (alles wurde absolut anonym bewertet) war das Architekturb\u00fcro Sichau und Walther aus Fulda. In der Jury sa\u00dfen hochkar\u00e4tige Architekten, Mitglieder des Kirchenvorstandes, B\u00fcrgermeister Fr\u00e4bel und zwei Jugendliche.<\/font><\/p>\n<p><a href=\"http:\/\/eksm.de\/blog\/seligenthal\/wp-content\/uploads\/2011\/07\/kirche5.jpg\"><font size=\"3\"><img loading=\"lazy\" decoding=\"async\" title=\"kirche5\" style=\"border-left-width: 0px; border-right-width: 0px; background-image: none; border-bottom-width: 0px; padding-top: 0px; padding-left: 0px; margin: 0px; display: inline; padding-right: 0px; border-top-width: 0px\" border=\"0\" alt=\"kirche5\" src=\"http:\/\/eksm.de\/blog\/seligenthal\/wp-content\/uploads\/2011\/07\/kirche5_thumb.jpg\" width=\"244\" height=\"184\" \/><\/font><\/a><font size=\"3\"> Das Preisgericht<\/font><\/p>\n<p><a href=\"http:\/\/eksm.de\/blog\/seligenthal\/wp-content\/uploads\/2011\/07\/kirche6.jpg\"><font size=\"3\"><img loading=\"lazy\" decoding=\"async\" title=\"kirche6\" style=\"border-left-width: 0px; border-right-width: 0px; background-image: none; border-bottom-width: 0px; padding-top: 0px; padding-left: 0px; margin: 0px; display: inline; padding-right: 0px; border-top-width: 0px\" border=\"0\" alt=\"kirche6\" src=\"http:\/\/eksm.de\/blog\/seligenthal\/wp-content\/uploads\/2011\/07\/kirche6_thumb.jpg\" width=\"244\" height=\"156\" \/><\/font><\/a><font size=\"3\"> &#8230;vor Ort mit dem Entwurf, der den ersten Preis gewann<\/font><\/p>\n<p><a href=\"http:\/\/eksm.de\/blog\/seligenthal\/wp-content\/uploads\/2011\/07\/kirche7.jpg\"><font size=\"3\"><img loading=\"lazy\" decoding=\"async\" title=\"kirche7\" style=\"border-left-width: 0px; border-right-width: 0px; background-image: none; border-bottom-width: 0px; padding-top: 0px; padding-left: 0px; margin: 0px; display: inline; padding-right: 0px; border-top-width: 0px\" border=\"0\" alt=\"kirche7\" src=\"http:\/\/eksm.de\/blog\/seligenthal\/wp-content\/uploads\/2011\/07\/kirche7_thumb.jpg\" width=\"244\" height=\"218\" \/><\/font><\/a><font size=\"3\"> <\/font><a href=\"http:\/\/eksm.de\/blog\/seligenthal\/wp-content\/uploads\/2011\/07\/kirche8.jpg\"><font size=\"3\"><img loading=\"lazy\" decoding=\"async\" title=\"kirche8\" style=\"border-left-width: 0px; border-right-width: 0px; background-image: none; border-bottom-width: 0px; padding-top: 0px; padding-left: 0px; display: inline; padding-right: 0px; border-top-width: 0px\" border=\"0\" alt=\"kirche8\" src=\"http:\/\/eksm.de\/blog\/seligenthal\/wp-content\/uploads\/2011\/07\/kirche8_thumb.jpg\" width=\"244\" height=\"39\" \/><\/font><\/a><\/p>\n<p><a href=\"http:\/\/eksm.de\/blog\/seligenthal\/wp-content\/uploads\/2011\/07\/kirche9.jpg\"><font size=\"3\"><img loading=\"lazy\" decoding=\"async\" title=\"kirche9\" style=\"border-left-width: 0px; border-right-width: 0px; background-image: none; border-bottom-width: 0px; padding-top: 0px; padding-left: 0px; display: inline; padding-right: 0px; border-top-width: 0px\" border=\"0\" alt=\"kirche9\" src=\"http:\/\/eksm.de\/blog\/seligenthal\/wp-content\/uploads\/2011\/07\/kirche9_thumb.jpg\" width=\"244\" height=\"111\" \/><\/font><\/a><\/p>\n<p><font size=\"3\">ngg_shortcode_0_placeholder<\/font><\/p>\n<p><font size=\"3\"><\/font><\/p>\n<p><a href=\"http:\/\/eksm.de\/blog\/seligenthal\/?page_id=482\" target=\"_blank\"><font size=\"3\">weiter<\/font><\/a><\/p>\n<p><font size=\"3\"><\/font><\/p>\n","protected":false},"excerpt":{"rendered":"<div class=\"mh-excerpt\"><p>Geplant war der Neubau eines Gemeindehauses seit 1991. Im kleinen Saal am Pfarrhaus war zu wenig Platz, die Toilette war f\u00fcr Rollstuhlfahrer unerreichbar. Zudem kam die Belastung der Pfarrfamilie, deren Schlafzimmer \u00fcber dem Kirchsaal lag <a class=\"mh-excerpt-more\" href=\"https:\/\/eksm.de\/blog\/seligenthal\/?page_id=481\" title=\"Gemeindehaus\">[mehr&#8230;]<\/a><\/p>\n<\/div>","protected":false},"author":1,"featured_media":0,"parent":81,"menu_order":0,"comment_status":"open","ping_status":"open","template":"","meta":{"ngg_post_thumbnail":0,"footnotes":""},"class_list":["post-481","page","type-page","status-publish"],"_links":{"self":[{"href":"https:\/\/eksm.de\/blog\/seligenthal\/index.php?rest_route=\/wp\/v2\/pages\/481","targetHints":{"allow":["GET"]}}],"collection":[{"href":"https:\/\/eksm.de\/blog\/seligenthal\/index.php?rest_route=\/wp\/v2\/pages"}],"about":[{"href":"https:\/\/eksm.de\/blog\/seligenthal\/index.php?rest_route=\/wp\/v2\/types\/page"}],"author":[{"embeddable":true,"href":"https:\/\/eksm.de\/blog\/seligenthal\/index.php?rest_route=\/wp\/v2\/users\/1"}],"replies":[{"embeddable":true,"href":"https:\/\/eksm.de\/blog\/seligenthal\/index.php?rest_route=%2Fwp%2Fv2%2Fcomments&post=481"}],"version-history":[{"count":4,"href":"https:\/\/eksm.de\/blog\/seligenthal\/index.php?rest_route=\/wp\/v2\/pages\/481\/revisions"}],"predecessor-version":[{"id":1320,"href":"https:\/\/eksm.de\/blog\/seligenthal\/index.php?rest_route=\/wp\/v2\/pages\/481\/revisions\/1320"}],"up":[{"embeddable":true,"href":"https:\/\/eksm.de\/blog\/seligenthal\/index.php?rest_route=\/wp\/v2\/pages\/81"}],"wp:attachment":[{"href":"https:\/\/eksm.de\/blog\/seligenthal\/index.php?rest_route=%2Fwp%2Fv2%2Fmedia&parent=481"}],"curies":[{"name":"wp","href":"https:\/\/api.w.org\/{rel}","templated":true}]}}

<p><font size="3">Geplant war der Neubau eines Gemeindehauses seit 1991. Im kleinen Saal am Pfarrhaus war zu wenig Platz, die Toilette war für Rollstuhlfahrer unerreichbar. Zudem kam die Belastung der Pfarrfamilie, deren Schlafzimmer über dem Kirchsaal lag und direkt neben dem offenen Jugendraum in der Scheune. An der Straßenseite des Pfarrhauses war der Lärm ebenfalls unerträglich.</font></p>
<p><font size="3">Zu DDR &#8211; Zeiten war uns ein Neubau verwehrt. Auch damals haben wir uns schon mit diesem Gedanken getragen.</font></p>
<p><font size="3">Finanzielle Gründe ließen dann noch eine lange Zeit ins Land gehen. 2001 brannte der Jugendraum drei Tage vor dem Weihnachtsfest. Ein Nachtspeicherofen hatte bei -15 Grad einen Schwelbrand ausgelöst. So schockierend das war, so bewirkte der Brand eine Beschleunigung des Antragsverfahrens und der Landeskirchlichen Genehmigung.</font></p>
<p><font size="3">Da mehrere Architekten im Ort waren, haben wir uns für einen Architektenwettbewerb ausgesprochen. Beteiligt waren 7 Architekturbüros mit durchweg sehr guten Entwürfen.</font></p>
<p><font size="3">Gewinner des Wettbewerbes (alles wurde absolut anonym bewertet) war das Architekturbüro Sichau und Walther aus Fulda. In der Jury saßen hochkarätige Architekten, Mitglieder des Kirchenvorstandes, Bürgermeister Fräbel und zwei Jugendliche.</font></p>
<p><a href="http://eksm.de/blog/seligenthal/wp-content/uploads/2011/07/kirche5.jpg"><font size="3"><img loading="lazy" decoding="async" title="kirche5" style="border-left-width: 0px; border-right-width: 0px; background-image: none; border-bottom-width: 0px; padding-top: 0px; padding-left: 0px; margin: 0px; display: inline; padding-right: 0px; border-top-width: 0px" border="0" alt="kirche5" src="http://eksm.de/blog/seligenthal/wp-content/uploads/2011/07/kirche5_thumb.jpg" width="244" height="184" /></font></a><font size="3"> Das Preisgericht</font></p>
<p><a href="http://eksm.de/blog/seligenthal/wp-content/uploads/2011/07/kirche6.jpg"><font size="3"><img loading="lazy" decoding="async" title="kirche6" style="border-left-width: 0px; border-right-width: 0px; background-image: none; border-bottom-width: 0px; padding-top: 0px; padding-left: 0px; margin: 0px; display: inline; padding-right: 0px; border-top-width: 0px" border="0" alt="kirche6" src="http://eksm.de/blog/seligenthal/wp-content/uploads/2011/07/kirche6_thumb.jpg" width="244" height="156" /></font></a><font size="3"> &#8230;vor Ort mit dem Entwurf, der den ersten Preis gewann</font></p>
<p><a href="http://eksm.de/blog/seligenthal/wp-content/uploads/2011/07/kirche7.jpg"><font size="3"><img loading="lazy" decoding="async" title="kirche7" style="border-left-width: 0px; border-right-width: 0px; background-image: none; border-bottom-width: 0px; padding-top: 0px; padding-left: 0px; margin: 0px; display: inline; padding-right: 0px; border-top-width: 0px" border="0" alt="kirche7" src="http://eksm.de/blog/seligenthal/wp-content/uploads/2011/07/kirche7_thumb.jpg" width="244" height="218" /></font></a><font size="3"> </font><a href="http://eksm.de/blog/seligenthal/wp-content/uploads/2011/07/kirche8.jpg"><font size="3"><img loading="lazy" decoding="async" title="kirche8" style="border-left-width: 0px; border-right-width: 0px; background-image: none; border-bottom-width: 0px; padding-top: 0px; padding-left: 0px; display: inline; padding-right: 0px; border-top-width: 0px" border="0" alt="kirche8" src="http://eksm.de/blog/seligenthal/wp-content/uploads/2011/07/kirche8_thumb.jpg" width="244" height="39" /></font></a></p>
<p><a href="http://eksm.de/blog/seligenthal/wp-content/uploads/2011/07/kirche9.jpg"><font size="3"><img loading="lazy" decoding="async" title="kirche9" style="border-left-width: 0px; border-right-width: 0px; background-image: none; border-bottom-width: 0px; padding-top: 0px; padding-left: 0px; display: inline; padding-right: 0px; border-top-width: 0px" border="0" alt="kirche9" src="http://eksm.de/blog/seligenthal/wp-content/uploads/2011/07/kirche9_thumb.jpg" width="244" height="111" /></font></a></p>
<p><font size="3">ngg_shortcode_0_placeholder</font></p>
<p><font size="3"></font></p>
<p><a href="http://eksm.de/blog/seligenthal/?page_id=482" target="_blank"><font size="3">weiter</font></a></p>
<p><font size="3"></font></p>

<div class="mh-excerpt"><p>Geplant war der Neubau eines Gemeindehauses seit 1991. Im kleinen Saal am Pfarrhaus war zu wenig Platz, die Toilette war für Rollstuhlfahrer unerreichbar. Zudem kam die Belastung der Pfarrfamilie, deren Schlafzimmer über dem Kirchsaal lag <a class="mh-excerpt-more" href="https://eksm.de/blog/seligenthal/?page_id=481" title="Gemeindehaus">[mehr&#8230;]</a></p>
</div>
