{"id":4900,"date":"2022-01-19T16:14:45","date_gmt":"2022-01-19T15:14:45","guid":{"rendered":"https:\/\/eksm.de\/blog\/seligenthal\/?page_id=4900"},"modified":"2026-02-01T09:51:18","modified_gmt":"2026-02-01T08:51:18","slug":"kirchenvorstand-kleinschmalkalden","status":"publish","type":"page","link":"https:\/\/eksm.de\/blog\/seligenthal\/?page_id=4900","title":{"rendered":"Kirchenvorstand Kleinschmalkalden"},"content":{"rendered":"\n<p>Zum Kirchenvorstand geh\u00f6ren:<br>JKarina Engel<\/p>\n\n\n\n<p>Christina Gelsok<\/p>\n\n\n\n<p>Frank Genzler<\/p>\n\n\n\n<p>Steffen G\u00fcnther<\/p>\n\n\n\n<p>Uta K\u00f6nig-Zieger<\/p>\n\n\n\n<p>Karina Sauerbrey-Lowien<\/p>\n\n\n\n<p>Petra Scheler<\/p>\n\n\n\n<p>Andreas Trautvetter<\/p>\n","protected":false},"excerpt":{"rendered":"<div class=\"mh-excerpt\"><p>Zum Kirchenvorstand geh\u00f6ren:JKarina Engel Christina Gelsok Frank Genzler Steffen G\u00fcnther Uta K\u00f6nig-Zieger Karina Sauerbrey-Lowien Petra Scheler Andreas Trautvetter<\/p>\n<\/div>","protected":false},"author":5,"featured_media":0,"parent":0,"menu_order":0,"comment_status":"closed","ping_status":"closed","template":"","meta":{"ngg_post_thumbnail":0,"footnotes":""},"class_list":["post-4900","page","type-page","status-publish"],"_links":{"self":[{"href":"https:\/\/eksm.de\/blog\/seligenthal\/index.php?rest_route=\/wp\/v2\/pages\/4900","targetHints":{"allow":["GET"]}}],"collection":[{"href":"https:\/\/eksm.de\/blog\/seligenthal\/index.php?rest_route=\/wp\/v2\/pages"}],"about":[{"href":"https:\/\/eksm.de\/blog\/seligenthal\/index.php?rest_route=\/wp\/v2\/types\/page"}],"author":[{"embeddable":true,"href":"https:\/\/eksm.de\/blog\/seligenthal\/index.php?rest_route=\/wp\/v2\/users\/5"}],"replies":[{"embeddable":true,"href":"https:\/\/eksm.de\/blog\/seligenthal\/index.php?rest_route=%2Fwp%2Fv2%2Fcomments&post=4900"}],"version-history":[{"count":3,"href":"https:\/\/eksm.de\/blog\/seligenthal\/index.php?rest_route=\/wp\/v2\/pages\/4900\/revisions"}],"predecessor-version":[{"id":5250,"href":"https:\/\/eksm.de\/blog\/seligenthal\/index.php?rest_route=\/wp\/v2\/pages\/4900\/revisions\/5250"}],"wp:attachment":[{"href":"https:\/\/eksm.de\/blog\/seligenthal\/index.php?rest_route=%2Fwp%2Fv2%2Fmedia&parent=4900"}],"curies":[{"name":"wp","href":"https:\/\/api.w.org\/{rel}","templated":true}]}}

<p>Zum Kirchenvorstand gehören:<br>JKarina Engel</p>



<p>Christina Gelsok</p>



<p>Frank Genzler</p>



<p>Steffen Günther</p>



<p>Uta König-Zieger</p>



<p>Karina Sauerbrey-Lowien</p>



<p>Petra Scheler</p>



<p>Andreas Trautvetter</p>

<div class="mh-excerpt"><p>Zum Kirchenvorstand gehören:JKarina Engel Christina Gelsok Frank Genzler Steffen Günther Uta König-Zieger Karina Sauerbrey-Lowien Petra Scheler Andreas Trautvetter</p>
</div>
