{"id":50,"date":"2010-03-24T16:03:46","date_gmt":"2010-03-24T15:03:46","guid":{"rendered":"http:\/\/eksm.de\/blog\/seligenthal\/?page_id=50"},"modified":"2024-09-13T19:01:52","modified_gmt":"2024-09-13T17:01:52","slug":"saftmobil","status":"publish","type":"page","link":"https:\/\/eksm.de\/blog\/seligenthal\/?page_id=50","title":{"rendered":"Juicebox"},"content":{"rendered":"<p>&nbsp;<\/p>\n<p>Im Rahmen eines Projektes des Landkreises Schmalkalden &#8211; Meiningen und der evangelischen Jugend im Kirchenkreis Schmalkalden ist das Kreisjugendpfarramt Tr\u00e4ger dieses Projektes<\/p>\n<p><b>Hier einiges zur Konzeption: <\/b><\/p>\n<p>1. Ausgangssituation: <br>Immer mehr junge Menschen trinken in immer gr\u00f6\u00dferen Mengen immer \u00f6fter Alkohol. Es ist unter Kindern und Jugendlichen nicht un\u00fcblich, dass mit 12 \u2013 13 Jahren schon regelm\u00e4\u00dfig jedes Wochenende bis \u201ezum Abwinken\u201c Alkohol konsumiert wird. Einhergehend ist in der Bev\u00f6lkerung in den letzten Jahren eine Akzeptanz dieses Zustandes gewachsen, so dass sich heute kaum jemand mehr dar\u00fcber Gedanken macht, dass Kinder und Jugendliche in aller \u00d6ffentlichkeit und teilweise sogar in Jugendeinrichtungen Alkohol zu sich nehmen. Eltern sind demzufolge toleranter im Umgang mit alkoholisierten Kindern; es wird sogar Alkohol f\u00fcr die \u201eSpr\u00f6sslinge\u201c gekauft und mitgegeben. So werden z.B. Geburtstagsfeiern von Kindern (bis 14 Jahren) erst zum H\u00f6hepunkt, wenn Sekt, Wein oder Bier angeboten wird.<\/p>\n<p>2. Ziel <br>Zielgruppe sind vorrangig 12 \u2013 18-j\u00e4hrige Kinder, Jugendliche und Eltern. <br>Das Saftmobil soll junge Menschen in ansprechender Form Alternativen zu alkoholischen Getr\u00e4nken anbieten. Dazu werden nicht nur alkoholfreie Getr\u00e4nke verkauft, sondern anspruchsvolle wohlschmeckende Cocktails frisch gemixt. Gleichzeitig ergeben sich so Gelegenheiten f\u00fcr niedrigschwellige zielorientierte Gespr\u00e4che mit Kindern, Jugendlichen und Eltern. Das Saftmobil soll dabei helfen, in der breiten Bev\u00f6lkerung wieder ein Bewusstsein daf\u00fcr zu schaffen, dass es nicht normal ist, dass Kinder und Jugendliche regelm\u00e4\u00dfig Alkohol trinken. <br>3. Inhaltliches Konzept <br>Bisherige Saftmobile dienen nach unseren Recherchen lediglich dem Angebot von alkoholfreien Getr\u00e4nken, in der Regel S\u00e4fte. Es wird dabei weder ein optischer noch emotionaler Impuls gesetzt, der alkoholfreie Getr\u00e4nke reizvoll erscheinen l\u00e4sst. <br>Unser Ansatz: <br>Wir wollen mit dem Einsatz des Verkaufswagens optisch ansprechende Mix-Getr\u00e4nke anbieten und gleichzeitig deutlich machen, dass Alkohol nichts mit St\u00e4rke oder Spa\u00df zu tun haben muss. <br>Daher wurde die Juicebox mit entsprechend geeignetem Personal ausgestattet. Neben Kenntnissen zum Herstellen entsprechender Cocktails sind vor allem kommunikative F\u00e4higkeiten vorhanden. Wir stehen mit dem Wagen nicht nur an irgendwelchen Orten und schenken aus, der Wagen ist dort pr\u00e4sent, wo sich Kinder und Jugendliche \u00f6ffentlich treffen bzw. feiern. Es ist ein unkomplizierter flexibler Einsatz gew\u00e4hrleistet. <br>Zur Grundausstattung der Juicebox geh\u00f6ren: Theke, K\u00fchl- und Gefrierschrank, Mixger\u00e4te, Wasch- und Sp\u00fclgelegenheit, Lager- und Stauraum, Wasser- , Abwasser- und Stromanschluss, Bierzeltgarnituren f\u00fcr den Au\u00dfenbereich, Kasse. <br>Die Einrichtung wird den erh\u00f6hten Anforderungen des Ausschankes alkoholfreier Getr\u00e4nke gerecht. <br>4. Finanzierung <br>Die Anschaffung des Fahrzeuges wurde aus Mitteln des Landkreises und durch F\u00f6rderung des Freistaates Th\u00fcringen (Lottomittel) m\u00f6glich. <br>Die Personalkosten werden vom Landkreis Schmalkalden-Meiningen, aus Mitteln der Jugendpauschale \u2013 Freistaat Th\u00fcringen \u2013 und dem Kirchenkreis Schmalkalden getragen. Gleitende Arbeitszeit mit einem Arbeitszeitkonto ist zwingende Voraussetzung. Die laufenden Betriebskosten sowie \u00d6ffentlichkeitsarbeit und Werbung werden \u00fcber Einnahmen aus dem Verkauf finanziert. <br>5. Betreibung der Juicebox<br>Der Jugendhilfeausschuss hat die Juicebox der Evangelischen Jugend Schmalkalden \u00fcbertragen. Es ist mit einer hauptamtlich Besch\u00e4ftigten mit 0,45 VbE besetzt. Die Einsatzorte ergeben sich aus Anforderungen zu Jugendveranstaltungen und werden dar\u00fcber hinaus an jugendtypischen Treffpunkten selbst\u00e4ndig gew\u00e4hlt. \u00d6ffentlichkeitsarbeit bzw. Werbung erfolgt mittels des Fahrzeuges. Die ansprechende bunte Gestaltung schafft Aufmerksamkeit. <br>Neben Handzetteln mit entsprechenden Rezepten wurden bzw. werden auch weitere Informationsmaterialien erarbeitet, ausgelegt bzw. verteilt. Die Erarbeitung von Informationsmaterial erfolgt in der Regel unter Mitarbeit von Jugendlichen. <br>In den Wintermonaten besucht die Mitarbeiterin Schulen und Vereine um auf das Angebot hinzuweisen und die Pr\u00e4ventionsarbeit im Landkreis. Au\u00dferdem sollen regelm\u00e4\u00dfige Berichte in der Presse auf das Angebot hinweisen.&nbsp; <br>Die Preise werden jugendgem\u00e4\u00df gestaltet: 1\u20ac pro Cocktail.<\/p>\n<p>6. Ein erweitertes Konzept f\u00fcr der Juicebox wurde 2010 entwickelt. Es schlie\u00dft ein Schulprojekt zum Thema Alkoholpr\u00e4vention f\u00fcr die 8.-10. Klasse ein.&nbsp;<\/p>\n<p>7. Mittlerweile wird die Juicebox in der Tr\u00e4gerschaft des Kirchenkreises betrieben.&nbsp; &nbsp;<\/p>\n\n\n<p><\/p>\n","protected":false},"excerpt":{"rendered":"<div class=\"mh-excerpt\"><p>&nbsp; Im Rahmen eines Projektes des Landkreises Schmalkalden &#8211; Meiningen und der evangelischen Jugend im Kirchenkreis Schmalkalden ist das Kreisjugendpfarramt Tr\u00e4ger dieses Projektes Hier einiges zur Konzeption: 1. Ausgangssituation: Immer mehr junge Menschen trinken in <a class=\"mh-excerpt-more\" href=\"https:\/\/eksm.de\/blog\/seligenthal\/?page_id=50\" title=\"Juicebox\">[mehr&#8230;]<\/a><\/p>\n<\/div>","protected":false},"author":1,"featured_media":0,"parent":13,"menu_order":0,"comment_status":"open","ping_status":"open","template":"","meta":{"ngg_post_thumbnail":0,"footnotes":""},"class_list":["post-50","page","type-page","status-publish"],"_links":{"self":[{"href":"https:\/\/eksm.de\/blog\/seligenthal\/index.php?rest_route=\/wp\/v2\/pages\/50","targetHints":{"allow":["GET"]}}],"collection":[{"href":"https:\/\/eksm.de\/blog\/seligenthal\/index.php?rest_route=\/wp\/v2\/pages"}],"about":[{"href":"https:\/\/eksm.de\/blog\/seligenthal\/index.php?rest_route=\/wp\/v2\/types\/page"}],"author":[{"embeddable":true,"href":"https:\/\/eksm.de\/blog\/seligenthal\/index.php?rest_route=\/wp\/v2\/users\/1"}],"replies":[{"embeddable":true,"href":"https:\/\/eksm.de\/blog\/seligenthal\/index.php?rest_route=%2Fwp%2Fv2%2Fcomments&post=50"}],"version-history":[{"count":4,"href":"https:\/\/eksm.de\/blog\/seligenthal\/index.php?rest_route=\/wp\/v2\/pages\/50\/revisions"}],"predecessor-version":[{"id":5150,"href":"https:\/\/eksm.de\/blog\/seligenthal\/index.php?rest_route=\/wp\/v2\/pages\/50\/revisions\/5150"}],"up":[{"embeddable":true,"href":"https:\/\/eksm.de\/blog\/seligenthal\/index.php?rest_route=\/wp\/v2\/pages\/13"}],"wp:attachment":[{"href":"https:\/\/eksm.de\/blog\/seligenthal\/index.php?rest_route=%2Fwp%2Fv2%2Fmedia&parent=50"}],"curies":[{"name":"wp","href":"https:\/\/api.w.org\/{rel}","templated":true}]}}