{"id":53,"date":"2010-03-24T16:07:05","date_gmt":"2010-03-24T15:07:05","guid":{"rendered":"http:\/\/eksm.de\/blog\/seligenthal\/?page_id=53"},"modified":"2024-09-13T18:23:46","modified_gmt":"2024-09-13T16:23:46","slug":"gottesdienst-im-fernsehen","status":"publish","type":"page","link":"https:\/\/eksm.de\/blog\/seligenthal\/?page_id=53","title":{"rendered":"Gottesdienst im Fernsehen und Online"},"content":{"rendered":"<p><a href=\"http:\/\/eksm.de\/blog\/seligenthal\/wp-content\/uploads\/2010\/03\/en00380.jpg\"><img loading=\"lazy\" decoding=\"async\" style=\"display: inline; border-width: 0px;\" title=\"en00380\" src=\"http:\/\/eksm.de\/blog\/seligenthal\/wp-content\/uploads\/2010\/03\/en00380_thumb.jpg\" alt=\"en00380\" width=\"161\" height=\"181\" border=\"0\"><\/a><\/p>\n<p><span style=\"font-size: large;\">Seit April 1999 haben wir in Seligenthal eine ganz besondere M\u00f6glichkeit:<\/span><\/p>\n<p><span style=\"font-size: large;\">Durch die Antennenanlage unseres Dorfes k\u00f6nnen bewegte Bilder \u00fcbertragen werden.<br \/>\n80% der Haushalte sind an unserer Antennenanlage angeschlossen.<\/span><\/p>\n<p><span style=\"font-size: large;\">Der Kirchenvorstand hat sich deswegen entschlossen, den Gottesdienst in der Kirche bzw. Kirchsaal aufzunehmen.&nbsp;<br \/>\nAb Montag kann dann der Gottesdienst des letzten Sonntages im Dorffernsehen in Endlosschleife gesehen werden.<\/span><\/p>\n<p><span style=\"font-size: large;\">So k\u00f6nnen die kranken und&nbsp; alten Gemeindeglieder den Gottesdienst in unserer Kirche verfolgen.<\/span><\/p>\n<p><span style=\"font-size: large;\">Wer zum Gottesdienst gehen kann, soll auch in die Kirche kommen.<\/span><\/p>\n<p><span style=\"font-size: large;\">Seit der Corona Pandemie werden die meisten der Gottesdienste auch im Internet auf unserer <a href=\"https:\/\/gottesdienst.eksm.de\/\" target=\"_blank\" rel=\"noopener\">Homepage<\/a> ver\u00f6ffentlicht. Bisher haben wir sehr positive Reaktionen erhalten.<\/span><\/p>\n<p><span style=\"font-size: large;\">Eine ehrenamtliche Mitarbeiterin organisiert die regelm\u00e4\u00dfige Aufnahme der Gottesdienste und sorgt daf\u00fcr, dass der Film eingestellt wird.<\/span><\/p>\n<p><span style=\"font-size: large;\">Die Trauungen und Taufen K\u00f6nnen ebenfalls mit unserer Kamera aufgenommen werden. Das Brautpaar bzw. die Eltern erhalten die DVD nach der Amtshandlung.<\/span><\/p>\n<p><span style=\"font-size: large;\">Ansonsten k\u00f6nnen nat\u00fcrlich auch andere Veranstaltungen gefilmt und am Abend \u00fcbertragen werden.<\/span><\/p>\n","protected":false},"excerpt":{"rendered":"<div class=\"mh-excerpt\"><p>Seit April 1999 haben wir in Seligenthal eine ganz besondere M\u00f6glichkeit: Durch die Antennenanlage unseres Dorfes k\u00f6nnen bewegte Bilder \u00fcbertragen werden. 80% der Haushalte sind an unserer Antennenanlage angeschlossen. Der Kirchenvorstand hat sich deswegen entschlossen, <a class=\"mh-excerpt-more\" href=\"https:\/\/eksm.de\/blog\/seligenthal\/?page_id=53\" title=\"Gottesdienst im Fernsehen und Online\">[mehr&#8230;]<\/a><\/p>\n<\/div>","protected":false},"author":1,"featured_media":0,"parent":13,"menu_order":0,"comment_status":"open","ping_status":"open","template":"","meta":{"ngg_post_thumbnail":0,"footnotes":""},"class_list":["post-53","page","type-page","status-publish"],"_links":{"self":[{"href":"https:\/\/eksm.de\/blog\/seligenthal\/index.php?rest_route=\/wp\/v2\/pages\/53","targetHints":{"allow":["GET"]}}],"collection":[{"href":"https:\/\/eksm.de\/blog\/seligenthal\/index.php?rest_route=\/wp\/v2\/pages"}],"about":[{"href":"https:\/\/eksm.de\/blog\/seligenthal\/index.php?rest_route=\/wp\/v2\/types\/page"}],"author":[{"embeddable":true,"href":"https:\/\/eksm.de\/blog\/seligenthal\/index.php?rest_route=\/wp\/v2\/users\/1"}],"replies":[{"embeddable":true,"href":"https:\/\/eksm.de\/blog\/seligenthal\/index.php?rest_route=%2Fwp%2Fv2%2Fcomments&post=53"}],"version-history":[{"count":5,"href":"https:\/\/eksm.de\/blog\/seligenthal\/index.php?rest_route=\/wp\/v2\/pages\/53\/revisions"}],"predecessor-version":[{"id":5140,"href":"https:\/\/eksm.de\/blog\/seligenthal\/index.php?rest_route=\/wp\/v2\/pages\/53\/revisions\/5140"}],"up":[{"embeddable":true,"href":"https:\/\/eksm.de\/blog\/seligenthal\/index.php?rest_route=\/wp\/v2\/pages\/13"}],"wp:attachment":[{"href":"https:\/\/eksm.de\/blog\/seligenthal\/index.php?rest_route=%2Fwp%2Fv2%2Fmedia&parent=53"}],"curies":[{"name":"wp","href":"https:\/\/api.w.org\/{rel}","templated":true}]}}

<p><a href="http://eksm.de/blog/seligenthal/wp-content/uploads/2010/03/en00380.jpg"><img loading="lazy" decoding="async" style="display: inline; border-width: 0px;" title="en00380" src="http://eksm.de/blog/seligenthal/wp-content/uploads/2010/03/en00380_thumb.jpg" alt="en00380" width="161" height="181" border="0"></a></p>
<p><span style="font-size: large;">Seit April 1999 haben wir in Seligenthal eine ganz besondere Möglichkeit:</span></p>
<p><span style="font-size: large;">Durch die Antennenanlage unseres Dorfes können bewegte Bilder übertragen werden.<br />
80% der Haushalte sind an unserer Antennenanlage angeschlossen.</span></p>
<p><span style="font-size: large;">Der Kirchenvorstand hat sich deswegen entschlossen, den Gottesdienst in der Kirche bzw. Kirchsaal aufzunehmen.&nbsp;<br />
Ab Montag kann dann der Gottesdienst des letzten Sonntages im Dorffernsehen in Endlosschleife gesehen werden.</span></p>
<p><span style="font-size: large;">So können die kranken und&nbsp; alten Gemeindeglieder den Gottesdienst in unserer Kirche verfolgen.</span></p>
<p><span style="font-size: large;">Wer zum Gottesdienst gehen kann, soll auch in die Kirche kommen.</span></p>
<p><span style="font-size: large;">Seit der Corona Pandemie werden die meisten der Gottesdienste auch im Internet auf unserer <a href="https://gottesdienst.eksm.de/" target="_blank" rel="noopener">Homepage</a> veröffentlicht. Bisher haben wir sehr positive Reaktionen erhalten.</span></p>
<p><span style="font-size: large;">Eine ehrenamtliche Mitarbeiterin organisiert die regelmäßige Aufnahme der Gottesdienste und sorgt dafür, dass der Film eingestellt wird.</span></p>
<p><span style="font-size: large;">Die Trauungen und Taufen Können ebenfalls mit unserer Kamera aufgenommen werden. Das Brautpaar bzw. die Eltern erhalten die DVD nach der Amtshandlung.</span></p>
<p><span style="font-size: large;">Ansonsten können natürlich auch andere Veranstaltungen gefilmt und am Abend übertragen werden.</span></p>

<div class="mh-excerpt"><p>Seit April 1999 haben wir in Seligenthal eine ganz besondere Möglichkeit: Durch die Antennenanlage unseres Dorfes können bewegte Bilder übertragen werden. 80% der Haushalte sind an unserer Antennenanlage angeschlossen. Der Kirchenvorstand hat sich deswegen entschlossen, <a class="mh-excerpt-more" href="https://eksm.de/blog/seligenthal/?page_id=53" title="Gottesdienst im Fernsehen und Online">[mehr&#8230;]</a></p>
</div>
