{"id":73,"date":"2010-03-24T17:00:53","date_gmt":"2010-03-24T16:00:53","guid":{"rendered":"http:\/\/eksm.de\/blog\/seligenthal\/?page_id=73"},"modified":"2020-07-11T07:57:32","modified_gmt":"2020-07-11T05:57:32","slug":"ratgeber-seelsorge","status":"publish","type":"page","link":"https:\/\/eksm.de\/blog\/seligenthal\/?page_id=73","title":{"rendered":"Ratgeber Seelsorge"},"content":{"rendered":"<p>Haben Sie Fragen zur Bibel, zur Kirche oder zum Glauben?<br \/>\nSuchen Sie Hilfe und m\u00f6chten gerne mit jemand dar\u00fcber reden?<\/p>\n<p>Selbstverst\u00e4ndlich steht Ihnen&nbsp;der f\u00fcr Sie zust\u00e4ndige&nbsp;Gemeindepfarrer&nbsp;bei seelsorgerlichen Anliegen zur Verf\u00fcgung. Das&nbsp; Besprochene unterliegt dem Beichtgeheimnis.<\/p>\n<p>Sie k\u00f6nnen ins Pfarrhaus kommen oder einen Termin bei Ihnen zuhause vereinbaren.<br \/>\nEs ist in jedem Fall sinnvoll vorher im Pfarramt anzurufen, damit Sie den Pfarrer auch antreffen.<\/p>\n<p>Sie k\u00f6nnen sich auch an unsere Kirchenvorsteher wenden. Auch sie lassen sich gern ansprechen.<br \/>\nDa wir als Pfarrer nicht nur in unserer Gemeinde t\u00e4tig sind und viele Dinge gemeinsam tun, k\u00f6nnen Sie sich auch direkt an Pfarrerin Heinlein in Floh oder an Pfarrer Becker wenden. Auch unseren Dekan Ralf Gebauer k\u00f6nnen Sie anrufen und einen Termin vereinbaren.<\/p>\n<p>Bei einem Hausbesuch ist die Situation manchmal nicht zu einem ausf\u00fchrlichen Gespr\u00e4ch geeignet.<br \/>\nWenn Sie den Weg zur Kirche oder zum Pfarramt nicht gehen m\u00f6chten oder k\u00f6nnen, k\u00f6nnen Sie sich auch online an den jeweiligen Pfarrer wenden. Dann k\u00f6nnen Sie uns schreiben.<br \/>\nWir bem\u00fchen uns, Ihnen bald zu antworten.<br \/>\nDabei k\u00f6nnen Sie sicher sein: Ihre E-Mail wird vertraulich behandelt.<br \/>\nAllerdings k\u00f6nnen wir f\u00fcr den \u00dcbertragungsweg Ihrer Mails durch das Internet keine Vertraulichkeitsgarantie geben.<\/p>\n<p><a href=\"mailto:Anton.Becker@ekkw.de\" target=\"_blank\" rel=\"noopener noreferrer\">Mail an <strong>Pfarrer Becker<\/strong><\/a> oder <strong><a href=\"mailto:Linda.Heinlein@ekkw.de\" target=\"_blank\" rel=\"noopener noreferrer\">Pfarrerin Heinlein<\/a> <\/strong><!--Ende--><\/p>\n<p>Ihre Pfarrer Anton Becker (Seligenthal) und Linda Heinlein (Floh)<\/p>\n","protected":false},"excerpt":{"rendered":"<div class=\"mh-excerpt\"><p>Haben Sie Fragen zur Bibel, zur Kirche oder zum Glauben? Suchen Sie Hilfe und m\u00f6chten gerne mit jemand dar\u00fcber reden? Selbstverst\u00e4ndlich steht Ihnen&nbsp;der f\u00fcr Sie zust\u00e4ndige&nbsp;Gemeindepfarrer&nbsp;bei seelsorgerlichen Anliegen zur Verf\u00fcgung. Das&nbsp; Besprochene unterliegt dem Beichtgeheimnis. <a class=\"mh-excerpt-more\" href=\"https:\/\/eksm.de\/blog\/seligenthal\/?page_id=73\" title=\"Ratgeber Seelsorge\">[mehr&#8230;]<\/a><\/p>\n<\/div>","protected":false},"author":1,"featured_media":0,"parent":67,"menu_order":0,"comment_status":"closed","ping_status":"closed","template":"","meta":{"ngg_post_thumbnail":0,"footnotes":""},"class_list":["post-73","page","type-page","status-publish"],"_links":{"self":[{"href":"https:\/\/eksm.de\/blog\/seligenthal\/index.php?rest_route=\/wp\/v2\/pages\/73","targetHints":{"allow":["GET"]}}],"collection":[{"href":"https:\/\/eksm.de\/blog\/seligenthal\/index.php?rest_route=\/wp\/v2\/pages"}],"about":[{"href":"https:\/\/eksm.de\/blog\/seligenthal\/index.php?rest_route=\/wp\/v2\/types\/page"}],"author":[{"embeddable":true,"href":"https:\/\/eksm.de\/blog\/seligenthal\/index.php?rest_route=\/wp\/v2\/users\/1"}],"replies":[{"embeddable":true,"href":"https:\/\/eksm.de\/blog\/seligenthal\/index.php?rest_route=%2Fwp%2Fv2%2Fcomments&post=73"}],"version-history":[{"count":8,"href":"https:\/\/eksm.de\/blog\/seligenthal\/index.php?rest_route=\/wp\/v2\/pages\/73\/revisions"}],"predecessor-version":[{"id":4631,"href":"https:\/\/eksm.de\/blog\/seligenthal\/index.php?rest_route=\/wp\/v2\/pages\/73\/revisions\/4631"}],"up":[{"embeddable":true,"href":"https:\/\/eksm.de\/blog\/seligenthal\/index.php?rest_route=\/wp\/v2\/pages\/67"}],"wp:attachment":[{"href":"https:\/\/eksm.de\/blog\/seligenthal\/index.php?rest_route=%2Fwp%2Fv2%2Fmedia&parent=73"}],"curies":[{"name":"wp","href":"https:\/\/api.w.org\/{rel}","templated":true}]}}

<p>Haben Sie Fragen zur Bibel, zur Kirche oder zum Glauben?<br />
Suchen Sie Hilfe und möchten gerne mit jemand darüber reden?</p>
<p>Selbstverständlich steht Ihnen&nbsp;der für Sie zuständige&nbsp;Gemeindepfarrer&nbsp;bei seelsorgerlichen Anliegen zur Verfügung. Das&nbsp; Besprochene unterliegt dem Beichtgeheimnis.</p>
<p>Sie können ins Pfarrhaus kommen oder einen Termin bei Ihnen zuhause vereinbaren.<br />
Es ist in jedem Fall sinnvoll vorher im Pfarramt anzurufen, damit Sie den Pfarrer auch antreffen.</p>
<p>Sie können sich auch an unsere Kirchenvorsteher wenden. Auch sie lassen sich gern ansprechen.<br />
Da wir als Pfarrer nicht nur in unserer Gemeinde tätig sind und viele Dinge gemeinsam tun, können Sie sich auch direkt an Pfarrerin Heinlein in Floh oder an Pfarrer Becker wenden. Auch unseren Dekan Ralf Gebauer können Sie anrufen und einen Termin vereinbaren.</p>
<p>Bei einem Hausbesuch ist die Situation manchmal nicht zu einem ausführlichen Gespräch geeignet.<br />
Wenn Sie den Weg zur Kirche oder zum Pfarramt nicht gehen möchten oder können, können Sie sich auch online an den jeweiligen Pfarrer wenden. Dann können Sie uns schreiben.<br />
Wir bemühen uns, Ihnen bald zu antworten.<br />
Dabei können Sie sicher sein: Ihre E-Mail wird vertraulich behandelt.<br />
Allerdings können wir für den Übertragungsweg Ihrer Mails durch das Internet keine Vertraulichkeitsgarantie geben.</p>
<p><a href="mailto:Anton.Becker@ekkw.de" target="_blank" rel="noopener noreferrer">Mail an <strong>Pfarrer Becker</strong></a> oder <strong><a href="mailto:Linda.Heinlein@ekkw.de" target="_blank" rel="noopener noreferrer">Pfarrerin Heinlein</a> </strong><!--Ende--></p>
<p>Ihre Pfarrer Anton Becker (Seligenthal) und Linda Heinlein (Floh)</p>

<div class="mh-excerpt"><p>Haben Sie Fragen zur Bibel, zur Kirche oder zum Glauben? Suchen Sie Hilfe und möchten gerne mit jemand darüber reden? Selbstverständlich steht Ihnen&nbsp;der für Sie zuständige&nbsp;Gemeindepfarrer&nbsp;bei seelsorgerlichen Anliegen zur Verfügung. Das&nbsp; Besprochene unterliegt dem Beichtgeheimnis. <a class="mh-excerpt-more" href="https://eksm.de/blog/seligenthal/?page_id=73" title="Ratgeber Seelsorge">[mehr&#8230;]</a></p>
</div>
