{"id":78,"date":"2010-03-24T17:39:06","date_gmt":"2010-03-24T16:39:06","guid":{"rendered":"http:\/\/eksm.de\/blog\/seligenthal\/?page_id=78"},"modified":"2024-09-13T12:47:22","modified_gmt":"2024-09-13T10:47:22","slug":"wegweiser-seligenthal","status":"publish","type":"page","link":"https:\/\/eksm.de\/blog\/seligenthal\/?page_id=78","title":{"rendered":"Wegweiser Seligenthal"},"content":{"rendered":"<table border=\"3\" width=\"663\" cellspacing=\"0\" cellpadding=\"2\">\n<tbody>\n<tr>\n<td valign=\"top\" width=\"221\">\n<p align=\"center\"><a title=\"Karte\" href=\"https:\/\/mapsengine.google.com\/map\/edit?mid=z-vHeYHDYbBk.kPyco46RU7jQ\" target=\"_blank\" rel=\"noopener noreferrer\"><img loading=\"lazy\" decoding=\"async\" style=\"background-image: none; float: none; padding-top: 0px; padding-left: 0px; margin-left: auto; display: block; padding-right: 0px; margin-right: auto; border-width: 0px;\" title=\"image\" src=\"http:\/\/eksm.de\/blog\/seligenthal\/wp-content\/uploads\/2014\/03\/image1.png\" alt=\"image\" width=\"137\" height=\"160\" border=\"0\"><\/a>Karte Gesamtverband<\/p>\n<p align=\"center\">Zur Routenberechnung klicken Sie bitte auf die Bilder bzw. den Link:&nbsp;<\/p>\n<p align=\"left\"><a title=\"Karte\" href=\"https:\/\/www.google.de\/maps\/ms?hl=de&amp;authuser=0&amp;msid=0000001bea02d6ee0004f3b8fc7c69bc6d92a&amp;msa=0&amp;ei=PdwUU8XpIo7Xsgb34oC4CQ&amp;ved=0CAIQlDQoAA&amp;dg=feature\" target=\"_blank\" rel=\"noopener noreferrer\"><img loading=\"lazy\" decoding=\"async\" style=\"background-image: none; float: none; padding-top: 0px; padding-left: 0px; margin-left: auto; display: block; padding-right: 0px; margin-right: auto; border-width: 0px;\" title=\"Kirche Seligenthal\" src=\"http:\/\/eksm.de\/blog\/seligenthal\/wp-content\/uploads\/2014\/03\/kirche-seligenthal-2011-klein4.jpg\" alt=\"Karte\" width=\"189\" height=\"244\" border=\"0\"><\/a><\/p>\n<p align=\"left\"><strong>Kirche zu Seligenthal<\/strong><br \/>\nStahlbergstra\u00dfe 11<\/p>\n<p align=\"left\">von Ostern bis Ewigkeitssonntag<br \/>\nvon 9-18 Uhr ge\u00f6ffnet<br \/>\n(ansonsten wegen Besichtigung im Pfarramt anrufen.)<\/p>\n<p align=\"left\"><a title=\"Karte\" href=\"https:\/\/mapsengine.google.com\/map\/edit?mid=z-vHeYHDYbBk.kpzxroRzP9ho\" target=\"_blank\" rel=\"noopener noreferrer\"><img loading=\"lazy\" decoding=\"async\" style=\"background-image: none; float: none; padding-top: 0px; padding-left: 0px; margin-left: auto; display: block; padding-right: 0px; margin-right: auto; border: 0px;\" title=\"Evangelisches Gemeindehaus\" src=\"http:\/\/eksm.de\/blog\/seligenthal\/wp-content\/uploads\/2014\/03\/masthead7.jpg\" alt=\"Karte\" width=\"214\" height=\"92\" border=\"0\"><\/a><strong>Evangelisches Gemeindehaus<br \/>\n<\/strong>Schulsch\u00f6pfe 5<\/p>\n<p>Gemeindeb\u00fcro:<br \/>\n03683 607349<\/p>\n<p align=\"left\"><strong><span style=\"color: #000000;\"><a href=\"http:\/\/www.google.de\/maps\/ms?vps=2&amp;hl=de&amp;ie=UTF8&amp;oe=UTF8&amp;msa=0&amp;msid=212785262405135063824.0004f3b924415a4333a8a\" target=\"_blank\" rel=\"noopener noreferrer\">Ev. Kirchsaal Hohleborn<\/a><\/span><\/strong><br \/>\nHeubergstra\u00dfe 37<\/p>\n<p align=\"left\">&nbsp;<\/p>\n<\/td>\n<td style=\"text-align: left;\" valign=\"top\" width=\"436\"><span style=\"font-size: medium;\">Bei Fragen oder Amtshandlungen wenden Sie sich bitte an: <\/span>&nbsp;&nbsp;<span style=\"font-size: medium;\"><span style=\"text-decoration: underline;\"><span style=\"color: #000000;\"><strong>das Pfarramt Seligenthal<\/strong><br \/>\n<\/span><\/span>(Kreisjugendpfarramt):<br \/>\nPfarrer Anton Becker<br \/>\nc.\/o. Tambacher Str. 27<br \/>\n98593 Floh-Seligenthal<\/span><\/p>\n<p><span style=\"font-size: medium;\">Tel: 03683 608298<br \/>\nMobil: 016091385006<\/span><\/p>\n<p><span style=\"font-size: medium;\">(Bitte haben sie Verst\u00e4ndnis, dass Sie manchmal erst kurze Zeit sp\u00e4ter zur\u00fcckgerufen werden k\u00f6nnen. Unser Gemeindeb\u00fcro ist nur wenige Stunden in der Woche besetzt. Wenn Sie einen Text auf den Anrufbeantworter sprechen, rufen wir so bald als m\u00f6glich zur\u00fcck.)<\/span><\/p>\n<p><span style=\"font-size: medium;\"><a href=\"mailto:Pfarramt.Seligenthal@ekkw.de\" target=\"_blank\" rel=\"noopener noreferrer\"><span style=\"font-size: medium;\">Mail<\/span><\/a><\/span><\/p>\n<p><span style=\"text-decoration: underline;\"><span style=\"color: #000000;\"><span style=\"font-size: medium;\"><strong>Gemeindeb\u00fcro \/ Jugendmitarbeiterin:<\/strong><\/span><\/span><\/span><\/p>\n<p><span style=\"font-size: medium;\">Astrid Teichert<br \/>\nGothaer Str. 59<br \/>\n98593 Floh-Seligenthal \/ Seligenthal<\/span><\/p>\n<p><span style=\"font-size: medium;\">Tel:&nbsp;&nbsp;&nbsp;&nbsp; 03683 607349<br \/>\nprivat: 03683 605405<br \/>\nHandy: 015170513314<\/span><\/p>\n<p><a href=\"mailto:astrid@eksm.de\" target=\"_blank\" rel=\"noopener noreferrer\"><span style=\"font-size: medium;\">Mail<\/span><\/a><br \/>\n<span style=\"text-decoration: underline;\"><span style=\"font-size: medium;\"><span style=\"color: #000000;\"><strong>K\u00fcsterin:<\/strong><\/span><br \/>\nZur Zeit vakant<br \/>\n<\/span><\/span><\/p>\n<p>&nbsp;<\/td>\n<\/tr>\n<\/tbody>\n<\/table>\n","protected":false},"excerpt":{"rendered":"<div class=\"mh-excerpt\"><p>Karte Gesamtverband Zur Routenberechnung klicken Sie bitte auf die Bilder bzw. den Link:&nbsp; Kirche zu Seligenthal Stahlbergstra\u00dfe 11 von Ostern bis Ewigkeitssonntag von 9-18 Uhr ge\u00f6ffnet (ansonsten wegen Besichtigung im Pfarramt anrufen.) Evangelisches Gemeindehaus Schulsch\u00f6pfe <a class=\"mh-excerpt-more\" href=\"https:\/\/eksm.de\/blog\/seligenthal\/?page_id=78\" title=\"Wegweiser Seligenthal\">[mehr&#8230;]<\/a><\/p>\n<\/div>","protected":false},"author":1,"featured_media":0,"parent":1087,"menu_order":0,"comment_status":"open","ping_status":"open","template":"","meta":{"ngg_post_thumbnail":0,"footnotes":""},"class_list":["post-78","page","type-page","status-publish"],"_links":{"self":[{"href":"https:\/\/eksm.de\/blog\/seligenthal\/index.php?rest_route=\/wp\/v2\/pages\/78","targetHints":{"allow":["GET"]}}],"collection":[{"href":"https:\/\/eksm.de\/blog\/seligenthal\/index.php?rest_route=\/wp\/v2\/pages"}],"about":[{"href":"https:\/\/eksm.de\/blog\/seligenthal\/index.php?rest_route=\/wp\/v2\/types\/page"}],"author":[{"embeddable":true,"href":"https:\/\/eksm.de\/blog\/seligenthal\/index.php?rest_route=\/wp\/v2\/users\/1"}],"replies":[{"embeddable":true,"href":"https:\/\/eksm.de\/blog\/seligenthal\/index.php?rest_route=%2Fwp%2Fv2%2Fcomments&post=78"}],"version-history":[{"count":35,"href":"https:\/\/eksm.de\/blog\/seligenthal\/index.php?rest_route=\/wp\/v2\/pages\/78\/revisions"}],"predecessor-version":[{"id":5130,"href":"https:\/\/eksm.de\/blog\/seligenthal\/index.php?rest_route=\/wp\/v2\/pages\/78\/revisions\/5130"}],"up":[{"embeddable":true,"href":"https:\/\/eksm.de\/blog\/seligenthal\/index.php?rest_route=\/wp\/v2\/pages\/1087"}],"wp:attachment":[{"href":"https:\/\/eksm.de\/blog\/seligenthal\/index.php?rest_route=%2Fwp%2Fv2%2Fmedia&parent=78"}],"curies":[{"name":"wp","href":"https:\/\/api.w.org\/{rel}","templated":true}]}}

<table border="3" width="663" cellspacing="0" cellpadding="2">
<tbody>
<tr>
<td valign="top" width="221">
<p align="center"><a title="Karte" href="https://mapsengine.google.com/map/edit?mid=z-vHeYHDYbBk.kPyco46RU7jQ" target="_blank" rel="noopener noreferrer"><img loading="lazy" decoding="async" style="background-image: none; float: none; padding-top: 0px; padding-left: 0px; margin-left: auto; display: block; padding-right: 0px; margin-right: auto; border-width: 0px;" title="image" src="http://eksm.de/blog/seligenthal/wp-content/uploads/2014/03/image1.png" alt="image" width="137" height="160" border="0"></a>Karte Gesamtverband</p>
<p align="center">Zur Routenberechnung klicken Sie bitte auf die Bilder bzw. den Link:&nbsp;</p>
<p align="left"><a title="Karte" href="https://www.google.de/maps/ms?hl=de&amp;authuser=0&amp;msid=0000001bea02d6ee0004f3b8fc7c69bc6d92a&amp;msa=0&amp;ei=PdwUU8XpIo7Xsgb34oC4CQ&amp;ved=0CAIQlDQoAA&amp;dg=feature" target="_blank" rel="noopener noreferrer"><img loading="lazy" decoding="async" style="background-image: none; float: none; padding-top: 0px; padding-left: 0px; margin-left: auto; display: block; padding-right: 0px; margin-right: auto; border-width: 0px;" title="Kirche Seligenthal" src="http://eksm.de/blog/seligenthal/wp-content/uploads/2014/03/kirche-seligenthal-2011-klein4.jpg" alt="Karte" width="189" height="244" border="0"></a></p>
<p align="left"><strong>Kirche zu Seligenthal</strong><br />
Stahlbergstraße 11</p>
<p align="left">von Ostern bis Ewigkeitssonntag<br />
von 9-18 Uhr geöffnet<br />
(ansonsten wegen Besichtigung im Pfarramt anrufen.)</p>
<p align="left"><a title="Karte" href="https://mapsengine.google.com/map/edit?mid=z-vHeYHDYbBk.kpzxroRzP9ho" target="_blank" rel="noopener noreferrer"><img loading="lazy" decoding="async" style="background-image: none; float: none; padding-top: 0px; padding-left: 0px; margin-left: auto; display: block; padding-right: 0px; margin-right: auto; border: 0px;" title="Evangelisches Gemeindehaus" src="http://eksm.de/blog/seligenthal/wp-content/uploads/2014/03/masthead7.jpg" alt="Karte" width="214" height="92" border="0"></a><strong>Evangelisches Gemeindehaus<br />
</strong>Schulschöpfe 5</p>
<p>Gemeindebüro:<br />
03683 607349</p>
<p align="left"><strong><span style="color: #000000;"><a href="http://www.google.de/maps/ms?vps=2&amp;hl=de&amp;ie=UTF8&amp;oe=UTF8&amp;msa=0&amp;msid=212785262405135063824.0004f3b924415a4333a8a" target="_blank" rel="noopener noreferrer">Ev. Kirchsaal Hohleborn</a></span></strong><br />
Heubergstraße 37</p>
<p align="left">&nbsp;</p>
</td>
<td style="text-align: left;" valign="top" width="436"><span style="font-size: medium;">Bei Fragen oder Amtshandlungen wenden Sie sich bitte an: </span>&nbsp;&nbsp;<span style="font-size: medium;"><span style="text-decoration: underline;"><span style="color: #000000;"><strong>das Pfarramt Seligenthal</strong><br />
</span></span>(Kreisjugendpfarramt):<br />
Pfarrer Anton Becker<br />
c./o. Tambacher Str. 27<br />
98593 Floh-Seligenthal</span></p>
<p><span style="font-size: medium;">Tel: 03683 608298<br />
Mobil: 016091385006</span></p>
<p><span style="font-size: medium;">(Bitte haben sie Verständnis, dass Sie manchmal erst kurze Zeit später zurückgerufen werden können. Unser Gemeindebüro ist nur wenige Stunden in der Woche besetzt. Wenn Sie einen Text auf den Anrufbeantworter sprechen, rufen wir so bald als möglich zurück.)</span></p>
<p><span style="font-size: medium;"><a href="mailto:Pfarramt.Seligenthal@ekkw.de" target="_blank" rel="noopener noreferrer"><span style="font-size: medium;">Mail</span></a></span></p>
<p><span style="text-decoration: underline;"><span style="color: #000000;"><span style="font-size: medium;"><strong>Gemeindebüro / Jugendmitarbeiterin:</strong></span></span></span></p>
<p><span style="font-size: medium;">Astrid Teichert<br />
Gothaer Str. 59<br />
98593 Floh-Seligenthal / Seligenthal</span></p>
<p><span style="font-size: medium;">Tel:&nbsp;&nbsp;&nbsp;&nbsp; 03683 607349<br />
privat: 03683 605405<br />
Handy: 015170513314</span></p>
<p><a href="mailto:astrid@eksm.de" target="_blank" rel="noopener noreferrer"><span style="font-size: medium;">Mail</span></a><br />
<span style="text-decoration: underline;"><span style="font-size: medium;"><span style="color: #000000;"><strong>Küsterin:</strong></span><br />
Zur Zeit vakant<br />
</span></span></p>
<p>&nbsp;</td>
</tr>
</tbody>
</table>

<div class="mh-excerpt"><p>Karte Gesamtverband Zur Routenberechnung klicken Sie bitte auf die Bilder bzw. den Link:&nbsp; Kirche zu Seligenthal Stahlbergstraße 11 von Ostern bis Ewigkeitssonntag von 9-18 Uhr geöffnet (ansonsten wegen Besichtigung im Pfarramt anrufen.) Evangelisches Gemeindehaus Schulschöpfe <a class="mh-excerpt-more" href="https://eksm.de/blog/seligenthal/?page_id=78" title="Wegweiser Seligenthal">[mehr&#8230;]</a></p>
</div>
